{"id":9905,"date":"2014-05-06T16:07:29","date_gmt":"2014-05-06T19:07:29","guid":{"rendered":"http:\/\/www.riogrande.rs.gov.br\/smed\/?page_id=9905"},"modified":"2014-05-20T15:53:50","modified_gmt":"2014-05-20T18:53:50","slug":"oficinas-maio-de-2014","status":"publish","type":"page","link":"https:\/\/www.riogrande.rs.gov.br\/smed\/?page_id=9905","title":{"rendered":"Oficinas Maio 2014"},"content":{"rendered":"<h1>Educa\u00e7\u00e3o Infantil: Curta, dialogue e compartilhe<\/h1>\n<p style=\"text-align: justify;\">A Secretaria de Munic\u00edpio da Educa\u00e7\u00e3o de Rio Grande (SMEd), atrav\u00e9s do N\u00facleo de Educa\u00e7\u00e3o Infantil, promove, no dia 31 de maio, o <strong>2\u00ba Ciclo de Oficinas Te\u00f3rico-pr\u00e1ticas para Forma\u00e7\u00e3o dos Professores da Educa\u00e7\u00e3o Infantil das escolas da rede p\u00fablica municipal de ensino.<\/strong><\/p>\n<p style=\"text-align: justify;\">O professor dever\u00e1 escolher <strong>uma<\/strong> das oficinas e preencher o formul\u00e1rio correspondente, atrav\u00e9s dos <em>links<\/em> abaixo. Ap\u00f3s realizar sua inscri\u00e7\u00e3o, o professor dever\u00e1 <strong>aguardar a confirma\u00e7\u00e3o<\/strong>\u00a0por\u00a0e-mail, pois cada oficina disponibilizar\u00e1 somente <strong>50 vagas<\/strong>.<\/p>\n<p style=\"text-align: justify;\"><strong>Importante<\/strong>: favor preencher o formul\u00e1rio com o seu <strong>e-mail pessoal<\/strong>, pois ser\u00e1 atrav\u00e9s deste que confirmaremos sua inscri\u00e7\u00e3o.<\/p>\n<p style=\"text-align: justify;\">No dia 31 de maio, ser\u00e3o oferecidas, concomitantemente, <strong>4 oficinas<\/strong>, as quais acontecer\u00e3o nas escolas da rede municipal.<\/p>\n<p style=\"text-align: justify;\"><strong>In\u00edcio das inscri\u00e7\u00f5es: 25 de maio, \u00e0s 14h<\/strong><br \/>\n<strong> Encerramento das inscri\u00e7\u00f5es: 29 de maio, \u00e0s 18h<\/strong><\/p>\n<h1>Oficina 1<\/h1>\n<p><strong>A hora do conto: Onde? Quando? Por qu\u00ea?<\/strong><br \/>\nLocal: EMEI Quer\u00eancia<br \/>\nEnd: Rua do Hotel, 25, Bairro Quer\u00eancia, Cassino.<br \/>\nDia: 31\/05\/2014, \u00e0s 9h (Por solicita\u00e7\u00e3o da oficineira come\u00e7ar\u00e1 neste hor\u00e1rio)<br \/>\nInscreva-se <a href=\"https:\/\/docs.google.com\/forms\/d\/1i9IzpdU4OVvxXD3vQrHcQBzm-wkemPiZvzTipN7txaM\/viewform?embedded=true\" target=\"_blank\"><strong>aqui<\/strong><\/a><\/p>\n<h1>Oficina 2<\/h1>\n<p><strong>Educa\u00e7\u00e3o Infantil e Educa\u00e7\u00e3o Ambiental: Um di\u00e1logo sobre viv\u00eancias e possibilidades<\/strong><br \/>\nLocal: EMEF Sant\u2019Ana<br \/>\nEnd: Rua Col\u00f4mbia, 586, Bairro Jun\u00e7\u00e3o.<br \/>\nDia: 31\/05\/2014, \u00e0s 8h30<br \/>\nInscreva-se <a href=\"https:\/\/docs.google.com\/forms\/d\/1ajkdOpr0on5lCnrXCESL9yXaO51SIYGOGPjkMXMqGvQ\/viewform?embedded=true\" target=\"_blank\"><strong>aqui<\/strong><\/a><\/p>\n<h1>Oficina 3<\/h1>\n<p><strong>Promovendo o despertar da criatividade e autoestima atrav\u00e9s da ARTE<\/strong><br \/>\nLocal: EMEI Lyons Club<br \/>\nEnd: Rua Jo\u00e3o Llopart, s\/n, Bairro Santa Rosa.<br \/>\nDia: 31\/05\/2014, \u00e0s 8h30<br \/>\nInscreva-se <a href=\"https:\/\/docs.google.com\/forms\/d\/1fDuFOdLXi8rFC6Pd4y0HLenIqHA2ver6Yqv51-pOOyc\/viewform?embedded=true\" target=\"_blank\"><strong>aqui<\/strong><\/a><\/p>\n<h1>Oficina 4<\/h1>\n<p><strong>Contando hist\u00f3rias Afro e ind\u00edgenas, nutrindo o imagin\u00e1rio e (re)construindo significados<\/strong><br \/>\nLocal: EMEF Zelly Pereira Esmeraldo<br \/>\nEnd: Rua Dante Dapuzzo, s\/n, Bairro Cidade de \u00c1gueda.<br \/>\nDia: 31\/05\/2014, \u00e0s 8h30<\/p>\n<p>Sugest\u00e3o de materiais necess\u00e1rios para essa oficina:<br \/>\nPerucas, roupas antigas, chap\u00e9us, maquiagem, bijuterias e fantoches.<br \/>\nInscreva-se <a href=\"https:\/\/docs.google.com\/forms\/d\/16lIaLomQKXya-aN3TjCppCqVK3p987jC0Ej8IGIIQOQ\/viewform?embedded=true\" target=\"_blank\"><strong>aqui<\/strong><\/a><\/p>\n","protected":false},"excerpt":{"rendered":"<p>Educa\u00e7\u00e3o Infantil: Curta, dialogue e compartilhe A Secretaria de Munic\u00edpio da Educa\u00e7\u00e3o de Rio Grande (SMEd), atrav\u00e9s do N\u00facleo de Educa\u00e7\u00e3o Infantil, promove, no dia 31 de maio, o 2\u00ba Ciclo de Oficinas Te\u00f3rico-pr\u00e1ticas para Forma\u00e7\u00e3o dos Professores da Educa\u00e7\u00e3o Infantil das escolas da rede p\u00fablica municipal de ensino. O professor dever\u00e1 escolher uma das [&hellip;]<\/p>\n","protected":false},"author":7,"featured_media":0,"parent":445,"menu_order":2,"comment_status":"closed","ping_status":"open","template":"","meta":{"footnotes":""},"class_list":["post-9905","page","type-page","status-publish","hentry"],"_links":{"self":[{"href":"https:\/\/www.riogrande.rs.gov.br\/smed\/index.php?rest_route=\/wp\/v2\/pages\/9905"}],"collection":[{"href":"https:\/\/www.riogrande.rs.gov.br\/smed\/index.php?rest_route=\/wp\/v2\/pages"}],"about":[{"href":"https:\/\/www.riogrande.rs.gov.br\/smed\/index.php?rest_route=\/wp\/v2\/types\/page"}],"author":[{"embeddable":true,"href":"https:\/\/www.riogrande.rs.gov.br\/smed\/index.php?rest_route=\/wp\/v2\/users\/7"}],"replies":[{"embeddable":true,"href":"https:\/\/www.riogrande.rs.gov.br\/smed\/index.php?rest_route=%2Fwp%2Fv2%2Fcomments&post=9905"}],"version-history":[{"count":5,"href":"https:\/\/www.riogrande.rs.gov.br\/smed\/index.php?rest_route=\/wp\/v2\/pages\/9905\/revisions"}],"predecessor-version":[{"id":10047,"href":"https:\/\/www.riogrande.rs.gov.br\/smed\/index.php?rest_route=\/wp\/v2\/pages\/9905\/revisions\/10047"}],"up":[{"embeddable":true,"href":"https:\/\/www.riogrande.rs.gov.br\/smed\/index.php?rest_route=\/wp\/v2\/pages\/445"}],"wp:attachment":[{"href":"https:\/\/www.riogrande.rs.gov.br\/smed\/index.php?rest_route=%2Fwp%2Fv2%2Fmedia&parent=9905"}],"curies":[{"name":"wp","href":"https:\/\/api.w.org\/{rel}","templated":true}]}}