{"id":46276,"date":"2025-02-26T14:04:22","date_gmt":"2025-02-26T17:04:22","guid":{"rendered":"https:\/\/www.riogrande.rs.gov.br\/smed\/?page_id=46276"},"modified":"2025-05-05T15:55:35","modified_gmt":"2025-05-05T18:55:35","slug":"recursos-educacionais","status":"publish","type":"page","link":"https:\/\/www.riogrande.rs.gov.br\/smed\/?page_id=46276","title":{"rendered":"Recursos Educacionais"},"content":{"rendered":"<p><a href=\"https:\/\/www.riogrande.rs.gov.br\/smed\/wp-content\/uploads\/2025\/03\/REDs-1-scaled.jpg\" rel=\"lightbox[46276]\"><img loading=\"lazy\" decoding=\"async\" class=\"aligncenter size-medium wp-image-46310\" src=\"https:\/\/www.riogrande.rs.gov.br\/smed\/wp-content\/uploads\/2025\/03\/REDs-1-485x346.jpg\" alt=\"\" width=\"485\" height=\"346\" srcset=\"https:\/\/www.riogrande.rs.gov.br\/smed\/wp-content\/uploads\/2025\/03\/REDs-1-485x346.jpg 485w, https:\/\/www.riogrande.rs.gov.br\/smed\/wp-content\/uploads\/2025\/03\/REDs-1-768x548.jpg 768w, https:\/\/www.riogrande.rs.gov.br\/smed\/wp-content\/uploads\/2025\/03\/REDs-1-1536x1096.jpg 1536w, https:\/\/www.riogrande.rs.gov.br\/smed\/wp-content\/uploads\/2025\/03\/REDs-1-2048x1461.jpg 2048w, https:\/\/www.riogrande.rs.gov.br\/smed\/wp-content\/uploads\/2025\/03\/REDs-1-624x445.jpg 624w\" sizes=\"(max-width: 485px) 100vw, 485px\" \/><\/a><\/p>\n<p>Recursos Educacionais Digitais<\/p>\n<p>Os Recursos Educacionais Digitais (REDs) s\u00e3o materiais de ensino e aprendizagem disponibilizados em formato digital, utilizados para apoiar e enriquecer o processo educacional. Eles podem ser acessados por meio de computadores, tablets, celulares e outros dispositivos eletr\u00f4nicos, facilitando a intera\u00e7\u00e3o das comunidades escolares com o conhecimento.<\/p>\n<p>Durante o ano de 2025, o N\u00facleo de Educa\u00e7\u00e3o Ambiental e Patrimonial, em parceria com os demais n\u00facleos que comp\u00f5em o setor pedag\u00f3gico da SMEd, lan\u00e7ar\u00e1 REDs para convidar as escolas a pensar sobre nosso patrim\u00f4nio ambiental, material e imaterial, e tamb\u00e9m datas importantes do calend\u00e1rio escolar.<\/p>\n<p>O primeiro recurso disponibilizado chama-se &#8220;Caminhos do Carnaval&#8221;, e conta atrav\u00e9s deimagens e relatos, a hist\u00f3ria dessa festa em nossa cidade.<\/p>\n<p>Justificativa: Os REDs s\u00e3o materiais capazes de colaborar no trabalho do professor(a), encurtando a busca por informa\u00e7\u00f5es sobre temas espec\u00edficos que neles j\u00e1 est\u00e3o\u00a0 constru\u00eddos dentro de uma perspectiva did\u00e1tica, pronta para a sala de aula. Permite, ainda assim, a total autonomia e refinamento do professor sobre eles, j\u00e1 que n\u00e3o engessa sugest\u00e3o de atividade, nem foca em etapa espec\u00edfica, sendo adequados portanto a todas as etapas e modalidades escolares. S\u00e3o textos escritos e revisados pelas assessorias do Setor Pedag\u00f3gico,\u00a0 e imagens devidamente referenciadas e liberadas. Al\u00e9m disso os materiais indicam c\u00f3digos e n\u00fameros de documentos oficiais, como as\u00a0 habilidades do DOCTR,\u00a0 legisla\u00e7\u00e3o, ODS, etc, pertinentes aos temas apresentados. Dessa forma os REDs se configuram em ferramentas educacionais de grande valor e praticidade no \u00e2mbito do planejamento e pr\u00e1tica do professor(a).<\/p>\n<p style=\"text-align: center;\">Clique na imagem para acessar o referido conte\u00fado<\/p>\n<p><a href=\"https:\/\/www.riogrande.rs.gov.br\/smed\/wp-content\/uploads\/2025\/02\/caminhos-do-carnaval.pdf\"><img loading=\"lazy\" decoding=\"async\" class=\"wp-image-46277 alignleft\" src=\"https:\/\/www.riogrande.rs.gov.br\/smed\/wp-content\/uploads\/2025\/02\/WhatsApp-Image-2025-02-26-at-13.59.55-485x686.jpeg\" alt=\"\" width=\"170\" height=\"241\" srcset=\"https:\/\/www.riogrande.rs.gov.br\/smed\/wp-content\/uploads\/2025\/02\/WhatsApp-Image-2025-02-26-at-13.59.55-485x686.jpeg 485w, https:\/\/www.riogrande.rs.gov.br\/smed\/wp-content\/uploads\/2025\/02\/WhatsApp-Image-2025-02-26-at-13.59.55-768x1086.jpeg 768w, https:\/\/www.riogrande.rs.gov.br\/smed\/wp-content\/uploads\/2025\/02\/WhatsApp-Image-2025-02-26-at-13.59.55-1086x1536.jpeg 1086w, https:\/\/www.riogrande.rs.gov.br\/smed\/wp-content\/uploads\/2025\/02\/WhatsApp-Image-2025-02-26-at-13.59.55-624x883.jpeg 624w, https:\/\/www.riogrande.rs.gov.br\/smed\/wp-content\/uploads\/2025\/02\/WhatsApp-Image-2025-02-26-at-13.59.55.jpeg 1131w\" sizes=\"(max-width: 170px) 100vw, 170px\" \/><\/a><a href=\"https:\/\/drive.google.com\/file\/d\/17VJpvqidg2vQJG5ZT2mF2RujSDyXnE3Q\/view?usp=drivesdk\"><img loading=\"lazy\" decoding=\"async\" class=\"wp-image-46320 alignnone\" src=\"https:\/\/www.riogrande.rs.gov.br\/smed\/wp-content\/uploads\/2025\/03\/WhatsApp-Image-2025-03-07-at-12.36.40-485x684.jpeg\" alt=\"\" width=\"179\" height=\"253\" srcset=\"https:\/\/www.riogrande.rs.gov.br\/smed\/wp-content\/uploads\/2025\/03\/WhatsApp-Image-2025-03-07-at-12.36.40-485x684.jpeg 485w, https:\/\/www.riogrande.rs.gov.br\/smed\/wp-content\/uploads\/2025\/03\/WhatsApp-Image-2025-03-07-at-12.36.40-768x1084.jpeg 768w, https:\/\/www.riogrande.rs.gov.br\/smed\/wp-content\/uploads\/2025\/03\/WhatsApp-Image-2025-03-07-at-12.36.40-1089x1536.jpeg 1089w, https:\/\/www.riogrande.rs.gov.br\/smed\/wp-content\/uploads\/2025\/03\/WhatsApp-Image-2025-03-07-at-12.36.40-624x880.jpeg 624w, https:\/\/www.riogrande.rs.gov.br\/smed\/wp-content\/uploads\/2025\/03\/WhatsApp-Image-2025-03-07-at-12.36.40.jpeg 1134w\" sizes=\"(max-width: 179px) 100vw, 179px\" \/><\/a><a href=\"https:\/\/drive.google.com\/file\/d\/12IlwSkxxg5h4awS949N1uUwfKAzt4TYn\/view?usp=sharing\"><img loading=\"lazy\" decoding=\"async\" class=\"wp-image-46456 alignleft\" src=\"https:\/\/www.riogrande.rs.gov.br\/smed\/wp-content\/uploads\/2025\/04\/1-485x606.jpg\" alt=\"\" width=\"193\" height=\"241\" srcset=\"https:\/\/www.riogrande.rs.gov.br\/smed\/wp-content\/uploads\/2025\/04\/1-485x606.jpg 485w, https:\/\/www.riogrande.rs.gov.br\/smed\/wp-content\/uploads\/2025\/04\/1-768x960.jpg 768w, https:\/\/www.riogrande.rs.gov.br\/smed\/wp-content\/uploads\/2025\/04\/1-1229x1536.jpg 1229w, https:\/\/www.riogrande.rs.gov.br\/smed\/wp-content\/uploads\/2025\/04\/1-1638x2048.jpg 1638w, https:\/\/www.riogrande.rs.gov.br\/smed\/wp-content\/uploads\/2025\/04\/1-624x780.jpg 624w, https:\/\/www.riogrande.rs.gov.br\/smed\/wp-content\/uploads\/2025\/04\/1-scaled.jpg 2048w\" sizes=\"(max-width: 193px) 100vw, 193px\" \/><\/a><a href=\"https:\/\/drive.google.com\/file\/d\/176UUx2A9nQRmf1aUXqmIFziW_2JN_nez\/view?usp=drive_link\"><img loading=\"lazy\" decoding=\"async\" class=\"wp-image-46454 alignleft\" src=\"https:\/\/www.riogrande.rs.gov.br\/smed\/wp-content\/uploads\/2025\/04\/RECORTES-E-ENCANTOS-485x686.png\" alt=\"\" width=\"168\" height=\"237\" srcset=\"https:\/\/www.riogrande.rs.gov.br\/smed\/wp-content\/uploads\/2025\/04\/RECORTES-E-ENCANTOS-485x686.png 485w, https:\/\/www.riogrande.rs.gov.br\/smed\/wp-content\/uploads\/2025\/04\/RECORTES-E-ENCANTOS-768x1086.png 768w, https:\/\/www.riogrande.rs.gov.br\/smed\/wp-content\/uploads\/2025\/04\/RECORTES-E-ENCANTOS-1086x1536.png 1086w, https:\/\/www.riogrande.rs.gov.br\/smed\/wp-content\/uploads\/2025\/04\/RECORTES-E-ENCANTOS-624x883.png 624w, https:\/\/www.riogrande.rs.gov.br\/smed\/wp-content\/uploads\/2025\/04\/RECORTES-E-ENCANTOS.png 1414w\" sizes=\"(max-width: 168px) 100vw, 168px\" \/><\/a><\/p>\n<p>&nbsp;<\/p>\n<p>&nbsp;<\/p>\n<p>&nbsp;<\/p>\n<p>&nbsp;<\/p>\n<p>&nbsp;<\/p>\n<p>&nbsp;<\/p>\n<p>N\u00daCLEO DE RELA\u00c7\u00d5ES \u00c9TNICO RACIAIS<\/p>\n<p><a href=\"https:\/\/drive.google.com\/file\/d\/1FixGERX1Dqfuhn86fnJVoUy4z1Wh8bXI\/view\"><img loading=\"lazy\" decoding=\"async\" class=\"wp-image-46474 alignnone\" src=\"https:\/\/www.riogrande.rs.gov.br\/smed\/wp-content\/uploads\/2025\/04\/WhatsApp-Image-2025-04-23-at-15.34.29-485x485.jpeg\" alt=\"\" width=\"259\" height=\"259\" srcset=\"https:\/\/www.riogrande.rs.gov.br\/smed\/wp-content\/uploads\/2025\/04\/WhatsApp-Image-2025-04-23-at-15.34.29-485x485.jpeg 485w, https:\/\/www.riogrande.rs.gov.br\/smed\/wp-content\/uploads\/2025\/04\/WhatsApp-Image-2025-04-23-at-15.34.29-150x150.jpeg 150w, https:\/\/www.riogrande.rs.gov.br\/smed\/wp-content\/uploads\/2025\/04\/WhatsApp-Image-2025-04-23-at-15.34.29-768x768.jpeg 768w, https:\/\/www.riogrande.rs.gov.br\/smed\/wp-content\/uploads\/2025\/04\/WhatsApp-Image-2025-04-23-at-15.34.29-624x624.jpeg 624w, https:\/\/www.riogrande.rs.gov.br\/smed\/wp-content\/uploads\/2025\/04\/WhatsApp-Image-2025-04-23-at-15.34.29.jpeg 1080w\" sizes=\"(max-width: 259px) 100vw, 259px\" \/><\/a><a href=\"https:\/\/drive.google.com\/file\/d\/1TsEtADHC4-v4Cnvy91CoNMc8YhrtFC7i\/view?usp=sharing\"><img loading=\"lazy\" decoding=\"async\" class=\"wp-image-46476 alignnone\" src=\"https:\/\/www.riogrande.rs.gov.br\/smed\/wp-content\/uploads\/2025\/04\/WhatsApp-Image-2025-04-24-at-16.33.11-485x606.jpeg\" alt=\"\" width=\"206\" height=\"258\" srcset=\"https:\/\/www.riogrande.rs.gov.br\/smed\/wp-content\/uploads\/2025\/04\/WhatsApp-Image-2025-04-24-at-16.33.11-485x606.jpeg 485w, https:\/\/www.riogrande.rs.gov.br\/smed\/wp-content\/uploads\/2025\/04\/WhatsApp-Image-2025-04-24-at-16.33.11-768x960.jpeg 768w, https:\/\/www.riogrande.rs.gov.br\/smed\/wp-content\/uploads\/2025\/04\/WhatsApp-Image-2025-04-24-at-16.33.11-624x780.jpeg 624w, https:\/\/www.riogrande.rs.gov.br\/smed\/wp-content\/uploads\/2025\/04\/WhatsApp-Image-2025-04-24-at-16.33.11.jpeg 1080w\" sizes=\"(max-width: 206px) 100vw, 206px\" \/><\/a><a href=\"https:\/\/www.riogrande.rs.gov.br\/smed\/wp-content\/uploads\/2025\/05\/cartazautodeclaracao.png\" rel=\"lightbox[46276]\"><img loading=\"lazy\" decoding=\"async\" class=\"wp-image-46499 alignleft\" src=\"https:\/\/www.riogrande.rs.gov.br\/smed\/wp-content\/uploads\/2025\/05\/cartazautodeclaracao.png\" alt=\"\" width=\"216\" height=\"281\" \/><\/a><\/p>\n<p><a href=\"https:\/\/www.riogrande.rs.gov.br\/smed\/wp-content\/uploads\/2025\/05\/NOSSA-HISTORIA.pdf\"><img loading=\"lazy\" decoding=\"async\" class=\"wp-image-46502 alignnone\" src=\"https:\/\/www.riogrande.rs.gov.br\/smed\/wp-content\/uploads\/2025\/05\/nossa-historia.png\" alt=\"\" width=\"220\" height=\"271\" \/><\/a><\/p>\n","protected":false},"excerpt":{"rendered":"<p>Recursos Educacionais Digitais Os Recursos Educacionais Digitais (REDs) s\u00e3o materiais de ensino e aprendizagem disponibilizados em formato digital, utilizados para apoiar e enriquecer o processo educacional. Eles podem ser acessados por meio de computadores, tablets, celulares e outros dispositivos eletr\u00f4nicos, facilitando a intera\u00e7\u00e3o das comunidades escolares com o conhecimento. Durante o ano de 2025, o [&hellip;]<\/p>\n","protected":false},"author":7,"featured_media":0,"parent":0,"menu_order":0,"comment_status":"closed","ping_status":"closed","template":"","meta":{"footnotes":""},"class_list":["post-46276","page","type-page","status-publish","hentry"],"_links":{"self":[{"href":"https:\/\/www.riogrande.rs.gov.br\/smed\/index.php?rest_route=\/wp\/v2\/pages\/46276"}],"collection":[{"href":"https:\/\/www.riogrande.rs.gov.br\/smed\/index.php?rest_route=\/wp\/v2\/pages"}],"about":[{"href":"https:\/\/www.riogrande.rs.gov.br\/smed\/index.php?rest_route=\/wp\/v2\/types\/page"}],"author":[{"embeddable":true,"href":"https:\/\/www.riogrande.rs.gov.br\/smed\/index.php?rest_route=\/wp\/v2\/users\/7"}],"replies":[{"embeddable":true,"href":"https:\/\/www.riogrande.rs.gov.br\/smed\/index.php?rest_route=%2Fwp%2Fv2%2Fcomments&post=46276"}],"version-history":[{"count":14,"href":"https:\/\/www.riogrande.rs.gov.br\/smed\/index.php?rest_route=\/wp\/v2\/pages\/46276\/revisions"}],"predecessor-version":[{"id":46503,"href":"https:\/\/www.riogrande.rs.gov.br\/smed\/index.php?rest_route=\/wp\/v2\/pages\/46276\/revisions\/46503"}],"wp:attachment":[{"href":"https:\/\/www.riogrande.rs.gov.br\/smed\/index.php?rest_route=%2Fwp%2Fv2%2Fmedia&parent=46276"}],"curies":[{"name":"wp","href":"https:\/\/api.w.org\/{rel}","templated":true}]}}