{"id":4368,"date":"2012-06-02T00:18:13","date_gmt":"2012-06-02T03:18:13","guid":{"rendered":"http:\/\/www.riogrande.rs.gov.br\/smec\/?page_id=4368"},"modified":"2013-08-22T15:52:37","modified_gmt":"2013-08-22T18:52:37","slug":"4368-2","status":"publish","type":"page","link":"https:\/\/www.riogrande.rs.gov.br\/smed\/?page_id=4368","title":{"rendered":"Jos\u00e9 Moreira da Silva"},"content":{"rendered":"<table>\n<tr>\n<td>\n<a href=\"http:\/\/www.riogrande.rs.gov.br\/smed\/wp-content\/uploads\/2012\/06\/ARL-07-jose_moreira_da_silva.jpg\" rel=\"lightbox[4368]\"><img loading=\"lazy\" decoding=\"async\" src=\"http:\/\/www.riogrande.rs.gov.br\/smed\/wp-content\/uploads\/2012\/06\/ARL-07-jose_moreira_da_silva-150x150.jpg\" alt=\"\" title=\"Jos\u00e9 Moreira da Silva\" width=\"150\" height=\"150\" class=\"alignleft size-thumbnail wp-image-4369\" \/><\/a>\n<\/td>\n<td>\n<p>\nJos\u00e9 Moreira da Silva<br \/>\nMembro Correspondente da Academia<br \/>\nResidente em Proto Alegre &#8211; RS<br \/>\n<a href=\"mailto:morenuria@yahoo.com.br\">morenuria@yahoo.com.br<\/a>\n<\/p>\n<\/td>\n<\/tr>\n<\/table>\n<hr>\n<pre>\r\nINCONST\u00c2NCIA\r\n\r\nS\u00e3o coisas do inconstante:\r\npromete ir mas n\u00e3o vai;\r\npromete vir mas n\u00e3o vem;\r\npromete fazer e n\u00e3o faz;\r\npromete estar mas, ausente;\r\nn\u00e3o faz, n\u00e3o vem e n\u00e3o vai\r\ne mil desculpas engendra\r\npara os que algo prometeu.\r\n\r\nE os constantes lhe dizem,\r\nno sil\u00eancio dos olhares,\r\no mirando fundo na alma:\r\n- Destruidor de esperan\u00e7as,\r\nj\u00e1 enganaste o mundo inteiro,\r\nvai lavrar noutro ro\u00e7ado,\r\nvai cantar noutro terreiro.\r\n<\/pre>\n","protected":false},"excerpt":{"rendered":"<p>Jos\u00e9 Moreira da Silva Membro Correspondente da Academia Residente em Proto Alegre &#8211; RS morenuria@yahoo.com.br INCONST\u00c2NCIA S\u00e3o coisas do inconstante: promete ir mas n\u00e3o vai; promete vir mas n\u00e3o vem; promete fazer e n\u00e3o faz; promete estar mas, ausente; n\u00e3o faz, n\u00e3o vem e n\u00e3o vai e mil desculpas engendra para os que algo prometeu. [&hellip;]<\/p>\n","protected":false},"author":7,"featured_media":0,"parent":4258,"menu_order":0,"comment_status":"closed","ping_status":"open","template":"","meta":{"footnotes":""},"class_list":["post-4368","page","type-page","status-publish","hentry"],"_links":{"self":[{"href":"https:\/\/www.riogrande.rs.gov.br\/smed\/index.php?rest_route=\/wp\/v2\/pages\/4368"}],"collection":[{"href":"https:\/\/www.riogrande.rs.gov.br\/smed\/index.php?rest_route=\/wp\/v2\/pages"}],"about":[{"href":"https:\/\/www.riogrande.rs.gov.br\/smed\/index.php?rest_route=\/wp\/v2\/types\/page"}],"author":[{"embeddable":true,"href":"https:\/\/www.riogrande.rs.gov.br\/smed\/index.php?rest_route=\/wp\/v2\/users\/7"}],"replies":[{"embeddable":true,"href":"https:\/\/www.riogrande.rs.gov.br\/smed\/index.php?rest_route=%2Fwp%2Fv2%2Fcomments&post=4368"}],"version-history":[{"count":4,"href":"https:\/\/www.riogrande.rs.gov.br\/smed\/index.php?rest_route=\/wp\/v2\/pages\/4368\/revisions"}],"predecessor-version":[{"id":7284,"href":"https:\/\/www.riogrande.rs.gov.br\/smed\/index.php?rest_route=\/wp\/v2\/pages\/4368\/revisions\/7284"}],"up":[{"embeddable":true,"href":"https:\/\/www.riogrande.rs.gov.br\/smed\/index.php?rest_route=\/wp\/v2\/pages\/4258"}],"wp:attachment":[{"href":"https:\/\/www.riogrande.rs.gov.br\/smed\/index.php?rest_route=%2Fwp%2Fv2%2Fmedia&parent=4368"}],"curies":[{"name":"wp","href":"https:\/\/api.w.org\/{rel}","templated":true}]}}