{"id":4328,"date":"2012-06-01T23:29:10","date_gmt":"2012-06-02T02:29:10","guid":{"rendered":"http:\/\/www.riogrande.rs.gov.br\/smec\/?page_id=4328"},"modified":"2013-08-22T15:49:03","modified_gmt":"2013-08-22T18:49:03","slug":"jose-antonio-klaes-roig-cadeira-n-6","status":"publish","type":"page","link":"https:\/\/www.riogrande.rs.gov.br\/smed\/?page_id=4328","title":{"rendered":"Jos\u00e9 Antonio Klaes Roig"},"content":{"rendered":"<table>\n<tr>\n<td>\n<a href=\"http:\/\/www.riogrande.rs.gov.br\/smed\/wp-content\/uploads\/2012\/06\/ARL-02-jose_antonio_klaes.jpg\" rel=\"lightbox[4328]\"><img loading=\"lazy\" decoding=\"async\" class=\"alignleft size-thumbnail wp-image-4329\" title=\"Jos\u00e9 Antonio Klaes Roig\" src=\"http:\/\/www.riogrande.rs.gov.br\/smed\/wp-content\/uploads\/2012\/06\/ARL-02-jose_antonio_klaes-150x150.jpg\" alt=\"\" width=\"150\" height=\"150\" \/><\/a>\n<\/td>\n<td>\n<p>\nJos\u00e9 Antonio Klaes Roig<br \/>\nCadeira n\u00b0 6<br \/>\nPatrono: Antonio Gomes de Freitas<br \/>\n<a href=\"mailto:joseroig7@gmail.com\">joseroig7@hotmail.com<\/a>\n<\/p>\n<\/td>\n<\/tr>\n<\/table>\n<hr>\n<pre>\r\nO MENINO DO LAGO\r\n\r\nO menino do lago olhava para o passado, \r\na menina ao seu lado, olhava para o presente. \r\nOs dois iriam se reencontrar no futuro, eu juro \u2013\r\nDisse o Senhor Destino, embaralhando suas cartas,\r\nEmbrulhando suas lembran\u00e7as em papel de seda...\r\n- Nunca ceda seus sonhos ao desamor...,\r\nDisse a lembran\u00e7a passageira ao desmemoriado condutor...\r\n\r\nO menino do lago olhava para o seu duplo reflexo,\r\nPerplexo, sem saber o que dizer para si mesmo.\r\nA menina ao seu lado, o observando silenciosamente,\r\nOlhava para o presente que estava a desembrulhar...\r\n\r\nTemos sempre um duplo reflexo, o c\u00f4ncavo e o convexo:\r\nO que aparentamos para os outros e para n\u00f3s mesmos,\r\nNunca somos um s\u00f3, nunca vivemos a s\u00f3s,\r\nEstamos presos a n\u00f3s e mais n\u00f3s...\r\nN\u00f3s, primeira pessoa do plural,\r\nN\u00f3s, cordas que nos atam a um sentimento singular...\r\n\r\nO amor verdadeiro \u00e9 como a flor solit\u00e1ria num canteiro,\r\nDependente de todos os dias e noites,\r\nSabermos unir o sonhar com o realizar...\r\nO chover com o chorar, o viver com o amar...\r\n\r\nO menino do lago que olhava para o passado\r\nE a menina que ao seu lado via t\u00e3o somente o presente,\r\nUm dia, no futuro, se deram \u00e0s m\u00e3os docemente,\r\nNuma sincronia, sintonia perfeita diante do caos...\r\n\r\nTrago comigo sempre as \u00e1guas pl\u00e1cidas daquele lago,\r\nPerdido na inf\u00e2ncia que nunca se vai...\r\nOnde muito me banhei e contigo sempre sonhei,\r\nDisse o menino \u00e0 menina, no dia que a reencontrou.\r\nS\u00f3 nunca amou diante de um lago qualquer -\r\nDisse o Poeta Encantado, \r\nQue tudo registrava em prosa e verso,\r\nEm seu bloco de notas amarelado -,\r\nQuem jamais mergulhou em si mesmo\r\nE no jogo de espelhos das \u00e1guas claras\r\nA sua cara metade n\u00e3o viu a lhe esperar...\r\n\r\nTrago comigo sempre um pouco do lago da perdida inf\u00e2ncia,\r\nTeu amor faz de mim um quase mago da doce inconst\u00e2ncia,\r\nN\u00e3o h\u00e1 magia maior do que amar e ser amado,\r\nDo terno conviver do menino do lago com a menina do lado.\r\nN\u00e3o h\u00e1 maior sonho sonhado sem o pequeno despertar...\r\n<\/pre>\n<hr>\n<pre>\r\nDICION\u00c1RIO DO COTIDIANO\r\n\r\nNo meu dicion\u00e1rio do cotidiano, \r\nDescubro a cada dia novos sin\u00f4nimos \r\nPara os mesmos verbetes. \r\nAmar \u00e9 um dos verbos que mais me impressiona.\r\n\r\nTodos querem um amor, \r\nMas nem todos sabem flexionar o verbo amar \r\nAl\u00e9m de suas p\u00fablicas e not\u00f3rias conjuga\u00e7\u00f5es. \r\nAmar, ant\u00f4nimo de paix\u00f5es.\r\n\r\nNa aritm\u00e9tica dos dias que passam,\r\nEm paralelo \u00e0 m\u00e9trica das palavras\r\nQue dizemos a quem amamos,\r\nO resultado final deve ser sempre o X da quest\u00e3o.\r\n\r\nNo meu dicion\u00e1rio do cotidiano\r\nN\u00e3o est\u00e3o expressas todas as palavras do mundo,\r\nNem todas as palavras que eu j\u00e1 sei de cor e salteado,\r\nMas principalmente aquelas que eu descubro,\r\nA cada dia, a cada hora e momento pelo amor selado,\r\nDe tudo que por ti eu sou, eu sei e ainda serei...\r\n<\/pre>\n","protected":false},"excerpt":{"rendered":"<p>Jos\u00e9 Antonio Klaes Roig Cadeira n\u00b0 6 Patrono: Antonio Gomes de Freitas joseroig7@hotmail.com O MENINO DO LAGO O menino do lago olhava para o passado, a menina ao seu lado, olhava para o presente. Os dois iriam se reencontrar no futuro, eu juro \u2013 Disse o Senhor Destino, embaralhando suas cartas, Embrulhando suas lembran\u00e7as em [&hellip;]<\/p>\n","protected":false},"author":7,"featured_media":0,"parent":4256,"menu_order":0,"comment_status":"closed","ping_status":"open","template":"","meta":{"footnotes":""},"class_list":["post-4328","page","type-page","status-publish","hentry"],"_links":{"self":[{"href":"https:\/\/www.riogrande.rs.gov.br\/smed\/index.php?rest_route=\/wp\/v2\/pages\/4328"}],"collection":[{"href":"https:\/\/www.riogrande.rs.gov.br\/smed\/index.php?rest_route=\/wp\/v2\/pages"}],"about":[{"href":"https:\/\/www.riogrande.rs.gov.br\/smed\/index.php?rest_route=\/wp\/v2\/types\/page"}],"author":[{"embeddable":true,"href":"https:\/\/www.riogrande.rs.gov.br\/smed\/index.php?rest_route=\/wp\/v2\/users\/7"}],"replies":[{"embeddable":true,"href":"https:\/\/www.riogrande.rs.gov.br\/smed\/index.php?rest_route=%2Fwp%2Fv2%2Fcomments&post=4328"}],"version-history":[{"count":11,"href":"https:\/\/www.riogrande.rs.gov.br\/smed\/index.php?rest_route=\/wp\/v2\/pages\/4328\/revisions"}],"predecessor-version":[{"id":7270,"href":"https:\/\/www.riogrande.rs.gov.br\/smed\/index.php?rest_route=\/wp\/v2\/pages\/4328\/revisions\/7270"}],"up":[{"embeddable":true,"href":"https:\/\/www.riogrande.rs.gov.br\/smed\/index.php?rest_route=\/wp\/v2\/pages\/4256"}],"wp:attachment":[{"href":"https:\/\/www.riogrande.rs.gov.br\/smed\/index.php?rest_route=%2Fwp%2Fv2%2Fmedia&parent=4328"}],"curies":[{"name":"wp","href":"https:\/\/api.w.org\/{rel}","templated":true}]}}