{"id":40085,"date":"2021-04-12T17:08:04","date_gmt":"2021-04-12T20:08:04","guid":{"rendered":"https:\/\/www.riogrande.rs.gov.br\/smed\/?page_id=40085"},"modified":"2021-04-12T17:08:04","modified_gmt":"2021-04-12T20:08:04","slug":"pareceres-2015","status":"publish","type":"page","link":"https:\/\/www.riogrande.rs.gov.br\/smed\/?page_id=40085","title":{"rendered":"Pareceres 2015"},"content":{"rendered":"<p><a href=\"http:\/\/www.riogrande.rs.gov.br\/smed\/wp-content\/uploads\/2015\/04\/20150407-cme-parecer_001.pdf\" target=\"_blank\" rel=\"noopener noreferrer\">Parecer n\u00ba 001\/2015<\/a><\/p>\n<p style=\"text-align: justify;\">\u201cAutoriza\u00e7\u00e3o de funcionamento da Escola de Educa\u00e7\u00e3o\u00a0Infantil Terra Matter, situada \u00e0 rua Major Carlos\u00a0Pinto, , 230 \u2013 Bairro Cisade Nova &#8211; pelo per\u00edodo de dois\u00a0anos.\u201d<\/p>\n<p><a href=\"http:\/\/www.riogrande.rs.gov.br\/smed\/wp-content\/uploads\/2015\/04\/20150407-cme-parecer_002-autorizacao_de_funcionamento_esconderijo_sapeka.pdf\" target=\"_blank\" rel=\"noopener noreferrer\">Parecer n\u00ba 002\/2015<\/a><\/p>\n<p style=\"text-align: justify;\">\u201cAutoriza\u00e7\u00e3o de funcionamento da Escola de Educa\u00e7\u00e3o\u00a0Infantil Esconderijo Sapeka, situada \u00e0 rua Ilha de\u00a0Maraj\u00f3, 79, \u2013 Bairro Parque Marinha &#8211; pelo per\u00edodo de\u00a0dois anos.\u201d<\/p>\n<p style=\"text-align: justify;\"><a href=\"http:\/\/www.riogrande.rs.gov.br\/smed\/wp-content\/uploads\/2015\/05\/20150518-cme-parecer_003-autorizacao_de_funcionamento_arco-iris.pdf\" target=\"_blank\" rel=\"noopener noreferrer\">Parecer n\u00ba 003\/2015<\/a><\/p>\n<p style=\"text-align: justify;\">\u201cAutoriza\u00e7\u00e3o de funcionamento da Escola de Educa\u00e7\u00e3o Infantil Arco\u00ad\u00cdris, situada \u00e0 rua Dom Bosco, 122\u00ad Bairro Cidade Nova, pelo per\u00edodo de dois anos.\u201d<\/p>\n<p style=\"text-align: justify;\"><a href=\"http:\/\/www.riogrande.rs.gov.br\/smed\/wp-content\/uploads\/2015\/05\/20150518-cme-parecer_004-autorizacao_de_funcionamento_pequeno_principe.pdf\" target=\"_blank\" rel=\"noopener noreferrer\">Parecer n\u00ba 004\/2015<\/a><\/p>\n<p style=\"text-align: justify;\">\u201cAutoriza\u00e7\u00e3o de funcionamento da Escola de Educa\u00e7\u00e3o Infantil Pequeno Pr\u00edncipe, situada \u00e0 rua Aquidaban, 745 A \u00ad Bairro Centro \u00ad pelo per\u00edodo de dois anos.\u201d<\/p>\n<p style=\"text-align: justify;\"><a href=\"http:\/\/www.riogrande.rs.gov.br\/smed\/wp-content\/uploads\/2015\/05\/20150525-cme-parecer_005-autorizacao_de_funcionamento_oficina_do_saber.pdf\" target=\"_blank\" rel=\"noopener noreferrer\">Parecer n\u00ba 005\/2015<\/a><\/p>\n<p style=\"text-align: justify;\">\u201cAutoriza\u00e7\u00e3o de funcionamento da Escola de Educa\u00e7\u00e3o Infantil Oficina do Saber, situada \u00e0 rua Carlos Gomes, 746 \u2013 BL D \u00ad Bairro Centro \u00ad pelo per\u00edodo de dois anos.\u201d<\/p>\n<p style=\"text-align: justify;\"><a href=\"http:\/\/www.riogrande.rs.gov.br\/smed\/wp-content\/uploads\/2015\/05\/20150525-cme-parecer_006-autorizacao_de_funcionamento_carinha_de_anjo.pdf\" target=\"_blank\" rel=\"noopener noreferrer\">Parecer n\u00ba 006\/2015<\/a><\/p>\n<p style=\"text-align: justify;\">\u201cAutoriza\u00e7\u00e3o de funcionamento da Escola de Educa\u00e7\u00e3o Infantil Carinha de Anjo, situada \u00e0 rua Andrade Neves, 322 \u00ad Bairro Centro \u00ad pelo per\u00edodo de dois anos.\u201d<\/p>\n<p style=\"text-align: justify;\"><a href=\"http:\/\/www.riogrande.rs.gov.br\/smed\/wp-content\/uploads\/2015\/05\/20150525-cme-parecer_007-autorizacao_de_funcionamento_fazendo_arte.pdf\" target=\"_blank\" rel=\"noopener noreferrer\">Parecer n\u00ba 007\/2015<\/a><\/p>\n<p style=\"text-align: justify;\">\u201cAutoriza\u00e7\u00e3o de funcionamento da Escola de Educa\u00e7\u00e3o Infantil Fazendo Arte, situada \u00e0 rua Miguel Riet Corr\u00eaa, 16 \u00ad Bairro Le\u00f4nidas \u00ad pelo per\u00edodo de dois anos.\u201d<\/p>\n<p style=\"text-align: justify;\"><a href=\"http:\/\/www.riogrande.rs.gov.br\/smed\/wp-content\/uploads\/2015\/07\/20150703-cme-parecer_008_competencias_psicopedagogo.pdf\" target=\"_blank\" rel=\"noopener noreferrer\">Parecer n\u00ba 008\/2015<\/a><\/p>\n<p style=\"text-align: justify;\">&#8220;Orienta sobre as Compet\u00eancias do Psicopedagogo e o Seu Quefazer na\u00a0Institui\u00e7\u00e3o Escolar&#8221;<\/p>\n<p style=\"text-align: justify;\"><a href=\"http:\/\/www.riogrande.rs.gov.br\/smed\/wp-content\/uploads\/2015\/08\/20150813-cme-parecer_009.pdf\" target=\"_blank\" rel=\"noopener noreferrer\">Parecer n\u00ba 009\/2015<\/a><\/p>\n<p style=\"text-align: justify;\">&#8220;Autoriza o funcionamento da Escola de Educa\u00e7\u00e3o Infantil Aquarela, situada \u00e0\u00a0rua Dr. Nascimento, 41 \u2013 Centro \u2013 pelo per\u00edodo de dois anos.&#8221;<\/p>\n<p style=\"text-align: justify;\"><a href=\"http:\/\/www.riogrande.rs.gov.br\/smed\/wp-content\/uploads\/2015\/08\/20150813-cme-parecer_010.pdf\" target=\"_blank\" rel=\"noopener noreferrer\">Parecer n\u00ba 010\/2015<\/a><\/p>\n<p style=\"text-align: justify;\">&#8220;Autoriza o funcionamento da Escola de Educa\u00e7\u00e3o Infantil Crian\u00e7a e Cia, situada\u00a0\u00e0 rua Benjamim Constant, 331 \u2013 Centro &#8211; pelo per\u00edodo de dois anos.&#8221;<\/p>\n<p style=\"text-align: justify;\"><a href=\"http:\/\/www.riogrande.rs.gov.br\/smed\/wp-content\/uploads\/2015\/08\/20150807-cme-parecer_011.pdf\" target=\"_blank\" rel=\"noopener noreferrer\">Parecer n\u00ba 011\/2015<\/a><\/p>\n<p style=\"text-align: justify;\">&#8220;Aprova o Regimento e o Projeto Pol\u00edtico Pedag\u00f3gico da Escola Municipal de\u00a0Educa\u00e7\u00e3o Infantil Quer\u00eancia, com vig\u00eancia apartir do ano letivo de 2016&#8221;<\/p>\n<p style=\"text-align: justify;\"><a href=\"http:\/\/www.riogrande.rs.gov.br\/smed\/wp-content\/uploads\/2015\/08\/20150821-cme-parecer_012.pdf\" target=\"_blank\" rel=\"noopener noreferrer\">Parecer n\u00ba 012\/2015<\/a><\/p>\n<p style=\"text-align: justify;\">&#8220;Autoriza o funcionamento da Escola de Educa\u00e7\u00e3o Infantil Bem-Me-Quer,\u00a0situada \u00e0 rua Av. Pelotas, 137 \u2013 Cidade Nova \u2013 pelo per\u00edodo de dois anos.&#8221;<\/p>\n<p style=\"text-align: justify;\"><a href=\"http:\/\/www.riogrande.rs.gov.br\/smed\/wp-content\/uploads\/2015\/08\/20150821-cme-parecer_013.pdf\" target=\"_blank\" rel=\"noopener noreferrer\">Parecer n\u00ba 013\/2015<\/a><\/p>\n<p style=\"text-align: justify;\">&#8220;Autoriza o funcionamento da Escola de Educa\u00e7\u00e3o Infantil Sossego da Mam\u00e3e,\u00a0situada \u00e0 rua Gen. Canabarro, 327 \u2013 Centro\u2013 pelo per\u00edodo de dois anos.&#8221;<\/p>\n<p style=\"text-align: justify;\"><a href=\"http:\/\/www.riogrande.rs.gov.br\/smed\/wp-content\/uploads\/2015\/09\/20150921-cme-parecer_014-autoriza_funcionamento_brincando_e_aprendendo.pdf\" target=\"_blank\" rel=\"noopener noreferrer\">Parecer n\u00ba 014\/2015<\/a><\/p>\n<p style=\"text-align: justify;\">&#8220;Autoriza o funcionamento da Escola de Educa\u00e7\u00e3o Infantil Brincando e\u00a0Aprendendo, situada \u00e0 rua \u00canio Rodrigues Maurer, 51 \u2013 Cassino\u2013 pelo per\u00edodo de dois anos.&#8221;<\/p>\n<p style=\"text-align: justify;\"><a href=\"http:\/\/www.riogrande.rs.gov.br\/smed\/wp-content\/uploads\/2015\/10\/20151001-cme-parecer_015-autoriza_funcionamento_caracol.pdf\" target=\"_blank\" rel=\"noopener noreferrer\">Parecer n\u00ba 015\/2015<\/a><\/p>\n<p style=\"text-align: justify;\">&#8220;Autoriza o funcionamento da Escola de Educa\u00e7\u00e3o Infantil Caracol, situada \u00e0 rua\u00a0Taufic Abdo Nader, 287 \u2013 Cassino\u2013 pelo per\u00edodo de dois anos.&#8221;<\/p>\n<p style=\"text-align: justify;\"><a href=\"http:\/\/www.riogrande.rs.gov.br\/smed\/wp-content\/uploads\/2015\/10\/20151023-cme-parecer_016-autorizacao_de_funcionamento_da_abracadabra.pdf\" target=\"_blank\" rel=\"noopener noreferrer\">Parecer n\u00ba 016\/2015<\/a><\/p>\n<p style=\"text-align: justify;\">&#8220;Autoriza o funcionamento da Escola de Educa\u00e7\u00e3o Infantil Abracadabra, situada\u00a0\u00e0 rua Domingos de Almeida, 286 \u2013 Cidade Nova \u2013 pelo per\u00edodo de dois anos.&#8221;<\/p>\n<p style=\"text-align: justify;\"><a href=\"http:\/\/www.riogrande.rs.gov.br\/smed\/wp-content\/uploads\/2015\/10\/20151023-cme-parecer_017-aprova_regimento_e_ppp_sao_joao.pdf\" target=\"_blank\" rel=\"noopener noreferrer\">Parecer n\u00ba 017\/2015<\/a><\/p>\n<p>&#8220;TOMA CI\u00caNCIA DO PROJETO POL\u00cdTICO PEDAG\u00d3GICO E APROVA O\u00a0REGIMENTO DA E. M. E. F. S\u00c3O JO\u00c3O BATISTA, COM VIG\u00caNCIA A PARTIR DO\u00a0ANO LETIVO DE 2016.&#8221;<\/p>\n<p style=\"text-align: justify;\"><a href=\"http:\/\/www.riogrande.rs.gov.br\/smed\/wp-content\/uploads\/2015\/10\/20151023-cme-parecer_018-aprova_regimento_e_ppp_escola_castelo_branco.pdf\" target=\"_blank\" rel=\"noopener noreferrer\">Parecer n\u00ba 018\/2015<\/a><\/p>\n<p style=\"text-align: justify;\">&#8220;TOMA CI\u00caNCIA DO PROJETO POL\u00cdTICO PEDAG\u00d3GICO E APROVA O\u00a0REGIMENTO DA E. M. E. I. CASTELO BRANCO, COM VIG\u00caNCIA A PARTIR DO ANO\u00a0LETIVO DE 2016.&#8221;<\/p>\n<p style=\"text-align: justify;\"><a href=\"http:\/\/www.riogrande.rs.gov.br\/smed\/wp-content\/uploads\/2015\/10\/20151023-cme-parecer_019-autoriza_funcionamento_michiga_kids.pdf\" target=\"_blank\" rel=\"noopener noreferrer\">Parecer n\u00ba 019\/2015<\/a><\/p>\n<p>&#8220;Autoriza o funcionamento da Escola de Educa\u00e7\u00e3o Infantil Michigan Kids,\u00a0situada \u00e0 Rua Barroso, 02 \u2013 Centro \u2013 pelo per\u00edodo de dois anos.&#8221;<\/p>\n<p style=\"text-align: justify;\"><a href=\"http:\/\/www.riogrande.rs.gov.br\/smed\/wp-content\/uploads\/2015\/10\/20151023-cme-parecer_020-autoriza_funcionamento_tia_rita.pdf\" target=\"_blank\" rel=\"noopener noreferrer\">Parecer n\u00ba 020\/2015<\/a><\/p>\n<p>&#8220;Autoriza o funcionamento da Escola de Educa\u00e7\u00e3o Infantil Tia Rita, localizada \u00e0\u00a0Rua Tobias Barreto, 364 \u2013 COHAB II \u2013 pelo per\u00edodo de dois anos.&#8221;<\/p>\n<p><a href=\"http:\/\/www.riogrande.rs.gov.br\/smed\/wp-content\/uploads\/2015\/11\/20151111-cme-parecer_021.pdf\" target=\"_blank\" rel=\"noopener noreferrer\">Parecer n\u00ba 021\/2015<\/a><\/p>\n<p>&#8220;Autoriza o funcionamento Creche e Casa da Crian\u00e7a Mans\u00e3o da Paz, localizada\u00a0\u00e0 Rua Almirante Barroso, 365 \u2013 Centro \u2013 pelo per\u00edodo de dois anos.&#8221;<\/p>\n<p><a href=\"http:\/\/www.riogrande.rs.gov.br\/smed\/wp-content\/uploads\/2015\/11\/20151120-cme-parecer_022.pdf\" target=\"_blank\" rel=\"noopener noreferrer\">Parecer n\u00ba 022\/2015<\/a><\/p>\n<p style=\"text-align: justify;\">&#8220;AUTORIZA O FUNCIONAMENTO DA EDUCA\u00c7\u00c3O INFANTIL, TOMA\u00a0CI\u00caNCIA DO PROJETO POL\u00cdTICO PEDAG\u00d3GICO E APROVA O REGIMENTO DA E.M. E. F. VIRIATO CORR\u00caA, COM VIG\u00caNCIA A PARTIR DO ANO LETIVO DE 2016.&#8221;<\/p>\n<p style=\"text-align: justify;\"><a href=\"http:\/\/www.riogrande.rs.gov.br\/smed\/wp-content\/uploads\/2015\/12\/20151202-parecer_023.pdf\" target=\"_blank\" rel=\"noopener noreferrer\">Parecer n\u00ba 023\/2015<\/a><\/p>\n<p style=\"text-align: justify;\">&#8220;AUTORIZA A EDUCA\u00c7\u00c3O INFANTIL, TOMA CI\u00caNCIA DO PROJETO\u00a0POL\u00cdTICO PEDAG\u00d3GICO E APROVA O REGIMENTO DA E. M. E. F. ALTAMIR DE\u00a0LACERDA, COM VIG\u00caNCIA A PARTIR DO ANO LETIVO DE 2016.&#8221;<\/p>\n<p style=\"text-align: justify;\"><a href=\"http:\/\/www.riogrande.rs.gov.br\/smed\/wp-content\/uploads\/2015\/12\/20151202-parecer_024.pdf\" target=\"_blank\" rel=\"noopener noreferrer\">Parecer n\u00ba 024\/2015<\/a><\/p>\n<p style=\"text-align: justify;\">&#8220;AUTORIZA O FUNCIONAMENTO DA EDUCA\u00c7\u00c3O INFANTIL, TOMA\u00a0CI\u00caNCIA DO PROJETO POL\u00cdTICO PEDAG\u00d3GICO E APROVA O REGIMENTO DA E.\u00a0M. E. F. DR. RUI POESTER PEIXOTO, COM VIG\u00caNCIA A PARTIR DO ANO LETIVO\u00a0DE 2016.&#8221;<\/p>\n<p><a href=\"http:\/\/www.riogrande.rs.gov.br\/smed\/wp-content\/uploads\/2015\/11\/20151120-cme-parecer_025.pdf\" target=\"_blank\" rel=\"noopener noreferrer\">Parecer n\u00ba 025\/2015<\/a><\/p>\n<p style=\"text-align: justify;\">&#8220;AUTORIZA O FUNCIONAMENTO DA EDUCA\u00c7\u00c3O INFANTIL, TOMA\u00a0CI\u00caNCIA DO PROJETO POL\u00cdTICO PEDAG\u00d3GICO E APROVA O REGIMENTO DA E.M. E. F. FRAN\u00c7A PINTO, COM VIG\u00caNCIA A PARTIR DO ANO LETIVO DE 2016.&#8221;<\/p>\n<p><a href=\"http:\/\/www.riogrande.rs.gov.br\/smed\/wp-content\/uploads\/2015\/11\/20151120-cme-parecer_026.pdf\" target=\"_blank\" rel=\"noopener noreferrer\">Parecer n\u00ba 026\/2015<\/a><\/p>\n<p style=\"text-align: justify;\">&#8220;AUTORIZA O FUNCIONAMENTO DA EDUCA\u00c7\u00c3O INFANTIL, TOMA\u00a0CI\u00caNCIA DO PROJETO POL\u00cdTICO PEDAG\u00d3GICO E APROVA O REGIMENTO DA E.M. E. F. ZELLY PEREIRA ESMERALDO, COM VIG\u00caNCIA A PARTIR DO ANO LETIVO\u00a0DE 2016.&#8221;<\/p>\n<p><a href=\"http:\/\/www.riogrande.rs.gov.br\/smed\/wp-content\/uploads\/2015\/11\/20151120-cme-parecer_027.pdf\" target=\"_blank\" rel=\"noopener noreferrer\">Parecer n\u00ba 027\/2015<\/a><\/p>\n<p style=\"text-align: justify;\">&#8220;Autoriza o funcionamento da Escola de Educa\u00e7\u00e3o Infantil Vivendo e\u00a0Aprendendo, localizada \u00e0 Rua Duque de Caxias, 576 &#8211; Centro \u2013 pelo per\u00edodo de dois anos.&#8221;<\/p>\n<p><a href=\"http:\/\/www.riogrande.rs.gov.br\/smed\/wp-content\/uploads\/2015\/12\/20151202-parecer_028.pdf\" target=\"_blank\" rel=\"noopener noreferrer\">Parecer n\u00ba 028\/2015<\/a><\/p>\n<p style=\"text-align: justify;\">&#8220;AUTORIZA O FUNCIONAMENTO DA EDUCA\u00c7\u00c3O INFANTIL, TOMA\u00a0CI\u00caNCIA DO PROJETO POL\u00cdTICO PEDAG\u00d3GICO E APROVA O REGIMENTO DA\u00a0ESCOLA MUNICIPAL DE ENSINO FUNDAMENTAL PROFESSORA MARIA\u00a0ANG\u00c9LICA LEAL CAMPELLO, COM VIG\u00caNCIA A PARTIR DO ANO LETIVO DE\u00a02016.&#8221;<\/p>\n<p><a href=\"http:\/\/www.riogrande.rs.gov.br\/smed\/wp-content\/uploads\/2015\/12\/20151202-parecer_029.pdf\" target=\"_blank\" rel=\"noopener noreferrer\">Parecer n\u00ba 029\/2015<\/a><\/p>\n<p style=\"text-align: justify;\">&#8220;AUTORIZA O FUNCIONAMENTO DA EDUCA\u00c7\u00c3O INFANTIL, TOMA\u00a0CI\u00caNCIA DO PROJETO POL\u00cdTICO PEDAG\u00d3GICO E APROVA O REGIMENTO DA\u00a0ESCOLA MUNICIPAL DE ENSINO FUNDAMENTAL EM TEMPO INTEGRAL\u00a0PROFESSOR VALDIR CASTRO.&#8221;<\/p>\n<p><a href=\"http:\/\/www.riogrande.rs.gov.br\/smed\/wp-content\/uploads\/2015\/12\/20151202-parecer_030.pdf\" target=\"_blank\" rel=\"noopener noreferrer\">Parecer n\u00ba 030\/2015<\/a><\/p>\n<p style=\"text-align: justify;\">&#8220;Autoriza o funcionamento da Escola de Educa\u00e7\u00e3o Infantil Bambi, localizada \u00e0\u00a0Rua Vidal de Negreiros, 523 &#8211; Jun\u00e7\u00e3o \u2013 pelo per\u00edodo de dois anos.&#8221;<\/p>\n<p style=\"text-align: justify;\"><a href=\"http:\/\/www.riogrande.rs.gov.br\/smed\/wp-content\/uploads\/2015\/12\/20151214-cme-parecer_031.pdf\" target=\"_blank\" rel=\"noopener noreferrer\">Parecer n\u00ba 031\/2015<\/a><\/p>\n<p style=\"text-align: justify;\">&#8220;Autoriza o funcionamento da Escola de Educa\u00e7\u00e3o Infantil Algod\u00e3o Doce,\u00a0situada \u00e0 rua Conselheiro Teixeira Jr., 414\u2013 Cidade Nova \u2013 pelo per\u00edodo de dois anos.&#8221;<\/p>\n<p style=\"text-align: justify;\"><a href=\"http:\/\/www.riogrande.rs.gov.br\/smed\/wp-content\/uploads\/2015\/12\/20151214-cme-parecer_032.pdf\" target=\"_blank\" rel=\"noopener noreferrer\">Parecer n\u00ba 032\/2015<\/a><\/p>\n<p style=\"text-align: justify;\">&#8220;Autoriza o funcionamento da Escola de Educa\u00e7\u00e3o Infantil\u00a0situada \u00e0 rua Andrade Neves, 165\u2013 Centro \u2013 pelo per\u00edodo de dois anos.&#8221;<\/p>\n<h2 align=\"JUSTIFY\"><a href=\"https:\/\/www.riogrande.rs.gov.br\/smed\/?page_id=3571\">Voltar<\/a><\/h2>\n","protected":false},"excerpt":{"rendered":"<p>Parecer n\u00ba 001\/2015 \u201cAutoriza\u00e7\u00e3o de funcionamento da Escola de Educa\u00e7\u00e3o\u00a0Infantil Terra Matter, situada \u00e0 rua Major Carlos\u00a0Pinto, , 230 \u2013 Bairro Cisade Nova &#8211; pelo per\u00edodo de dois\u00a0anos.\u201d Parecer n\u00ba 002\/2015 \u201cAutoriza\u00e7\u00e3o de funcionamento da Escola de Educa\u00e7\u00e3o\u00a0Infantil Esconderijo Sapeka, situada \u00e0 rua Ilha de\u00a0Maraj\u00f3, 79, \u2013 Bairro Parque Marinha &#8211; pelo per\u00edodo de\u00a0dois anos.\u201d [&hellip;]<\/p>\n","protected":false},"author":7,"featured_media":0,"parent":3571,"menu_order":15,"comment_status":"closed","ping_status":"closed","template":"","meta":{"footnotes":""},"class_list":["post-40085","page","type-page","status-publish","hentry"],"_links":{"self":[{"href":"https:\/\/www.riogrande.rs.gov.br\/smed\/index.php?rest_route=\/wp\/v2\/pages\/40085"}],"collection":[{"href":"https:\/\/www.riogrande.rs.gov.br\/smed\/index.php?rest_route=\/wp\/v2\/pages"}],"about":[{"href":"https:\/\/www.riogrande.rs.gov.br\/smed\/index.php?rest_route=\/wp\/v2\/types\/page"}],"author":[{"embeddable":true,"href":"https:\/\/www.riogrande.rs.gov.br\/smed\/index.php?rest_route=\/wp\/v2\/users\/7"}],"replies":[{"embeddable":true,"href":"https:\/\/www.riogrande.rs.gov.br\/smed\/index.php?rest_route=%2Fwp%2Fv2%2Fcomments&post=40085"}],"version-history":[{"count":1,"href":"https:\/\/www.riogrande.rs.gov.br\/smed\/index.php?rest_route=\/wp\/v2\/pages\/40085\/revisions"}],"predecessor-version":[{"id":40086,"href":"https:\/\/www.riogrande.rs.gov.br\/smed\/index.php?rest_route=\/wp\/v2\/pages\/40085\/revisions\/40086"}],"up":[{"embeddable":true,"href":"https:\/\/www.riogrande.rs.gov.br\/smed\/index.php?rest_route=\/wp\/v2\/pages\/3571"}],"wp:attachment":[{"href":"https:\/\/www.riogrande.rs.gov.br\/smed\/index.php?rest_route=%2Fwp%2Fv2%2Fmedia&parent=40085"}],"curies":[{"name":"wp","href":"https:\/\/api.w.org\/{rel}","templated":true}]}}