{"id":40078,"date":"2021-04-12T17:02:11","date_gmt":"2021-04-12T20:02:11","guid":{"rendered":"https:\/\/www.riogrande.rs.gov.br\/smed\/?page_id=40078"},"modified":"2021-10-04T15:31:10","modified_gmt":"2021-10-04T18:31:10","slug":"pareceres-2014","status":"publish","type":"page","link":"https:\/\/www.riogrande.rs.gov.br\/smed\/?page_id=40078","title":{"rendered":"Pareceres 2014"},"content":{"rendered":"<p style=\"text-align: justify;\"><a href=\"http:\/\/www.riogrande.rs.gov.br\/smed\/wp-content\/uploads\/2014\/04\/20140429-cme-parecer_001-autoriza_funcionamento_cantinho_da_crianca.pdf\" target=\"_blank\" rel=\"noopener noreferrer\">Parecer n\u00ba 001\/2014<\/a><\/p>\n<p style=\"text-align: justify;\">\u201cAutoriza\u00e7\u00e3o de funcionamento da Escola de Educa\u00e7\u00e3o\u00a0Infantil Cantinho da Crian\u00e7a situada \u00e0 rua Visconde de\u00a0Mau\u00e1,223- Bairro Cidade Nova, pelo per\u00edodo de dois\u00a0anos.\u201d<\/p>\n<p style=\"text-align: justify;\"><a href=\"http:\/\/www.riogrande.rs.gov.br\/smed\/wp-content\/uploads\/2014\/04\/20140429-cme-parecer_002-autoriza_funcionamento_tia_gleci.pdf\" target=\"_blank\" rel=\"noopener noreferrer\">Parecer n\u00ba 002\/2014<\/a><\/p>\n<p style=\"text-align: justify;\">\u201cAutoriza\u00e7\u00e3o de funcionamento da Escola de Educa\u00e7\u00e3o\u00a0Infantil Tia Gleci, situada \u00e0 rua Francisco Marques,\u00a0171- Bairro Centro, pelo per\u00edodo de dois anos.\u201d<\/p>\n<p style=\"text-align: justify;\"><a href=\"http:\/\/www.riogrande.rs.gov.br\/smed\/wp-content\/uploads\/2014\/04\/20140429-cme-parecer_003-autoriza_funcionamento_gente_miuda.pdf\" target=\"_blank\" rel=\"noopener noreferrer\">Parecer n\u00ba 003\/2014<\/a><\/p>\n<p style=\"text-align: justify;\">\u201cAutoriza\u00e7\u00e3o de funcionamento da Escola de Educa\u00e7\u00e3o\u00a0Infantil Gente Mi\u00fada, situada \u00e0 rua Bar\u00e3o de Cotegipe,\u00a0723- Bairro Centro, pelo per\u00edodo de dois anos.\u201d<\/p>\n<p style=\"text-align: justify;\"><a href=\"http:\/\/www.riogrande.rs.gov.br\/smed\/wp-content\/uploads\/2014\/06\/20140625-cme-parecer_004-autoriza_funcionamento_sapecas_em_acao.pdf\" target=\"_blank\" rel=\"noopener noreferrer\">Parecer n\u00ba 004\/2014<\/a><\/p>\n<p style=\"text-align: justify;\">\u201cAutoriza\u00e7\u00e3o de funcionamento da Escola de Educa\u00e7\u00e3o\u00a0Infantil Sapecas em A\u00e7\u00e3o, situada \u00e0 rua Coronel\u00a0Pedroso, 368- Bairro Rural, pelo per\u00edodo de dois anos.\u201d<\/p>\n<p style=\"text-align: justify;\"><a href=\"http:\/\/www.riogrande.rs.gov.br\/smed\/wp-content\/uploads\/2014\/07\/20140710-cme-parecer_005-aprova_regimento_anselmo_dias_lopes.pdf\" target=\"_blank\" rel=\"noopener noreferrer\">Parecer n\u00ba 005\/2014<\/a><\/p>\n<p style=\"text-align: justify;\">\u201cAprova o Regimento Escolar da Escola Municipal de Ensino\u00a0Fundamental Anselmo Dias Lopes, com vig\u00eancia\u00a0retroativa a partir do ano letivo de 2012\u201d.<\/p>\n<p style=\"text-align: justify;\"><a href=\"http:\/\/www.riogrande.rs.gov.br\/smed\/wp-content\/uploads\/2014\/07\/20140703-cme-parecer_006-autoriza_o_funcionamento_augusto_duprat.pdf\" target=\"_blank\" rel=\"noopener noreferrer\">Parecer n\u00ba 006\/2014<\/a><\/p>\n<p style=\"text-align: justify;\">\u201cAutoriza\u00e7\u00e3o de funcionamento da Casa da Crian\u00e7a Dr.\u00a0Augusto Duprat, pelo per\u00edodo de dois anos.\u201d<\/p>\n<p style=\"text-align: justify;\"><a href=\"http:\/\/www.riogrande.rs.gov.br\/smed\/wp-content\/uploads\/2014\/09\/20140911-cme-parecer_007-autoriza_funcionamento_querubim.pdf\" target=\"_blank\" rel=\"noopener noreferrer\">Parecer n\u00ba 007\/2014<\/a><\/p>\n<p style=\"text-align: justify;\">\u201cAutoriza\u00e7\u00e3o\u00a0de\u00a0funcionamento da Escola de Educa\u00e7\u00e3o Infantil Querubim, situada \u00e0 rua Av. Rheigantz, 46 &#8211; Bairro\u00a0Parque\u00a0Coelho,\u00a0pelo\u00a0per\u00edodo\u00a0de\u00a0dois\u00a0anos.\u201d<\/p>\n<p style=\"text-align: justify;\"><a href=\"http:\/\/www.riogrande.rs.gov.br\/smed\/wp-content\/uploads\/2014\/09\/20140911-cme-parecer_008-autoriza_funcionamento_educarte.pdf\" target=\"_blank\" rel=\"noopener noreferrer\">Parecer \u00a0n\u00ba 008\/2014<\/a><\/p>\n<p style=\"text-align: justify;\">&#8220;Autoriza\u00e7\u00e3o de funcionamento da Escola de Educa\u00e7\u00e3o Infantil Educarte, situada \u00e0 rua Duque de Caxias, 394, Centro, pelo per\u00edodo de dois anos.&#8221;<\/p>\n<p style=\"text-align: justify;\"><a href=\"http:\/\/www.riogrande.rs.gov.br\/smed\/wp-content\/uploads\/2014\/09\/20140911-cme-parecer_009-autoriza_funcionamento_recanto_infantil.pdf\" target=\"_blank\" rel=\"noopener noreferrer\">Parecer n\u00ba 009\/2014<\/a><\/p>\n<p style=\"text-align: justify;\">\u201cAutoriza\u00e7\u00e3o\u00a0de\u00a0funcionamento\u00a0da\u00a0Escola\u00a0de\u00a0Educa\u00e7\u00e3o\u00a0Infantil Recanto\u00a0Infantil,\u00a0situada\u00a0\u00e0\u00a0rua\u00a0Andradas,\u00a0215, Bairro\u00a0Centro,\u00a0pelo\u00a0per\u00edodo\u00a0de\u00a0dois\u00a0anos.\u201d<\/p>\n<p style=\"text-align: justify;\"><a href=\"http:\/\/www.riogrande.rs.gov.br\/smed\/wp-content\/uploads\/2014\/09\/20140911-cme-parecer_010-autoriza_funcionamento_sesquinho.pdf\" target=\"_blank\" rel=\"noopener noreferrer\">Parecer n\u00ba 010\/2014<\/a><\/p>\n<p style=\"text-align: justify;\">&#8220;Autoriza\u00e7\u00e3o de funcionamento da Escola de Educa\u00e7\u00e3o Infantil Sesquinho, situada \u00e0 rua Silva Paes, 416 Bairro Centro, pelo per\u00edodo de dois anos.&#8221;<\/p>\n<p style=\"text-align: justify;\"><a href=\"http:\/\/www.riogrande.rs.gov.br\/smed\/wp-content\/uploads\/2014\/09\/20140911-cme-parecer_011-autorizacao_de_funcionamento_semente.pdf\" target=\"_blank\" rel=\"noopener noreferrer\">Parecer n\u00ba 011\/2014<\/a><\/p>\n<p style=\"text-align: justify;\">\u201cAutoriza\u00e7\u00e3o\u00a0de\u00a0funcionamento\u00a0da\u00a0Escola\u00a0de\u00a0Educa\u00e7\u00e3o\u00a0Infantil \u00a0Semente,\u00a0situada\u00a0 \u00e0\u00a0rua \u00a0Rio\u00a0de\u00a0Janeiro,\u00a0401\u00ad\u00a0Cassino\u00a0\u00ad\u00a0pelo\u00a0per\u00edodo\u00a0de\u00a0dois\u00a0anos.\u201d<\/p>\n<p style=\"text-align: justify;\"><a href=\"http:\/\/www.riogrande.rs.gov.br\/smed\/wp-content\/uploads\/2014\/12\/20141205-cme-parecer_012-aprova_regimento_tia_luizinha.pdf\" target=\"_blank\" rel=\"noopener noreferrer\">Parecer n\u00ba 012\/2014<\/a><\/p>\n<p style=\"text-align: justify;\">\u201cAprova o Regimento Escolar da Escola Municipal de Educa\u00e7\u00e3o Infantil Tia Luizinha, com vig\u00eancia a partir do ano letivo de 2015\u201d.<\/p>\n<p style=\"text-align: justify;\"><a href=\"http:\/\/www.riogrande.rs.gov.br\/smed\/wp-content\/uploads\/2014\/12\/20141205-cme-parecer_013-aprova_regimento_vila_da_quinta.pdf\" target=\"_blank\" rel=\"noopener noreferrer\">Parecer n\u00ba 013\/2014<\/a><\/p>\n<p style=\"text-align: justify;\">\u201cAprova o Regimento Escolar da Escola Municipal de Educa\u00e7\u00e3o \u00a0Infantil Vila da Quinta, com vig\u00eancia a partir do ano letivo de 2015\u201d.<\/p>\n<p style=\"text-align: justify;\"><a href=\"http:\/\/www.riogrande.rs.gov.br\/smed\/wp-content\/uploads\/2014\/12\/20141205-cme-parecer_014-aprova_regimento_maria_da_graca_reyes.pdf\" target=\"_blank\" rel=\"noopener noreferrer\">Parecer n\u00ba 014\/2014<\/a><\/p>\n<p style=\"text-align: justify;\">\u201cAprova o Regimento Escolar para a Educa\u00e7\u00e3o Infantil da\u00a0Escola Municipal de Ensino Fundamental Profa. Maria da Gra\u00e7a Reyes, com vig\u00eancia a partir do ano letivo de 2015.<\/p>\n<p style=\"text-align: justify;\"><a href=\"http:\/\/www.riogrande.rs.gov.br\/smed\/wp-content\/uploads\/2014\/12\/20141205-cme-parecer_015-aprova_regimento_sao_miguel.pdf\" target=\"_blank\" rel=\"noopener noreferrer\">Parecer n\u00ba 015\/2014<\/a><\/p>\n<p style=\"text-align: justify;\">\u201cAprova o Regimento Escolar para o Ensino Fundamental da Escola Municipal de Ensino Fundamental S\u00e3o Miguel, com vig\u00eancia a partir do ano letivo de 2015\u201d . .<\/p>\n<p style=\"text-align: justify;\"><a href=\"http:\/\/www.riogrande.rs.gov.br\/smed\/wp-content\/uploads\/2014\/12\/20141205-cme-parecer_016-aprova_regimento_oscar_de_campos_moraes.pdf\" target=\"_blank\" rel=\"noopener noreferrer\">Parecer n\u00ba 016\/2014<\/a><\/p>\n<p style=\"text-align: justify;\">\u201cAprova o Regimento Escolar da Escola Municipal de Educa\u00e7\u00e3o Infantil Vereador Oscar Ferreiro de Campos Moraes, com vig\u00eancia a partir do ano letivo de 2015\u201d.<\/p>\n<p style=\"text-align: justify;\"><a href=\"http:\/\/www.riogrande.rs.gov.br\/smed\/wp-content\/uploads\/2014\/12\/20141205-cme-parecer_017-aprova_regimento_lyons_clube.pdf\" target=\"_blank\" rel=\"noopener noreferrer\">Parecer n\u00ba 017\/2014<\/a><\/p>\n<p style=\"text-align: justify;\">\u201cAprova o Regimento Escolar da Escola Municipal de Educa\u00e7\u00e3o Infantil Lyons Clube do Rio Grande, com vig\u00eancia a partir do ano letivo de 2015\u201d<\/p>\n<p style=\"text-align: justify;\"><a href=\"http:\/\/www.riogrande.rs.gov.br\/smed\/wp-content\/uploads\/2014\/12\/20141205-cme-parecer_018-aprova_regimento_vovo_zoquinha.pdf\" target=\"_blank\" rel=\"noopener noreferrer\">Parecer n\u00ba 018\/2014<\/a><\/p>\n<p style=\"text-align: justify;\">\u201cAprova o Regimento Escolar da Escola Municipal de Educa\u00e7\u00e3o Infantil Vov\u00f3 Zoquinha, com vig\u00eancia a partir do ano letivo de 2015\u201d.<\/p>\n<p style=\"text-align: justify;\"><a href=\"http:\/\/www.riogrande.rs.gov.br\/smed\/wp-content\/uploads\/2014\/12\/20141219-cme-parecer_19.pdf\" target=\"_blank\" rel=\"noopener noreferrer\">Parecer n\u00ba 019\/2014<\/a><\/p>\n<p style=\"text-align: justify;\">&#8220;Define Diretrizes Operacionais para o Atendimento Educacional Especializado na Educa\u00e7\u00e3o B\u00e1sica; modalidade Educa\u00e7\u00e3o Especial, no Sistema de Educa\u00e7\u00e3o do Munic\u00edpio do Rio Grande&#8221;<\/p>\n<p style=\"text-align: justify;\"><a href=\"http:\/\/www.riogrande.rs.gov.br\/smed\/wp-content\/uploads\/2014\/12\/20141219-cme-parecer_20.pdf\" target=\"_blank\" rel=\"noopener noreferrer\">Parecer n\u00ba 20\/2014<\/a><\/p>\n<p style=\"text-align: justify;\">&#8220;Autoriza\u00e7\u00e3o de funcionamento da Escola de Educa\u00e7\u00e3o Infantil S\u00f3 Baby, situada \u00e0 rua Avenida Cidade de Pelotas, 724 &#8211; Bairro Miguel de Castro Moreira &#8211; pelo per\u00edodo de dois anos.&#8221;<\/p>\n<h2 align=\"JUSTIFY\"><a href=\"https:\/\/www.riogrande.rs.gov.br\/smed\/?page_id=3571\">Voltar<\/a><\/h2>\n","protected":false},"excerpt":{"rendered":"<p>Parecer n\u00ba 001\/2014 \u201cAutoriza\u00e7\u00e3o de funcionamento da Escola de Educa\u00e7\u00e3o\u00a0Infantil Cantinho da Crian\u00e7a situada \u00e0 rua Visconde de\u00a0Mau\u00e1,223- Bairro Cidade Nova, pelo per\u00edodo de dois\u00a0anos.\u201d Parecer n\u00ba 002\/2014 \u201cAutoriza\u00e7\u00e3o de funcionamento da Escola de Educa\u00e7\u00e3o\u00a0Infantil Tia Gleci, situada \u00e0 rua Francisco Marques,\u00a0171- Bairro Centro, pelo per\u00edodo de dois anos.\u201d Parecer n\u00ba 003\/2014 \u201cAutoriza\u00e7\u00e3o de funcionamento [&hellip;]<\/p>\n","protected":false},"author":7,"featured_media":0,"parent":3571,"menu_order":15,"comment_status":"closed","ping_status":"closed","template":"","meta":{"footnotes":""},"class_list":["post-40078","page","type-page","status-publish","hentry"],"_links":{"self":[{"href":"https:\/\/www.riogrande.rs.gov.br\/smed\/index.php?rest_route=\/wp\/v2\/pages\/40078"}],"collection":[{"href":"https:\/\/www.riogrande.rs.gov.br\/smed\/index.php?rest_route=\/wp\/v2\/pages"}],"about":[{"href":"https:\/\/www.riogrande.rs.gov.br\/smed\/index.php?rest_route=\/wp\/v2\/types\/page"}],"author":[{"embeddable":true,"href":"https:\/\/www.riogrande.rs.gov.br\/smed\/index.php?rest_route=\/wp\/v2\/users\/7"}],"replies":[{"embeddable":true,"href":"https:\/\/www.riogrande.rs.gov.br\/smed\/index.php?rest_route=%2Fwp%2Fv2%2Fcomments&post=40078"}],"version-history":[{"count":1,"href":"https:\/\/www.riogrande.rs.gov.br\/smed\/index.php?rest_route=\/wp\/v2\/pages\/40078\/revisions"}],"predecessor-version":[{"id":40079,"href":"https:\/\/www.riogrande.rs.gov.br\/smed\/index.php?rest_route=\/wp\/v2\/pages\/40078\/revisions\/40079"}],"up":[{"embeddable":true,"href":"https:\/\/www.riogrande.rs.gov.br\/smed\/index.php?rest_route=\/wp\/v2\/pages\/3571"}],"wp:attachment":[{"href":"https:\/\/www.riogrande.rs.gov.br\/smed\/index.php?rest_route=%2Fwp%2Fv2%2Fmedia&parent=40078"}],"curies":[{"name":"wp","href":"https:\/\/api.w.org\/{rel}","templated":true}]}}