{"id":39917,"date":"2021-03-26T15:44:41","date_gmt":"2021-03-26T18:44:41","guid":{"rendered":"https:\/\/www.riogrande.rs.gov.br\/smed\/?page_id=39917"},"modified":"2021-04-15T16:27:48","modified_gmt":"2021-04-15T19:27:48","slug":"danca-estudantes","status":"publish","type":"page","link":"https:\/\/www.riogrande.rs.gov.br\/smed\/?page_id=39917","title":{"rendered":"Dan\u00e7a Estudantes 2021"},"content":{"rendered":"<hr \/>\n<p>Publicada 15\/04\/2021<\/p>\n<h2>5\u00aa edi\u00e7\u00e3o do Festival \u201cDan\u00e7a Estudantes\u201d divulga as Coreografias Premiadas<\/h2>\n<div id=\"attachment_40134\" style=\"width: 495px\" class=\"wp-caption aligncenter\"><a href=\"https:\/\/www.riogrande.rs.gov.br\/smed\/wp-content\/uploads\/2021\/04\/20210415-ped-danca_estudantes-image3.jpg\" rel=\"lightbox[39917]\"><img loading=\"lazy\" decoding=\"async\" aria-describedby=\"caption-attachment-40134\" class=\"size-medium wp-image-40134\" src=\"https:\/\/www.riogrande.rs.gov.br\/smed\/wp-content\/uploads\/2021\/04\/20210415-ped-danca_estudantes-image3-485x862.jpg\" alt=\"\" width=\"485\" height=\"862\" srcset=\"https:\/\/www.riogrande.rs.gov.br\/smed\/wp-content\/uploads\/2021\/04\/20210415-ped-danca_estudantes-image3-485x862.jpg 485w, https:\/\/www.riogrande.rs.gov.br\/smed\/wp-content\/uploads\/2021\/04\/20210415-ped-danca_estudantes-image3-624x1109.jpg 624w, https:\/\/www.riogrande.rs.gov.br\/smed\/wp-content\/uploads\/2021\/04\/20210415-ped-danca_estudantes-image3.jpg 720w\" sizes=\"(max-width: 485px) 100vw, 485px\" \/><\/a><p id=\"caption-attachment-40134\" class=\"wp-caption-text\">Lara Dantas \/ EMEF Fran\u00e7a Pinto \/ Melhor Coreografia \/ voto popular<\/p><\/div>\n\n\t\t<style type=\"text\/css\">\n\t\t\t#gallery-1 {\n\t\t\t\tmargin: auto;\n\t\t\t}\n\t\t\t#gallery-1 .gallery-item {\n\t\t\t\tfloat: left;\n\t\t\t\tmargin-top: 10px;\n\t\t\t\ttext-align: center;\n\t\t\t\twidth: 50%;\n\t\t\t}\n\t\t\t#gallery-1 img {\n\t\t\t\tborder: 2px solid #cfcfcf;\n\t\t\t}\n\t\t\t#gallery-1 .gallery-caption {\n\t\t\t\tmargin-left: 0;\n\t\t\t}\n\t\t\t\/* see gallery_shortcode() in wp-includes\/media.php *\/\n\t\t<\/style>\n\t\t<div id='gallery-1' class='gallery galleryid-39917 gallery-columns-2 gallery-size-thumbnail'><dl class='gallery-item'>\n\t\t\t<dt class='gallery-icon landscape'>\n\t\t\t\t<a href='https:\/\/www.riogrande.rs.gov.br\/smed\/wp-content\/uploads\/2021\/04\/20210415-ped-danca_estudantes-image2.jpg' rel=\"lightbox[39917]\"><img loading=\"lazy\" decoding=\"async\" width=\"150\" height=\"150\" src=\"https:\/\/www.riogrande.rs.gov.br\/smed\/wp-content\/uploads\/2021\/04\/20210415-ped-danca_estudantes-image2-150x150.jpg\" class=\"attachment-thumbnail size-thumbnail\" alt=\"\" aria-describedby=\"gallery-1-40133\" \/><\/a>\n\t\t\t<\/dt>\n\t\t\t\t<dd class='wp-caption-text gallery-caption' id='gallery-1-40133'>\n\t\t\t\tDivulga\u00e7\u00e3o\n\t\t\t\t<\/dd><\/dl><dl class='gallery-item'>\n\t\t\t<dt class='gallery-icon landscape'>\n\t\t\t\t<a href='https:\/\/www.riogrande.rs.gov.br\/smed\/wp-content\/uploads\/2021\/04\/20210415-ped-danca_estudantes-image4.jpg' rel=\"lightbox[39917]\"><img loading=\"lazy\" decoding=\"async\" width=\"150\" height=\"150\" src=\"https:\/\/www.riogrande.rs.gov.br\/smed\/wp-content\/uploads\/2021\/04\/20210415-ped-danca_estudantes-image4-150x150.jpg\" class=\"attachment-thumbnail size-thumbnail\" alt=\"\" aria-describedby=\"gallery-1-40135\" \/><\/a>\n\t\t\t<\/dt>\n\t\t\t\t<dd class='wp-caption-text gallery-caption' id='gallery-1-40135'>\n\t\t\t\tDivulga\u00e7\u00e3o\n\t\t\t\t<\/dd><\/dl><br style=\"clear: both\" \/><dl class='gallery-item'>\n\t\t\t<dt class='gallery-icon landscape'>\n\t\t\t\t<a href='https:\/\/www.riogrande.rs.gov.br\/smed\/wp-content\/uploads\/2021\/04\/20210415-ped-danca_estudantes-image5.jpg' rel=\"lightbox[39917]\"><img loading=\"lazy\" decoding=\"async\" width=\"150\" height=\"150\" src=\"https:\/\/www.riogrande.rs.gov.br\/smed\/wp-content\/uploads\/2021\/04\/20210415-ped-danca_estudantes-image5-150x150.jpg\" class=\"attachment-thumbnail size-thumbnail\" alt=\"\" aria-describedby=\"gallery-1-40136\" \/><\/a>\n\t\t\t<\/dt>\n\t\t\t\t<dd class='wp-caption-text gallery-caption' id='gallery-1-40136'>\n\t\t\t\tDivulga\u00e7\u00e3o\n\t\t\t\t<\/dd><\/dl><dl class='gallery-item'>\n\t\t\t<dt class='gallery-icon landscape'>\n\t\t\t\t<a href='https:\/\/www.riogrande.rs.gov.br\/smed\/wp-content\/uploads\/2021\/04\/20210415-ped-danca_estudantes-image1.jpg' rel=\"lightbox[39917]\"><img loading=\"lazy\" decoding=\"async\" width=\"150\" height=\"150\" src=\"https:\/\/www.riogrande.rs.gov.br\/smed\/wp-content\/uploads\/2021\/04\/20210415-ped-danca_estudantes-image1-150x150.jpg\" class=\"attachment-thumbnail size-thumbnail\" alt=\"\" aria-describedby=\"gallery-1-40132\" \/><\/a>\n\t\t\t<\/dt>\n\t\t\t\t<dd class='wp-caption-text gallery-caption' id='gallery-1-40132'>\n\t\t\t\tDivulga\u00e7\u00e3o\n\t\t\t\t<\/dd><\/dl><br style=\"clear: both\" \/>\n\t\t<\/div>\n\n<p style=\"text-align: justify;\">No dia 07 de abril, ocorreu a live de premia\u00e7\u00e3o da 5\u00aa edi\u00e7\u00e3o do Festival \u201cDan\u00e7a Estudantes\u201d, evento destinado aos alunos e \u00e0s alunas das escolas de Educa\u00e7\u00e3o B\u00e1sica da cidade do Rio Grande (escolas municipais, estaduais e particulares), o qual, neste ano, ocorreu novamente no formato digital, onde cada participante fez o seu v\u00eddeo, respeitando os protocolos de distanciamento social vigentes.<\/p>\n<p style=\"text-align: justify;\">Com o objetivo de promover o interc\u00e2mbio entre as produ\u00e7\u00f5es art\u00edsticas produzidas por alunos e alunas da rede p\u00fablica municipal de ensino, atrav\u00e9s de uma linguagem universal, como \u00e9 a dan\u00e7a e as suas vertentes, o Festival \u201cDan\u00e7a Estudantes\u201d \u00e9 um dos 4 eventos do Projeto Conex\u00e3o em Dan\u00e7a, contemplado atrav\u00e9s da Secretaria Estadual da Cultura\/Lei Aldir Blanc, Governo do Estado do Rio Grande do Sul. Projeto realizado com recursos da Lei n. 14017\/2020.<\/p>\n<p style=\"text-align: justify;\">Com o tema \u201cA dan\u00e7a nos une cada vez mais\u201d, a 5\u00aa edi\u00e7\u00e3o do Festival \u201cDan\u00e7a Estudantes\u201d \u00e9 uma promo\u00e7\u00e3o da Secretaria de Munic\u00edpio da Educa\u00e7\u00e3o de Rio Grande (SMEd), atrav\u00e9s do Centro Municipal de Recrea\u00e7\u00e3o e Lazer Ney Amado Costa, em a\u00e7\u00e3o conjunta com o Projeto Rio Grande Em A\u00e7\u00e3o, e em parceria com a Universidade Federal do Rio Grande (FURG), atrav\u00e9s da Diretoria de Arte e Cultura\/DAC.<\/p>\n<p style=\"text-align: justify;\">Confira <a href=\"https:\/\/www.riogrande.rs.gov.br\/smed\/wp-content\/uploads\/2021\/04\/20210415-premiacao_danca_estudantes_2021_com_os_participantes.pdf\" target=\"_blank\" rel=\"noopener\"><b>aqui<\/b><\/a> a lista com as coreografias premiadas.<\/p>\n<p style=\"text-align: justify;\">Conhe\u00e7a um pouco da trajet\u00f3ria dos jurados e juradas que participaram da 5\u00aa edi\u00e7\u00e3o do Festival \u201cDan\u00e7a Estudantes\u201d:<\/p>\n<ul style=\"text-align: justify;\">\n<li aria-level=\"1\"><b>Wendel Mourige Silveira: <\/b>Natural do Rio de Janeiro, iniciou sua carreira na cidade de Rio Grande\/RS em 1991, onde recebeu diversas premia\u00e7\u00f5es nos principais festivais de dan\u00e7a do Brasil. Em 2003 direciona seu trabalho para o Rio de Janeiro, criando o Projeto Urbanus &#8211; uma das mais conceituadas e completas escolas de dan\u00e7as urbanas do pa\u00eds. Idealizou o UMC Hip Hop Dance Festival no Rio de Janeiro e em C\u00f3rdoba &#8211; Argentina &#8211; 2010\/2011.<\/li>\n<\/ul>\n<p style=\"text-align: justify;\">Na \u00e1rea da publicidade realizou trabalhos para as marcas Ford, Ubisoft e PlayStation. Na tv, participou dos programas Xuxa Park, Eliana e Caldeir\u00e3o do Huck. Fez parte do Ballet Claudia Leitte na grava\u00e7\u00e3o do DVD Ax\u00e9 Music, gravado no Est\u00e1dio Arena Pernambuco.<\/p>\n<p style=\"text-align: justify;\">Ministrou master classes em diversas cidades de norte a sul do pa\u00eds e no exterior participou de eventos em Orlando e Los Angeles &#8211; EUA, e San Jose &#8211; Costa Rica. Em 2016, criou o programa de dan\u00e7a STREET JAM\u00ae\ufe0f, com um m\u00e9todo de aulas democr\u00e1ticas que leva dan\u00e7a e qualidade de vida para pessoas de todas as idades. Atualmente \u00e9 instrutor de STREET JAM\u00ae\ufe0f na Casa de dan\u00e7a Carlinhos de Jesus e na Rede Bodytech &#8211; maior rede de academias da Am\u00e9rica Latina.<\/p>\n<ul>\n<li><b>Eduardo Menezes: <\/b>\u00e8 natural de Rio Grande\/RS e, atualmente, reside em S\u00e3o Paulo. Professor e core\u00f3grafo de dan\u00e7a contempor\u00e2nea h\u00e1 21 anos. Vencedor de pr\u00eamios importantes, como core\u00f3grafo revela\u00e7\u00e3o em Joinville, melhor core\u00f3grafo em C\u00f3rdoba, na Argentina, e duas medalhas de ouro no Valentina Koslova internacional dance competition.<\/li>\n<\/ul>\n<p style=\"text-align: justify;\">J\u00e1 transitou por pa\u00edses como Angola, M\u00e9xico e Fran\u00e7a levando seu trabalho. Diretor de trabalhos audiovisuais e tamb\u00e9m contemplado em editais da \u00e1rea. Atua como jurado em festivais nacionais e internacionais.<\/p>\n<p style=\"text-align: justify;\">Diretor do grupo Le cousa Contempor\u00e2nea, com projetos no Rio Grande do Sul, Paran\u00e1 e S\u00e3o Paulo Atualmente \u00e9 diretor do Le cousa contempor\u00e2nea, grupo de performance.<\/p>\n<ul style=\"text-align: justify;\">\n<li aria-level=\"1\"><b>Leila Cristiane Finoqueto: <\/b>Professora do curso de Educa\u00e7\u00e3o F\u00edsica da FURG. Coordenadora do Festival de Artes Corporais do Rio Grande e semin\u00e1rio de estudos e pesquisas em Educa\u00e7\u00e3o F\u00edsica &amp; Dan\u00e7as (desde 2009). L\u00edder do Grupo de pesquisa: CORPOGRAFIAS &#8211; LABORAT\u00d3RIO DE ESTUDOS DA CULTURA CORPORAL, MOVIMENTO E GESTO: AS DAN\u00c7AS EM SUAS M\u00daLTIPLAS MANIFESTA\u00c7\u00d5ES, desde agosto de 2019.<\/li>\n<li aria-level=\"1\"><b>Simone Spotorno Marchand: <\/b>Especialista em Dan\u00e7a pela PUC\/RS. Graduada em Educa\u00e7\u00e3o F\u00edsica pela UFPel. Atualmente \u00e9 docente do IFRS &#8211; Campus Rio Grande, mestranda em Educa\u00e7\u00e3o no PPGEDU. Pesquisadora do Grupo de pesquisa: CORPOGRAFIAS &#8211; LABORAT\u00d3RIO DE ESTUDOS DA CULTURA CORPORAL, MOVIMENTO E GESTO: AS DAN\u00c7AS EM SUAS M\u00daLTIPLAS MANIFESTA\u00c7\u00d5ES, desde agosto de 2019 &#8211; FURG.<\/li>\n<\/ul>\n<p style=\"text-align: justify;\">Atuou como vice-diretora, coordenadora e professora de Dan\u00e7a da EBAHL. Foi professora de Educa\u00e7\u00e3o F\u00edsica e Dan\u00e7a da rede privada e p\u00fablica, e atuou em escolas de Dan\u00e7a do Munic\u00edpio de Rio Grande e Pelotas.<\/p>\n<p style=\"text-align: justify;\">Ainda no m\u00eas de abril, o Projeto Conex\u00e3o em Dan\u00e7a promover\u00e1 a 1\u00aa edi\u00e7\u00e3o do \u201cDan\u00e7a Feliz\u201d, o qual \u00e9 voltado a alunos e alunas das APAEs. As inscri\u00e7\u00f5es iniciram no dia 05 de abril e estender-se-\u00e3o at\u00e9 o dia 23 de abril. Maiores informa\u00e7\u00f5es podem ser obtidas no site <a href=\"http:\/\/www.conexaoemdanca.com.br\/\" target=\"_blank\" rel=\"noopener\"><strong>http:\/\/www.conexaoemdanca.com.br\/<\/strong><\/a> ou nas redes sociais <a href=\"https:\/\/www.facebook.com\/rgemacao\" target=\"_blank\" rel=\"noopener\"><b>Facebook<\/b><\/a> e <a href=\"https:\/\/www.youtube.com\/channel\/UCdQZuLRo8fGRzAZVRxwcPVw\" target=\"_blank\" rel=\"noopener\"><b>YouTube<\/b><\/a> .<\/p>\n<p style=\"text-align: right;\"><em>SMEd<\/em><br \/>\n<em>Roberton Reis<\/em><\/p>\n<hr \/>\n<p>Publicada 26\/03\/2021<\/p>\n<h2>Encerra neste s\u00e1bado, 27, o per\u00edodo de inscri\u00e7\u00f5es para a 5\u00aa edi\u00e7\u00e3o do Festival \u201cDan\u00e7a Estudantes\u201d<\/h2>\n<div id=\"attachment_39915\" style=\"width: 495px\" class=\"wp-caption aligncenter\"><a href=\"https:\/\/www.riogrande.rs.gov.br\/smed\/wp-content\/uploads\/2021\/03\/20210326-ped-danca_estudantes.jpg\" rel=\"lightbox[39917]\"><img loading=\"lazy\" decoding=\"async\" aria-describedby=\"caption-attachment-39915\" class=\"size-medium wp-image-39915\" src=\"https:\/\/www.riogrande.rs.gov.br\/smed\/wp-content\/uploads\/2021\/03\/20210326-ped-danca_estudantes-485x84.jpg\" alt=\"\" width=\"485\" height=\"84\" srcset=\"https:\/\/www.riogrande.rs.gov.br\/smed\/wp-content\/uploads\/2021\/03\/20210326-ped-danca_estudantes-485x84.jpg 485w, https:\/\/www.riogrande.rs.gov.br\/smed\/wp-content\/uploads\/2021\/03\/20210326-ped-danca_estudantes-768x133.jpg 768w, https:\/\/www.riogrande.rs.gov.br\/smed\/wp-content\/uploads\/2021\/03\/20210326-ped-danca_estudantes-624x108.jpg 624w, https:\/\/www.riogrande.rs.gov.br\/smed\/wp-content\/uploads\/2021\/03\/20210326-ped-danca_estudantes.jpg 1280w\" sizes=\"(max-width: 485px) 100vw, 485px\" \/><\/a><p id=\"caption-attachment-39915\" class=\"wp-caption-text\">Divulga\u00e7\u00e3o<\/p><\/div>\n<p style=\"text-align: justify;\"><span style=\"font-weight: 400;\">A Secretaria de Munic\u00edpio da Educa\u00e7\u00e3o de Rio Grande (SMEd), atrav\u00e9s do <\/span><b>Centro Municipal de Recrea\u00e7\u00e3o e Lazer Ney Amado Costa<\/b><span style=\"font-weight: 400;\">, em a\u00e7\u00e3o conjunta com o Projeto Rio Grande em A\u00e7\u00e3o, e em parceria com a Universidade Federal do Rio Grande (FURG), atrav\u00e9s da Diretoria de Arte e Cultura\/DAC, promove a 5\u00aa edi\u00e7\u00e3o do Festival \u201c<\/span><b>Dan\u00e7a Estudantes<\/b><span style=\"font-weight: 400;\">\u201d, evento destinado aos alunos e alunas das escolas de Educa\u00e7\u00e3o B\u00e1sica da cidade do Rio Grande (escolas municipais, estaduais e particulares).<\/span><\/p>\n<p style=\"text-align: justify;\"><span style=\"font-weight: 400;\">Em 2021, a edi\u00e7\u00e3o do \u201c<\/span><b>Dan\u00e7a Estudantes<\/b><span style=\"font-weight: 400;\">\u201d seguir\u00e1 o mesmo formato digital do realizado em 2020, inclusive com o mesmo tema: \u201c<\/span><b>Mesmo longe, podemos ficar perto<\/b><span style=\"font-weight: 400;\">\u201d. O festival tem como objetivo promover o interc\u00e2mbio entre as produ\u00e7\u00f5es art\u00edsticas produzidas por alunos e alunas da rede p\u00fablica municipal de ensino, atrav\u00e9s de uma linguagem universal, que \u00e9 a dan\u00e7a e suas vertentes.<\/span><\/p>\n<p style=\"text-align: justify;\"><span style=\"font-weight: 400;\">Para acessar o regulamento e realizar a inscri\u00e7\u00e3o para a 5\u00aa edi\u00e7\u00e3o do Festival \u201cDan\u00e7a Estudantes\u201d, acesse o site <\/span><strong><a href=\"http:\/\/www.conexaoemdanca.com.br\/\" target=\"_blank\" rel=\"noopener\">www.conexaoemdanca.com.br<\/a><\/strong><\/p>\n<p style=\"text-align: right;\"><em>SMEd<\/em><br \/>\n<em>Roberton Reis<\/em><\/p>\n<hr \/>\n<p>Publicada 22\/03\/2021<\/p>\n<h2>Per\u00edodo de inscri\u00e7\u00f5es para a 5\u00aa edi\u00e7\u00e3o do Festival \u201cDan\u00e7a Estudantes\u201d encerra no dia 27 de mar\u00e7o<\/h2>\n<div id=\"attachment_39848\" style=\"width: 495px\" class=\"wp-caption aligncenter\"><a href=\"https:\/\/www.riogrande.rs.gov.br\/smed\/wp-content\/uploads\/2021\/03\/20210322-ped-danca-image1.jpg\" rel=\"lightbox[39917]\"><img loading=\"lazy\" decoding=\"async\" aria-describedby=\"caption-attachment-39848\" class=\"size-medium wp-image-39848\" src=\"https:\/\/www.riogrande.rs.gov.br\/smed\/wp-content\/uploads\/2021\/03\/20210322-ped-danca-image1-485x263.jpg\" alt=\"\" width=\"485\" height=\"263\" srcset=\"https:\/\/www.riogrande.rs.gov.br\/smed\/wp-content\/uploads\/2021\/03\/20210322-ped-danca-image1-485x263.jpg 485w, https:\/\/www.riogrande.rs.gov.br\/smed\/wp-content\/uploads\/2021\/03\/20210322-ped-danca-image1-768x416.jpg 768w, https:\/\/www.riogrande.rs.gov.br\/smed\/wp-content\/uploads\/2021\/03\/20210322-ped-danca-image1-624x338.jpg 624w, https:\/\/www.riogrande.rs.gov.br\/smed\/wp-content\/uploads\/2021\/03\/20210322-ped-danca-image1.jpg 857w\" sizes=\"(max-width: 485px) 100vw, 485px\" \/><\/a><p id=\"caption-attachment-39848\" class=\"wp-caption-text\">Divulga\u00e7\u00e3o<\/p><\/div>\n<p style=\"text-align: justify;\">A Secretaria de Munic\u00edpio da Educa\u00e7\u00e3o de Rio Grande (SMEd), atrav\u00e9s do <b>Centro Municipal de Recrea\u00e7\u00e3o e Lazer Ney Amado Costa<\/b>, em a\u00e7\u00e3o conjunta com o Projeto Rio Grande em A\u00e7\u00e3o, e em parceria com a Universidade Federal do Rio Grande (FURG), atrav\u00e9s da Diretoria de Arte e Cultura\/DAC, promove a 5\u00aa edi\u00e7\u00e3o do Festival \u201cDan\u00e7a Estudantes\u201d, evento destinado aos alunos e alunas das escolas de Educa\u00e7\u00e3o B\u00e1sica da cidade do Rio Grande (escolas municipais, estaduais e particulares).<\/p>\n<p style=\"text-align: justify;\">Esta edi\u00e7\u00e3o do \u201c<b>Dan\u00e7a Estudantes<\/b>\u201d seguir\u00e1 o mesmo formato digital do realizado em 2020, inclusive com o mesmo tema: \u201c<b>Mesmo longe, podemos ficar perto<\/b>\u201d. O festival tem como objetivo promover o interc\u00e2mbio entre as produ\u00e7\u00f5es art\u00edsticas produzidas por alunos e alunas da rede p\u00fablica municipal de ensino, atrav\u00e9s de uma linguagem universal, que \u00e9 a dan\u00e7a e suas vertentes.<\/p>\n<p style=\"text-align: justify;\">Para acessar o regulamento e realizar a inscri\u00e7\u00e3o para a 5\u00aa edi\u00e7\u00e3o do Festival \u201cDan\u00e7a Estudantes\u201d, acesse o site <strong><a href=\"http:\/\/www.conexaoemdanca.com.br\" target=\"_blank\" rel=\"noopener\">www.conexaoemdanca.com.br<\/a><\/strong><\/p>\n<p style=\"text-align: right;\"><em>SMEd<\/em><br \/>\n<em>Roberton Reis<\/em><\/p>\n","protected":false},"excerpt":{"rendered":"<p>Publicada 15\/04\/2021 5\u00aa edi\u00e7\u00e3o do Festival \u201cDan\u00e7a Estudantes\u201d divulga as Coreografias Premiadas No dia 07 de abril, ocorreu a live de premia\u00e7\u00e3o da 5\u00aa edi\u00e7\u00e3o do Festival \u201cDan\u00e7a Estudantes\u201d, evento destinado aos alunos e \u00e0s alunas das escolas de Educa\u00e7\u00e3o B\u00e1sica da cidade do Rio Grande (escolas municipais, estaduais e particulares), o qual, neste ano, [&hellip;]<\/p>\n","protected":false},"author":7,"featured_media":0,"parent":39852,"menu_order":1,"comment_status":"closed","ping_status":"closed","template":"","meta":{"footnotes":""},"class_list":["post-39917","page","type-page","status-publish","hentry"],"_links":{"self":[{"href":"https:\/\/www.riogrande.rs.gov.br\/smed\/index.php?rest_route=\/wp\/v2\/pages\/39917"}],"collection":[{"href":"https:\/\/www.riogrande.rs.gov.br\/smed\/index.php?rest_route=\/wp\/v2\/pages"}],"about":[{"href":"https:\/\/www.riogrande.rs.gov.br\/smed\/index.php?rest_route=\/wp\/v2\/types\/page"}],"author":[{"embeddable":true,"href":"https:\/\/www.riogrande.rs.gov.br\/smed\/index.php?rest_route=\/wp\/v2\/users\/7"}],"replies":[{"embeddable":true,"href":"https:\/\/www.riogrande.rs.gov.br\/smed\/index.php?rest_route=%2Fwp%2Fv2%2Fcomments&post=39917"}],"version-history":[{"count":3,"href":"https:\/\/www.riogrande.rs.gov.br\/smed\/index.php?rest_route=\/wp\/v2\/pages\/39917\/revisions"}],"predecessor-version":[{"id":40142,"href":"https:\/\/www.riogrande.rs.gov.br\/smed\/index.php?rest_route=\/wp\/v2\/pages\/39917\/revisions\/40142"}],"up":[{"embeddable":true,"href":"https:\/\/www.riogrande.rs.gov.br\/smed\/index.php?rest_route=\/wp\/v2\/pages\/39852"}],"wp:attachment":[{"href":"https:\/\/www.riogrande.rs.gov.br\/smed\/index.php?rest_route=%2Fwp%2Fv2%2Fmedia&parent=39917"}],"curies":[{"name":"wp","href":"https:\/\/api.w.org\/{rel}","templated":true}]}}