{"id":39040,"date":"2020-06-02T13:24:43","date_gmt":"2020-06-02T16:24:43","guid":{"rendered":"http:\/\/www.riogrande.rs.gov.br\/smed\/?page_id=39040"},"modified":"2020-07-02T17:52:34","modified_gmt":"2020-07-02T20:52:34","slug":"danca-estudantes","status":"publish","type":"page","link":"https:\/\/www.riogrande.rs.gov.br\/smed\/?page_id=39040","title":{"rendered":"Dan\u00e7a Estudantes"},"content":{"rendered":"<hr \/>\n<p>Publicada 02\/07\/2020<\/p>\n<h2>\u201c4\u00ba Dan\u00e7a Estudantes \u2013 Edi\u00e7\u00e3o Digital\u201d: Divulgados os resultados finais<\/h2>\n\n\t\t<style type=\"text\/css\">\n\t\t\t#gallery-1 {\n\t\t\t\tmargin: auto;\n\t\t\t}\n\t\t\t#gallery-1 .gallery-item {\n\t\t\t\tfloat: left;\n\t\t\t\tmargin-top: 10px;\n\t\t\t\ttext-align: center;\n\t\t\t\twidth: 50%;\n\t\t\t}\n\t\t\t#gallery-1 img {\n\t\t\t\tborder: 2px solid #cfcfcf;\n\t\t\t}\n\t\t\t#gallery-1 .gallery-caption {\n\t\t\t\tmargin-left: 0;\n\t\t\t}\n\t\t\t\/* see gallery_shortcode() in wp-includes\/media.php *\/\n\t\t<\/style>\n\t\t<div id='gallery-1' class='gallery galleryid-39040 gallery-columns-2 gallery-size-thumbnail'><dl class='gallery-item'>\n\t\t\t<dt class='gallery-icon portrait'>\n\t\t\t\t<a href='https:\/\/www.riogrande.rs.gov.br\/smed\/wp-content\/uploads\/2020\/07\/20200702-ped-danca_estudantes-image3.jpg' rel=\"lightbox[39040]\"><img loading=\"lazy\" decoding=\"async\" width=\"150\" height=\"150\" src=\"https:\/\/www.riogrande.rs.gov.br\/smed\/wp-content\/uploads\/2020\/07\/20200702-ped-danca_estudantes-image3-150x150.jpg\" class=\"attachment-thumbnail size-thumbnail\" alt=\"\" aria-describedby=\"gallery-1-39147\" \/><\/a>\n\t\t\t<\/dt>\n\t\t\t\t<dd class='wp-caption-text gallery-caption' id='gallery-1-39147'>\n\t\t\t\tDivulga\u00e7\u00e3o\n\t\t\t\t<\/dd><\/dl><dl class='gallery-item'>\n\t\t\t<dt class='gallery-icon portrait'>\n\t\t\t\t<a href='https:\/\/www.riogrande.rs.gov.br\/smed\/wp-content\/uploads\/2020\/07\/20200702-ped-danca_estudantes-image4.jpg' rel=\"lightbox[39040]\"><img loading=\"lazy\" decoding=\"async\" width=\"150\" height=\"150\" src=\"https:\/\/www.riogrande.rs.gov.br\/smed\/wp-content\/uploads\/2020\/07\/20200702-ped-danca_estudantes-image4-150x150.jpg\" class=\"attachment-thumbnail size-thumbnail\" alt=\"\" aria-describedby=\"gallery-1-39148\" \/><\/a>\n\t\t\t<\/dt>\n\t\t\t\t<dd class='wp-caption-text gallery-caption' id='gallery-1-39148'>\n\t\t\t\tDivulga\u00e7\u00e3o\n\t\t\t\t<\/dd><\/dl><br style=\"clear: both\" \/><dl class='gallery-item'>\n\t\t\t<dt class='gallery-icon portrait'>\n\t\t\t\t<a href='https:\/\/www.riogrande.rs.gov.br\/smed\/wp-content\/uploads\/2020\/07\/20200702-ped-danca_estudantes-image1.jpg' rel=\"lightbox[39040]\"><img loading=\"lazy\" decoding=\"async\" width=\"150\" height=\"150\" src=\"https:\/\/www.riogrande.rs.gov.br\/smed\/wp-content\/uploads\/2020\/07\/20200702-ped-danca_estudantes-image1-150x150.jpg\" class=\"attachment-thumbnail size-thumbnail\" alt=\"\" aria-describedby=\"gallery-1-39145\" \/><\/a>\n\t\t\t<\/dt>\n\t\t\t\t<dd class='wp-caption-text gallery-caption' id='gallery-1-39145'>\n\t\t\t\tDivulga\u00e7\u00e3o\n\t\t\t\t<\/dd><\/dl><dl class='gallery-item'>\n\t\t\t<dt class='gallery-icon portrait'>\n\t\t\t\t<a href='https:\/\/www.riogrande.rs.gov.br\/smed\/wp-content\/uploads\/2020\/07\/20200702-ped-danca_estudantes-image2.jpg' rel=\"lightbox[39040]\"><img loading=\"lazy\" decoding=\"async\" width=\"150\" height=\"150\" src=\"https:\/\/www.riogrande.rs.gov.br\/smed\/wp-content\/uploads\/2020\/07\/20200702-ped-danca_estudantes-image2-150x150.jpg\" class=\"attachment-thumbnail size-thumbnail\" alt=\"\" aria-describedby=\"gallery-1-39146\" \/><\/a>\n\t\t\t<\/dt>\n\t\t\t\t<dd class='wp-caption-text gallery-caption' id='gallery-1-39146'>\n\t\t\t\tDivulga\u00e7\u00e3o\n\t\t\t\t<\/dd><\/dl><br style=\"clear: both\" \/>\n\t\t<\/div>\n\n<p style=\"text-align: justify;\"><span style=\"font-weight: 400;\">A Secretaria de Munic\u00edpio da Educa\u00e7\u00e3o de Rio Grande (SMEd), atrav\u00e9s da EMIE Ney Amado Costa, em a\u00e7\u00e3o conjunta com o Projeto Rio Grande em A\u00e7\u00e3o, e em parceria com a Universidade Federal do Rio Grande (FURG), atrav\u00e9s da Diretoria de Arte e Cultura\/DAC, na \u00faltima quarta-feira, dia 1\u00ba de julho, divulgou os resultados finais dos solos vencedores da 4\u00aa edi\u00e7\u00e3o do Festival \u201cDan\u00e7a Estudantes\u201d, bem como as respectivas premia\u00e7\u00f5es.<\/span><\/p>\n<p style=\"text-align: justify;\"><span style=\"font-weight: 400;\">Com o patroc\u00ednio\u00a0 da Companhia Riograndense de Saneamento (CORSAN), <\/span><span style=\"font-weight: 400;\">o Festival \u201cDan\u00e7a Estudantes\u201d, que neste ano aconteceu no formato digital, considerando as orienta\u00e7\u00f5es de distanciamento social devido \u00e0 COVID-19, promoveu o interc\u00e2mbio entre as produ\u00e7\u00f5es art\u00edsticas realizadas pelos(as) alunos(as) de Escolas de Educa\u00e7\u00e3o B\u00e1sica, professores(as), core\u00f3grafos(as), praticantes e amantes da Dan\u00e7a, que tem o interesse em apresentar suas composi\u00e7\u00f5es coreogr\u00e1ficas.<\/span><\/p>\n<p style=\"text-align: justify;\"><span style=\"font-weight: 400;\">Com o tema \u201cMesmo longe, podemos ficar perto\u201d, o Festival \u201cDan\u00e7a Estudantes\u201d proporcionou a cada participante a oportunidade de usar sua criatividade, dentro de sua casa, para apresentar a sua coreografia. \u201c<\/span><b>Ao todo, foram<\/b> <b>45 coreografias\/solo inscritas, sendo que 03 coreografias participaram apenas como Mostra Art\u00edstica e 42 como Festival Competitivo. Diversas escolas da rede p\u00fablica municipal de ensino de Rio Grande participaram do Festival<\/b><span style=\"font-weight: 400;\">\u201d, Denise Prado Costa, coordenadora do Festival \u201cDan\u00e7a Estudantes\u201d.<\/span><\/p>\n<p style=\"text-align: justify;\"><span style=\"font-weight: 400;\">Os(as) jurados(as), profissionais escolhidos(as) pela sua trajet\u00f3ria, estudo e experi\u00eancia no cen\u00e1rio da dan\u00e7a, s\u00e3o:<\/span><\/p>\n<ul style=\"text-align: justify;\">\n<li style=\"font-weight: 400;\"><b>Leila Cristiane Finoqueto: <\/b><span style=\"font-weight: 400;\">Professora do Curso de Educa\u00e7\u00e3o F\u00edsica da FURG, Coordenadora do Festival de Artes Corporais do Rio Grande e Semin\u00e1rio de Estudos e Pesquisas em Educa\u00e7\u00e3o F\u00edsica &amp; Dan\u00e7as (desde 2009) e Pesquisadora do GEPEFDan &#8211; Grupo de Estudos e Pesquisas em Educa\u00e7\u00e3o F\u00edsica &amp; Dan\u00e7as (desde 2019).<\/span><\/li>\n<li style=\"font-weight: 400;\"><b>Rodrigo Lemos Soares: <\/b><span style=\"font-weight: 400;\">Professor de Educa\u00e7\u00e3o F\u00edsica, Pesquisador dos grupos Paisagens H\u00edbridas, da Universidade Federal Fluminense (UFF\/ RJ) e Grupo Interdisciplinar de Pesquisa: Narrativas, Arte, Linguagem e Subjetividade (GIPNALS da Universidade Federal de Pelotas (UFPEL\/ RS). Desenvolve estudos na \u00e1reas de corporeidades em rela\u00e7\u00e3o \u00e0s dan\u00e7as e rela\u00e7\u00f5es humanas.<\/span><\/li>\n<li style=\"font-weight: 400;\"><b>Lucas Goulart: <\/b><span style=\"font-weight: 400;\">Professor de Educa\u00e7\u00e3o F\u00edsica, P\u00f3s-gradua\u00e7\u00e3o em Educa\u00e7\u00e3o F\u00edsica Escolar, Core\u00f3grafo, Instrutor de Dan\u00e7as Urbanas e Ritmos, Pesquisador e praticante de Dan\u00e7as Urbanas, desde 2003.<\/span><\/li>\n<\/ul>\n<p style=\"text-align: justify;\"><span style=\"font-weight: 400;\">De acordo com <\/span><span style=\"font-weight: 400;\">Denise Prado Costa, <\/span><span style=\"font-weight: 400;\">todos(as) os(as) participantes receberam a sua premia\u00e7\u00e3o digital. <a href=\"http:\/\/www.riogrande.rs.gov.br\/smed\/wp-content\/uploads\/2020\/07\/20200702-ped-4o_danca_estudandes.pdf\" target=\"_blank\" rel=\"noopener noreferrer\"><strong>Confira aqui<\/strong><\/a> a listagem com as premia\u00e7\u00f5es do \u201c4\u00ba Dan\u00e7a Estudantes \u2013 Edi\u00e7\u00e3o Digital\u201d:<\/span><\/p>\n<p style=\"text-align: justify;\"><span style=\"font-weight: 400;\">\u201c<\/span><b>Gostar\u00edamos de informar que as premia\u00e7\u00f5es f\u00edsicas ser\u00e3o entregues no endere\u00e7o, data e hor\u00e1rio combinado pela comiss\u00e3o organizadora e o participante. Os coment\u00e1rios dos(as) jurados(as) tamb\u00e9m ser\u00e3o enviados, por email,\u00a0 para todos(as) os(as) participantes<\/b><span style=\"font-weight: 400;\">\u201d, finalizou Denise.<\/span><\/p>\n<p style=\"text-align: right;\"><em>SMEd<\/em><br \/>\n<em>Roberton Reis<\/em><\/p>\n<hr \/>\n<p>Publicada 24\/06\/2020<\/p>\n<h2>\u201c4\u00ba Dan\u00e7a Estudantes \u2013 Edi\u00e7\u00e3o Digital\u201d: Vota\u00e7\u00e3o Popular vai at\u00e9 dia 29 de junho<\/h2>\n<div id=\"attachment_39115\" style=\"width: 495px\" class=\"wp-caption aligncenter\"><a href=\"http:\/\/www.riogrande.rs.gov.br\/smed\/wp-content\/uploads\/2020\/06\/20200619-ped-danca-image1.jpg\" rel=\"lightbox[39040]\"><img loading=\"lazy\" decoding=\"async\" aria-describedby=\"caption-attachment-39115\" class=\"size-medium wp-image-39115\" src=\"http:\/\/www.riogrande.rs.gov.br\/smed\/wp-content\/uploads\/2020\/06\/20200619-ped-danca-image1-485x230.jpg\" alt=\"\" width=\"485\" height=\"230\" srcset=\"https:\/\/www.riogrande.rs.gov.br\/smed\/wp-content\/uploads\/2020\/06\/20200619-ped-danca-image1-485x230.jpg 485w, https:\/\/www.riogrande.rs.gov.br\/smed\/wp-content\/uploads\/2020\/06\/20200619-ped-danca-image1-768x365.jpg 768w, https:\/\/www.riogrande.rs.gov.br\/smed\/wp-content\/uploads\/2020\/06\/20200619-ped-danca-image1-624x296.jpg 624w, https:\/\/www.riogrande.rs.gov.br\/smed\/wp-content\/uploads\/2020\/06\/20200619-ped-danca-image1.jpg 800w\" sizes=\"(max-width: 485px) 100vw, 485px\" \/><\/a><p id=\"caption-attachment-39115\" class=\"wp-caption-text\">Divulga\u00e7\u00e3o<\/p><\/div>\n<p style=\"text-align: justify;\"><span style=\"font-weight: 400;\">Na \u00faltima segunda-feira, dia 22 junho, encerrou o per\u00edodo de inscri\u00e7\u00e3o para <\/span><span style=\"font-weight: 400;\">a 4\u00aa edi\u00e7\u00e3o do Festival \u201cDan\u00e7a Estudantes\u201d, evento promovido pela Secretaria de Munic\u00edpio da Educa\u00e7\u00e3o de Rio Grande (SMEd), atrav\u00e9s da EMIE Ney Amado Costa, em a\u00e7\u00e3o conjunta com o Projeto Rio Grande em A\u00e7\u00e3o, e em parceria com a Universidade Federal do Rio Grande (FURG), atrav\u00e9s da Diretoria de Arte e Cultura\/DAC.<\/span><\/p>\n<p style=\"text-align: justify;\"><span style=\"font-weight: 400;\">Neste ano, o Festival \u201cDan\u00e7a Estudantes\u201d est\u00e1 acontecendo no formato digital, considerando as orienta\u00e7\u00f5es de distanciamento social devido \u00e0 COVID-19, promovendo o interc\u00e2mbio entre as produ\u00e7\u00f5es art\u00edsticas realizadas pelos(as) alunos(as) de Escolas de Educa\u00e7\u00e3o B\u00e1sica, professores(as), core\u00f3grafos(as), praticantes e amantes da Dan\u00e7a, que t\u00eam o interesse em apresentar suas composi\u00e7\u00f5es coreogr\u00e1ficas.<\/span><\/p>\n<p style=\"text-align: justify;\"><span style=\"font-weight: 400;\">Todas as coreografias classificadas em 1\u00ba, 2\u00ba e 3\u00ba lugares receber\u00e3o Premia\u00e7\u00e3o Digital. As coreografias ser\u00e3o avaliadas por uma comiss\u00e3o julgadora especial que n\u00e3o levar\u00e1 em conta t\u00e9cnicas perfeccionistas e, sim, os trabalhos de melhor execu\u00e7\u00e3o e originalidade, respeitando as potencialidades dos(as) participantes<\/span><\/p>\n<p style=\"text-align: justify;\"><span style=\"font-weight: 400;\">\u201c<\/span><b>Muito nos alegra que tantas crian\u00e7as, jovens, adultos e idosos estejam participando do 4\u00ba \u2018Dan\u00e7a Estudantes\u2019 &#8211; Edi\u00e7\u00e3o Digital \u2018Mesmo longe, podemos ficar perto\u2019. Ao todo, foram 45 coreografias\/solo inscritas, sendo que 03 coreografias participam apenas como Mostra Art\u00edstica e 42 como Festival Competitivo. Diversas escolas da rede p\u00fablica municipal de ensino de Rio Grande est\u00e3o participando<\/b><span style=\"font-weight: 400;\">\u201d, explicou Denise Prado Costa, coordenadora do Festival \u201cDan\u00e7a Estudantes\u201d.<\/span><\/p>\n<p style=\"text-align: justify;\"><span style=\"font-weight: 400;\">O per\u00edodo de vota\u00e7\u00e3o popular vai at\u00e9 dia 29 de junho. Todos os v\u00eddeos estar\u00e3o dispon\u00edveis no canal do YouTube Projeto \u201cRio Grande em A\u00e7\u00e3o\u201d. Os v\u00eddeos mais curtidos v\u00e3o ganhar premia\u00e7\u00f5es especiais. Acesse os v\u00eddeos participantes da 4\u00aa edi\u00e7\u00e3o do Festival \u201cDan\u00e7a Estudantes\u201d atrav\u00e9s do link: <\/span><strong><a href=\"https:\/\/www.youtube.com\/playlist?list=PLDoWf3ZEiHne7-TbFUPvBBE6jvU5172vx\" target=\"_blank\" rel=\"noopener noreferrer\">https:\/\/www.youtube.com\/playlist?list=PLDoWf3ZEiHne7-TbFUPvBBE6jvU5172vx<\/a><\/strong><\/p>\n<p>&nbsp;<\/p>\n<p style=\"text-align: right;\"><em>SMEd<\/em><br \/>\n<em>Roberton Reis<\/em><br \/>\n<em>Com informa\u00e7\u00f5es do Projeto \u201cRio Grande em A\u00e7\u00e3o\u201d<\/em><\/p>\n<hr \/>\n<p>Publicada 19\/06\/2020<\/p>\n<h2>\u201c4\u00ba Dan\u00e7a Estudantes \u2013 Edi\u00e7\u00e3o Digital\u201d: Per\u00edodo de Inscri\u00e7\u00f5es encerra no dia 22 de junho<\/h2>\n<div id=\"attachment_39115\" style=\"width: 495px\" class=\"wp-caption aligncenter\"><a href=\"http:\/\/www.riogrande.rs.gov.br\/smed\/wp-content\/uploads\/2020\/06\/20200619-ped-danca-image1.jpg\" rel=\"lightbox[39040]\"><img loading=\"lazy\" decoding=\"async\" aria-describedby=\"caption-attachment-39115\" class=\"size-medium wp-image-39115\" src=\"http:\/\/www.riogrande.rs.gov.br\/smed\/wp-content\/uploads\/2020\/06\/20200619-ped-danca-image1-485x230.jpg\" alt=\"\" width=\"485\" height=\"230\" srcset=\"https:\/\/www.riogrande.rs.gov.br\/smed\/wp-content\/uploads\/2020\/06\/20200619-ped-danca-image1-485x230.jpg 485w, https:\/\/www.riogrande.rs.gov.br\/smed\/wp-content\/uploads\/2020\/06\/20200619-ped-danca-image1-768x365.jpg 768w, https:\/\/www.riogrande.rs.gov.br\/smed\/wp-content\/uploads\/2020\/06\/20200619-ped-danca-image1-624x296.jpg 624w, https:\/\/www.riogrande.rs.gov.br\/smed\/wp-content\/uploads\/2020\/06\/20200619-ped-danca-image1.jpg 800w\" sizes=\"(max-width: 485px) 100vw, 485px\" \/><\/a><p id=\"caption-attachment-39115\" class=\"wp-caption-text\">Divulga\u00e7\u00e3o<\/p><\/div>\n<p style=\"text-align: justify;\"><span style=\"font-weight: 400;\">A Secretaria de Munic\u00edpio da Educa\u00e7\u00e3o de Rio Grande (SMEd), atrav\u00e9s da EMIE Ney Amado Costa, em a\u00e7\u00e3o conjunta com o Projeto Rio Grande em A\u00e7\u00e3o, e em parceria com a Universidade Federal do Rio Grande (FURG), atrav\u00e9s da Diretoria de Arte e Cultura\/DAC, promove a 4\u00aa edi\u00e7\u00e3o do Festival \u201cDan\u00e7a Estudantes\u201d.<\/span><\/p>\n<p style=\"text-align: justify;\"><span style=\"font-weight: 400;\">O per\u00edodo de inscri\u00e7\u00f5es para o \u201cDan\u00e7a Estudantes\u201d, que neste ano acontecer\u00e1 no formato digital, considerando as orienta\u00e7\u00f5es de distanciamento social devido \u00e0 COVID-19, encerra na pr\u00f3xima segunda-feira, dia 22 de junho de 2020.<\/span><\/p>\n<p style=\"text-align: justify;\"><span style=\"font-weight: 400;\">O Festival \u201cDan\u00e7a Estudantes\u201d promover\u00e1 o interc\u00e2mbio entre as produ\u00e7\u00f5es art\u00edsticas realizadas pelos(as) alunos(as) de Escolas de Educa\u00e7\u00e3o B\u00e1sica, professores(as), core\u00f3grafos(as), praticantes e amantes da Dan\u00e7a, que tiverem o interesse em apresentar suas composi\u00e7\u00f5es coreogr\u00e1ficas.<\/span><\/p>\n<p style=\"text-align: justify;\"><span style=\"font-weight: 400;\">\u201c<\/span><b>O momento \u00e9 de distanciamento social, mas vamos, juntos, cada um na sua casa, movimentar o corpo, a alma e a mente. Vamos nos unir pelo amor \u00e0 Dan\u00e7a, nos reconectar com quem somos e com nossos sonhos<\/b><span style=\"font-weight: 400;\">\u201d, destacou Denise Prado Costa, coordenadora do Festival \u201cDan\u00e7a Estudantes\u201d.<\/span><\/p>\n<p style=\"text-align: justify;\"><span style=\"font-weight: 400;\">Todas as coreografias classificadas em 1\u00ba, 2\u00ba e 3\u00ba lugares receber\u00e3o Premia\u00e7\u00e3o Digital. As coreografias ser\u00e3o avaliadas por uma comiss\u00e3o julgadora especial que n\u00e3o levar\u00e1 em conta t\u00e9cnicas perfeccionistas e, sim, os trabalhos de melhor execu\u00e7\u00e3o e originalidade, respeitando as potencialidades dos(as) participantes<\/span><\/p>\n<p style=\"text-align: justify;\"><span style=\"font-weight: 400;\">As inscri\u00e7\u00f5es das composi\u00e7\u00f5es coreogr\u00e1ficas\/solos ser\u00e3o gratuitas. Para realizar a inscri\u00e7\u00e3o e obter maiores informa\u00e7\u00f5es sobre a edi\u00e7\u00e3o digital do \u201cDan\u00e7a Estudantes\u201d, acesse o site: <\/span><a href=\"http:\/\/www.dancaestudantes.com.br\/index.html\" target=\"_blank\" rel=\"noopener noreferrer\"><b>http:\/\/www.dancaestudantes.com.br\/index.html<\/b><\/a><\/p>\n<p><span style=\"font-weight: 400;\">\u00a0<\/span><\/p>\n<p style=\"text-align: right;\"><em>SMEd<\/em><br \/>\n<em>Roberton Reis<\/em><\/p>\n<hr \/>\n<p>Publicada 02\/06\/2020<\/p>\n<h2>\u201c4\u00ba Dan\u00e7a Estudantes &#8211; Edi\u00e7\u00e3o Digital\u201d: Per\u00edodo de Inscri\u00e7\u00f5es iniciou no dia 1\u00ba de junho<\/h2>\n\n\t\t<style type=\"text\/css\">\n\t\t\t#gallery-2 {\n\t\t\t\tmargin: auto;\n\t\t\t}\n\t\t\t#gallery-2 .gallery-item {\n\t\t\t\tfloat: left;\n\t\t\t\tmargin-top: 10px;\n\t\t\t\ttext-align: center;\n\t\t\t\twidth: 33%;\n\t\t\t}\n\t\t\t#gallery-2 img {\n\t\t\t\tborder: 2px solid #cfcfcf;\n\t\t\t}\n\t\t\t#gallery-2 .gallery-caption {\n\t\t\t\tmargin-left: 0;\n\t\t\t}\n\t\t\t\/* see gallery_shortcode() in wp-includes\/media.php *\/\n\t\t<\/style>\n\t\t<div id='gallery-2' class='gallery galleryid-39040 gallery-columns-3 gallery-size-thumbnail'><dl class='gallery-item'>\n\t\t\t<dt class='gallery-icon landscape'>\n\t\t\t\t<a href='https:\/\/www.riogrande.rs.gov.br\/smed\/wp-content\/uploads\/2020\/06\/20200602-ped-danca-image1.jpg' rel=\"lightbox[39040]\"><img loading=\"lazy\" decoding=\"async\" width=\"150\" height=\"150\" src=\"https:\/\/www.riogrande.rs.gov.br\/smed\/wp-content\/uploads\/2020\/06\/20200602-ped-danca-image1-150x150.jpg\" class=\"attachment-thumbnail size-thumbnail\" alt=\"\" aria-describedby=\"gallery-2-39033\" \/><\/a>\n\t\t\t<\/dt>\n\t\t\t\t<dd class='wp-caption-text gallery-caption' id='gallery-2-39033'>\n\t\t\t\tDivulga\u00e7\u00e3o\n\t\t\t\t<\/dd><\/dl><dl class='gallery-item'>\n\t\t\t<dt class='gallery-icon landscape'>\n\t\t\t\t<a href='https:\/\/www.riogrande.rs.gov.br\/smed\/wp-content\/uploads\/2020\/06\/20200602-ped-danca-image2.jpg' rel=\"lightbox[39040]\"><img loading=\"lazy\" decoding=\"async\" width=\"150\" height=\"150\" src=\"https:\/\/www.riogrande.rs.gov.br\/smed\/wp-content\/uploads\/2020\/06\/20200602-ped-danca-image2-150x150.jpg\" class=\"attachment-thumbnail size-thumbnail\" alt=\"\" aria-describedby=\"gallery-2-39034\" \/><\/a>\n\t\t\t<\/dt>\n\t\t\t\t<dd class='wp-caption-text gallery-caption' id='gallery-2-39034'>\n\t\t\t\tDivulga\u00e7\u00e3o\n\t\t\t\t<\/dd><\/dl><dl class='gallery-item'>\n\t\t\t<dt class='gallery-icon landscape'>\n\t\t\t\t<a href='https:\/\/www.riogrande.rs.gov.br\/smed\/wp-content\/uploads\/2020\/06\/20200602-ped-danca-image3.jpg' rel=\"lightbox[39040]\"><img loading=\"lazy\" decoding=\"async\" width=\"150\" height=\"150\" src=\"https:\/\/www.riogrande.rs.gov.br\/smed\/wp-content\/uploads\/2020\/06\/20200602-ped-danca-image3-150x150.jpg\" class=\"attachment-thumbnail size-thumbnail\" alt=\"\" aria-describedby=\"gallery-2-39035\" \/><\/a>\n\t\t\t<\/dt>\n\t\t\t\t<dd class='wp-caption-text gallery-caption' id='gallery-2-39035'>\n\t\t\t\tDivulga\u00e7\u00e3o\n\t\t\t\t<\/dd><\/dl><br style=\"clear: both\" \/><dl class='gallery-item'>\n\t\t\t<dt class='gallery-icon landscape'>\n\t\t\t\t<a href='https:\/\/www.riogrande.rs.gov.br\/smed\/wp-content\/uploads\/2020\/06\/20200602-ped-danca-image4.jpg' rel=\"lightbox[39040]\"><img loading=\"lazy\" decoding=\"async\" width=\"150\" height=\"150\" src=\"https:\/\/www.riogrande.rs.gov.br\/smed\/wp-content\/uploads\/2020\/06\/20200602-ped-danca-image4-150x150.jpg\" class=\"attachment-thumbnail size-thumbnail\" alt=\"\" aria-describedby=\"gallery-2-39036\" \/><\/a>\n\t\t\t<\/dt>\n\t\t\t\t<dd class='wp-caption-text gallery-caption' id='gallery-2-39036'>\n\t\t\t\tDivulga\u00e7\u00e3o\n\t\t\t\t<\/dd><\/dl><dl class='gallery-item'>\n\t\t\t<dt class='gallery-icon landscape'>\n\t\t\t\t<a href='https:\/\/www.riogrande.rs.gov.br\/smed\/wp-content\/uploads\/2020\/06\/20200602-ped-danca-image5.jpg' rel=\"lightbox[39040]\"><img loading=\"lazy\" decoding=\"async\" width=\"150\" height=\"150\" src=\"https:\/\/www.riogrande.rs.gov.br\/smed\/wp-content\/uploads\/2020\/06\/20200602-ped-danca-image5-150x150.jpg\" class=\"attachment-thumbnail size-thumbnail\" alt=\"\" aria-describedby=\"gallery-2-39037\" \/><\/a>\n\t\t\t<\/dt>\n\t\t\t\t<dd class='wp-caption-text gallery-caption' id='gallery-2-39037'>\n\t\t\t\tDivulga\u00e7\u00e3o\n\t\t\t\t<\/dd><\/dl><dl class='gallery-item'>\n\t\t\t<dt class='gallery-icon landscape'>\n\t\t\t\t<a href='https:\/\/www.riogrande.rs.gov.br\/smed\/wp-content\/uploads\/2020\/06\/20200602-ped-danca-image6.jpg' rel=\"lightbox[39040]\"><img loading=\"lazy\" decoding=\"async\" width=\"150\" height=\"150\" src=\"https:\/\/www.riogrande.rs.gov.br\/smed\/wp-content\/uploads\/2020\/06\/20200602-ped-danca-image6-150x150.jpg\" class=\"attachment-thumbnail size-thumbnail\" alt=\"\" aria-describedby=\"gallery-2-39038\" \/><\/a>\n\t\t\t<\/dt>\n\t\t\t\t<dd class='wp-caption-text gallery-caption' id='gallery-2-39038'>\n\t\t\t\tDivulga\u00e7\u00e3o\n\t\t\t\t<\/dd><\/dl><br style=\"clear: both\" \/>\n\t\t<\/div>\n\n<p style=\"text-align: justify;\">A Secretaria de Munic\u00edpio da Educa\u00e7\u00e3o de Rio Grande (SMEd), atrav\u00e9s da EMIE Ney Amado Costa, em a\u00e7\u00e3o conjunta com o Projeto Rio Grande em A\u00e7\u00e3o, e em parceria com a Universidade Federal do Rio Grande (FURG), atrav\u00e9s da Diretoria de Arte e Cultura\/DAC, promove a 4\u00aa edi\u00e7\u00e3o do Festival \u201cDan\u00e7a Estudantes\u201d.<\/p>\n<p style=\"text-align: justify;\">O per\u00edodo de inscri\u00e7\u00f5es para o \u201cDan\u00e7a Estudantes\u201d, que neste ano acontecer\u00e1 no formato digital, considerando as orienta\u00e7\u00f5es de distanciamento social devido \u00e0 COVID-19, \u00e9 de 1\u00ba a 22 de junho de 2020.<\/p>\n<p style=\"text-align: justify;\">O Festival \u201cDan\u00e7a Estudantes\u201d promover\u00e1 o interc\u00e2mbio entre as produ\u00e7\u00f5es art\u00edsticas realizadas pelos(as) alunos(as) de Escolas de Educa\u00e7\u00e3o B\u00e1sica, professores(as), core\u00f3grafos(as), praticantes e amantes da Dan\u00e7a, que tiverem o interesse em apresentar suas composi\u00e7\u00f5es coreogr\u00e1ficas.<\/p>\n<p style=\"text-align: justify;\">\u201c<b>O momento \u00e9 de distanciamento social, mas vamos, juntos, cada um na sua casa, movimentar o corpo, a alma e a mente. Vamos nos unir pelo amor \u00e0 Dan\u00e7a, nos reconectar com quem somos e com nossos sonhos<\/b>\u201d, destacou Denise Prado Costa, coordenadora do Festival \u201cDan\u00e7a Estudantes\u201d.<\/p>\n<p style=\"text-align: justify;\">Todas as coreografias classificadas em 1\u00ba, 2\u00ba e 3\u00ba lugares receber\u00e3o Premia\u00e7\u00e3o Digital. As coreografias ser\u00e3o avaliadas por uma comiss\u00e3o julgadora especial que n\u00e3o levar\u00e1 em conta t\u00e9cnicas perfeccionistas e, sim, os trabalhos de melhor execu\u00e7\u00e3o e originalidade, respeitando as potencialidades dos(as) participantes<\/p>\n<p style=\"text-align: justify;\">As inscri\u00e7\u00f5es das composi\u00e7\u00f5es coreogr\u00e1ficas\/solos ser\u00e3o gratuitas. Para realizar a inscri\u00e7\u00e3o e obter maiores informa\u00e7\u00f5es sobre a edi\u00e7\u00e3o digital do \u201cDan\u00e7a Estudantes\u201d, acesse o site: <strong><a href=\"http:\/\/www.dancaestudantes.com.br\/index.html\" target=\"_blank\" rel=\"noopener noreferrer\">http:\/\/www.dancaestudantes.com.br\/index.html<\/a><\/strong><\/p>\n<p>&nbsp;<\/p>\n<p style=\"text-align: right;\"><em>SMEd<\/em><br \/>\n<em>Roberton Reis<\/em><\/p>\n","protected":false},"excerpt":{"rendered":"<p>Publicada 02\/07\/2020 \u201c4\u00ba Dan\u00e7a Estudantes \u2013 Edi\u00e7\u00e3o Digital\u201d: Divulgados os resultados finais A Secretaria de Munic\u00edpio da Educa\u00e7\u00e3o de Rio Grande (SMEd), atrav\u00e9s da EMIE Ney Amado Costa, em a\u00e7\u00e3o conjunta com o Projeto Rio Grande em A\u00e7\u00e3o, e em parceria com a Universidade Federal do Rio Grande (FURG), atrav\u00e9s da Diretoria de Arte e [&hellip;]<\/p>\n","protected":false},"author":7,"featured_media":0,"parent":38239,"menu_order":6,"comment_status":"closed","ping_status":"closed","template":"","meta":{"footnotes":""},"class_list":["post-39040","page","type-page","status-publish","hentry"],"_links":{"self":[{"href":"https:\/\/www.riogrande.rs.gov.br\/smed\/index.php?rest_route=\/wp\/v2\/pages\/39040"}],"collection":[{"href":"https:\/\/www.riogrande.rs.gov.br\/smed\/index.php?rest_route=\/wp\/v2\/pages"}],"about":[{"href":"https:\/\/www.riogrande.rs.gov.br\/smed\/index.php?rest_route=\/wp\/v2\/types\/page"}],"author":[{"embeddable":true,"href":"https:\/\/www.riogrande.rs.gov.br\/smed\/index.php?rest_route=\/wp\/v2\/users\/7"}],"replies":[{"embeddable":true,"href":"https:\/\/www.riogrande.rs.gov.br\/smed\/index.php?rest_route=%2Fwp%2Fv2%2Fcomments&post=39040"}],"version-history":[{"count":5,"href":"https:\/\/www.riogrande.rs.gov.br\/smed\/index.php?rest_route=\/wp\/v2\/pages\/39040\/revisions"}],"predecessor-version":[{"id":39150,"href":"https:\/\/www.riogrande.rs.gov.br\/smed\/index.php?rest_route=\/wp\/v2\/pages\/39040\/revisions\/39150"}],"up":[{"embeddable":true,"href":"https:\/\/www.riogrande.rs.gov.br\/smed\/index.php?rest_route=\/wp\/v2\/pages\/38239"}],"wp:attachment":[{"href":"https:\/\/www.riogrande.rs.gov.br\/smed\/index.php?rest_route=%2Fwp%2Fv2%2Fmedia&parent=39040"}],"curies":[{"name":"wp","href":"https:\/\/api.w.org\/{rel}","templated":true}]}}