{"id":38750,"date":"2020-03-13T14:52:59","date_gmt":"2020-03-13T17:52:59","guid":{"rendered":"http:\/\/www.riogrande.rs.gov.br\/smed\/?page_id=38750"},"modified":"2020-03-13T15:17:14","modified_gmt":"2020-03-13T18:17:14","slug":"16a-obmep","status":"publish","type":"page","link":"https:\/\/www.riogrande.rs.gov.br\/smed\/?page_id=38750","title":{"rendered":"16\u00aa OBMEP"},"content":{"rendered":"<hr \/>\n<p>Publicada 13\/03\/2020<\/p>\n<h2>16\u00aa OBMEP: Inscri\u00e7\u00f5es abertas<\/h2>\n<div id=\"attachment_38748\" style=\"width: 495px\" class=\"wp-caption aligncenter\"><a href=\"http:\/\/www.riogrande.rs.gov.br\/smed\/wp-content\/uploads\/2020\/03\/20200313-ped-obmep-image1.jpg\" rel=\"lightbox[38750]\"><img loading=\"lazy\" decoding=\"async\" aria-describedby=\"caption-attachment-38748\" class=\"size-medium wp-image-38748\" src=\"http:\/\/www.riogrande.rs.gov.br\/smed\/wp-content\/uploads\/2020\/03\/20200313-ped-obmep-image1-485x319.jpg\" alt=\"\" width=\"485\" height=\"319\" srcset=\"https:\/\/www.riogrande.rs.gov.br\/smed\/wp-content\/uploads\/2020\/03\/20200313-ped-obmep-image1-485x319.jpg 485w, https:\/\/www.riogrande.rs.gov.br\/smed\/wp-content\/uploads\/2020\/03\/20200313-ped-obmep-image1.jpg 500w\" sizes=\"(max-width: 485px) 100vw, 485px\" \/><\/a><p id=\"caption-attachment-38748\" class=\"wp-caption-text\">Divulga\u00e7\u00e3o<\/p><\/div>\n<p><span style=\"font-weight: 400;\">Com informa\u00e7\u00f5es: <\/span><strong><a href=\"http:\/\/www.obmep.org.br\/\" target=\"_blank\" rel=\"noopener noreferrer\">www.obmep.org.br<\/a><\/strong><\/p>\n<p style=\"text-align: justify;\"><span style=\"font-weight: 400;\">Est\u00e3o abertas as inscri\u00e7\u00f5es para a 16\u00aa Olimp\u00edada Brasileira de Matem\u00e1tica das Escolas P\u00fablicas (OBMEP) de 2020. A competi\u00e7\u00e3o envolve a participa\u00e7\u00e3o de escolas das redes p\u00fablica e privada de todo o pa\u00eds. As escolas devem fazer o cadastro dos estudantes mediante o preenchimento da ficha de inscri\u00e7\u00e3o, dispon\u00edvel no site da OBMEP. Os estudantes que desejam participar da OBMEP 2020 devem entrar em contato diretamente com o<\/span><b> respons\u00e1vel pela olimp\u00edada na escola<\/b><span style=\"font-weight: 400;\">. O prazo vai at\u00e9 as 23h59 de 20 de mar\u00e7o.<\/span><\/p>\n<p style=\"text-align: justify;\"><!--more--><\/p>\n<p style=\"text-align: justify;\"><span style=\"font-weight: 400;\">Podem participar escolas municipais, estaduais, federais e privadas, que atuem nos segmentos do 6\u00ba ao 9\u00ba ano do Ensino Fundamental e todo o Ensino M\u00e9dio. Para as escolas p\u00fablicas as inscri\u00e7\u00f5es s\u00e3o gratuitas. J\u00e1 as escolas privadas dever\u00e3o pagar uma taxa de inscri\u00e7\u00e3o, ficando estabelecida a <\/span><b>taxa m\u00ednima de inscri\u00e7\u00e3o no valor de R$ 180,00 (cento e oitenta reais) para cada n\u00edvel.<\/b><\/p>\n<p style=\"text-align: justify;\"><b>Os n\u00edveis<\/b><b>\u00a0<\/b><\/p>\n<p style=\"text-align: justify;\"><span style=\"font-weight: 400;\">A OBMEP \u00e9 dividida em tr\u00eas n\u00edveis, de acordo com o grau de escolaridade dos estudantes. O n\u00edvel 1 \u00e9 voltado para os alunos do 6\u00ba ou 7\u00ba ano do ensino fundamental, o n\u00edvel 2 para os alunos do 8\u00ba ou 9\u00ba ano do ensino fundamental, e o n\u00edvel 3 para os alunos de todas as s\u00e9ries do ensino m\u00e9dio. Jovens e adultos, matriculados na modalidade EJA, tamb\u00e9m podem ser inscritos pela escola, conforme os n\u00edveis descritos anteriormente.<\/span><\/p>\n<p style=\"text-align: justify;\"><b>As fases<\/b><b>\u00a0<\/b><\/p>\n<p style=\"text-align: justify;\"><span style=\"font-weight: 400;\">Em 2019, mais de 18 milh\u00f5es de estudantes oriundos de 99,71% dos munic\u00edpios brasileiros participaram da olimp\u00edada, que \u00e9 aplicada em duas fases. Este ano a prova da 1\u00aa Fase ocorrer\u00e1 em 26 de maio e estar\u00e1 composta por uma prova de 20 quest\u00f5es de m\u00faltipla escolha. A segunda fase, que consiste em uma prova discursiva de seis quest\u00f5es, ser\u00e1 aplicada em 26 de setembro apenas aos alunos classificados. A divulga\u00e7\u00e3o dos premiados est\u00e1 prevista para acontecer dia 8 de dezembro.<\/span><b>\u00a0<\/b><\/p>\n<p style=\"text-align: justify;\"><b>A premia\u00e7\u00e3o<\/b><\/p>\n<p style=\"text-align: justify;\"><b>\u00a0<\/b><span style=\"font-weight: 400;\">Os alunos com melhor desempenho na competi\u00e7\u00e3o ser\u00e3o premiados com medalhas de ouro, prata, bronze ou certificados de men\u00e7\u00e3o honrosa. Todos os medalhistas ser\u00e3o convidados a participar do <\/span><strong><a href=\"http:\/\/www.obmep.org.br\/pic.htm\">Programa de Inicia\u00e7\u00e3o Cient\u00edfica Jr. (PIC)<\/a><\/strong><span style=\"font-weight: 400;\"> . Os professores das escolas tamb\u00e9m recebem pr\u00eamios.<\/span><\/p>\n<p style=\"text-align: justify;\"><span style=\"font-weight: 400;\">Para realizar a inscri\u00e7\u00e3o ou obter maiores informa\u00e7\u00f5es, acesse<\/span> <a href=\"http:\/\/www.obmep.org.br\/index.htm\" target=\"_blank\" rel=\"noopener noreferrer\"><b>aqui<\/b><\/a><span style=\"font-weight: 400;\">.<\/span><\/p>\n","protected":false},"excerpt":{"rendered":"<p>Publicada 13\/03\/2020 16\u00aa OBMEP: Inscri\u00e7\u00f5es abertas Com informa\u00e7\u00f5es: www.obmep.org.br Est\u00e3o abertas as inscri\u00e7\u00f5es para a 16\u00aa Olimp\u00edada Brasileira de Matem\u00e1tica das Escolas P\u00fablicas (OBMEP) de 2020. A competi\u00e7\u00e3o envolve a participa\u00e7\u00e3o de escolas das redes p\u00fablica e privada de todo o pa\u00eds. As escolas devem fazer o cadastro dos estudantes mediante o preenchimento da ficha [&hellip;]<\/p>\n","protected":false},"author":7,"featured_media":0,"parent":38239,"menu_order":5,"comment_status":"closed","ping_status":"closed","template":"","meta":{"footnotes":""},"class_list":["post-38750","page","type-page","status-publish","hentry"],"_links":{"self":[{"href":"https:\/\/www.riogrande.rs.gov.br\/smed\/index.php?rest_route=\/wp\/v2\/pages\/38750"}],"collection":[{"href":"https:\/\/www.riogrande.rs.gov.br\/smed\/index.php?rest_route=\/wp\/v2\/pages"}],"about":[{"href":"https:\/\/www.riogrande.rs.gov.br\/smed\/index.php?rest_route=\/wp\/v2\/types\/page"}],"author":[{"embeddable":true,"href":"https:\/\/www.riogrande.rs.gov.br\/smed\/index.php?rest_route=\/wp\/v2\/users\/7"}],"replies":[{"embeddable":true,"href":"https:\/\/www.riogrande.rs.gov.br\/smed\/index.php?rest_route=%2Fwp%2Fv2%2Fcomments&post=38750"}],"version-history":[{"count":2,"href":"https:\/\/www.riogrande.rs.gov.br\/smed\/index.php?rest_route=\/wp\/v2\/pages\/38750\/revisions"}],"predecessor-version":[{"id":38758,"href":"https:\/\/www.riogrande.rs.gov.br\/smed\/index.php?rest_route=\/wp\/v2\/pages\/38750\/revisions\/38758"}],"up":[{"embeddable":true,"href":"https:\/\/www.riogrande.rs.gov.br\/smed\/index.php?rest_route=\/wp\/v2\/pages\/38239"}],"wp:attachment":[{"href":"https:\/\/www.riogrande.rs.gov.br\/smed\/index.php?rest_route=%2Fwp%2Fv2%2Fmedia&parent=38750"}],"curies":[{"name":"wp","href":"https:\/\/api.w.org\/{rel}","templated":true}]}}