{"id":36038,"date":"2019-10-02T22:40:07","date_gmt":"2019-10-03T01:40:07","guid":{"rendered":"http:\/\/www.riogrande.rs.gov.br\/smed\/?page_id=36038"},"modified":"2019-10-05T06:01:25","modified_gmt":"2019-10-05T09:01:25","slug":"referencial-curricular-rio-grandino","status":"publish","type":"page","link":"https:\/\/www.riogrande.rs.gov.br\/smed\/?page_id=36038","title":{"rendered":"Referencial Curricular Rio-grandino"},"content":{"rendered":"<hr \/>\n<p>Publicada 02\/10\/2019<\/p>\n<h2>SMEd divulga a vers\u00e3o preliminar do Referencial Curricular Rio-grandino<\/h2>\n<p style=\"text-align: justify;\">Atendendo \u00e0s Resolu\u00e7\u00f5es do Conselho Nacional de Educa\u00e7\u00e3o N\u00ba 2, de 22 de dezembro de 2017, e do Conselho Estadual de Educa\u00e7\u00e3o N\u00ba 345, de 12 de dezembro de 2018, o Territ\u00f3rio de Rio Grande vem construindo o Referencial Curricular Rio-grandino, em conson\u00e2ncia com as concep\u00e7\u00f5es e objetivos propostos na Base Nacional Comum Curricular (BNCC), bem como no Referencial Curricular Ga\u00facho (RCG).<\/p>\n<p style=\"text-align: justify;\">Em 2019, para a constru\u00e7\u00e3o desse documento, vivenciamos diferentes formas de mobiliza\u00e7\u00e3o, dentre elas: articula\u00e7\u00e3o com o Conselho Municipal de Educa\u00e7\u00e3o (CME), integra\u00e7\u00e3o entre as Redes (Municipal, Estadual e Privada) que comp\u00f5em o Territ\u00f3rio Rio-grandino, movimento de consulta p\u00fablica, constitui\u00e7\u00e3o de uma equipe t\u00e9cnica, estudos e forma\u00e7\u00f5es com professores(as)\/coordenadores(as)\/supervisores(as)\/orientadores(as), momento de escuta dos(as) estudantes e parceria com a Universidade Federal do Rio Grande (FURG).<\/p>\n<p style=\"text-align: justify;\">No per\u00edodo de 02 a 19 de outubro de 2019 ser\u00e1 o momento de cada escola estudar, analisar e contribuir com a vers\u00e3o preliminar do Referencial Curricular Rio-grandino, para que os(as) profissionais da educa\u00e7\u00e3o contribuam na qualifica\u00e7\u00e3o do mesmo, fortalecendo o processo democr\u00e1tico e participativo. Para tanto, indicamos os s\u00e1bados letivos (05\/10\/19 e\/ou 19\/10\/19), bem como os momentos da Hora-atividade para elabora\u00e7\u00e3o de suas contribui\u00e7\u00f5es, as quais devem ser entregues via of\u00edcio, com ata dos(as) participantes, at\u00e9 o dia 22 de outubro de 2019.<\/p>\n<p style=\"text-align: justify;\">A vers\u00e3o preliminar do Referencial Curricular Rio-grandino est\u00e1 dispon\u00edvel no site da Secretaria de Munic\u00edpio da Educa\u00e7\u00e3o de Rio Grande (<a href=\"http:\/\/www.riogrande.rs.gov.br\/smed\" target=\"_blank\" rel=\"noopener noreferrer\"><strong>www.riogrande.rs.gov.br\/smed<\/strong><\/a>), bem como o Instrumento de Registro da an\u00e1lise das escolas na vers\u00e3o preliminar do Documento. Ressaltamos que o instrumento com as contribui\u00e7\u00f5es dever\u00e1 ser enviado por cada institui\u00e7\u00e3o, representando as reflex\u00f5es decididas pelo grupo escolar.<\/p>\n<p>Acesse <a href=\"http:\/\/www.riogrande.rs.gov.br\/smed\/externo\/20191003-ped-referencial_riograndino_educacao_infantil.pdf\" target=\"_blank\" rel=\"noopener noreferrer\"><b>aqui <\/b><\/a>o Referencial Curricular Rio-grandino &#8211; Educa\u00e7\u00e3o Infantil.<br \/>\nAcesse <a href=\"http:\/\/www.riogrande.rs.gov.br\/smed\/wp-content\/uploads\/2019\/10\/20191003-ped-instrumento_educacao_infantil.doc\" target=\"_blank\" rel=\"noopener noreferrer\"><b>aqui <\/b><\/a>o Instrumento de Registro da an\u00e1lise das escolas &#8211; Educa\u00e7\u00e3o Infantil.<\/p>\n<p>Acesse <a href=\"http:\/\/www.riogrande.rs.gov.br\/smed\/externo\/20191002-referencial_riograndino-ensino_fundamental.pdf\" target=\"_blank\" rel=\"noopener noreferrer\"><b>aqui <\/b><\/a>o Referencial Curricular Rio-grandino &#8211; Ensino Fundamental.<br \/>\nAcesse <a href=\"http:\/\/www.riogrande.rs.gov.br\/smed\/wp-content\/uploads\/2019\/10\/20191002-ped-instrumento_ensino_fundamental.doc\" target=\"_blank\" rel=\"noopener noreferrer\"><b>aqui <\/b><\/a>o Instrumento de Registro da an\u00e1lise das escolas\u00a0 &#8211; Ensino Fundamental.<\/p>\n<p style=\"text-align: right;\"><em>SMEd<\/em><\/p>\n","protected":false},"excerpt":{"rendered":"<p>Publicada 02\/10\/2019 SMEd divulga a vers\u00e3o preliminar do Referencial Curricular Rio-grandino Atendendo \u00e0s Resolu\u00e7\u00f5es do Conselho Nacional de Educa\u00e7\u00e3o N\u00ba 2, de 22 de dezembro de 2017, e do Conselho Estadual de Educa\u00e7\u00e3o N\u00ba 345, de 12 de dezembro de 2018, o Territ\u00f3rio de Rio Grande vem construindo o Referencial Curricular Rio-grandino, em conson\u00e2ncia com [&hellip;]<\/p>\n","protected":false},"author":7,"featured_media":0,"parent":31208,"menu_order":23,"comment_status":"closed","ping_status":"closed","template":"","meta":{"footnotes":""},"class_list":["post-36038","page","type-page","status-publish","hentry"],"_links":{"self":[{"href":"https:\/\/www.riogrande.rs.gov.br\/smed\/index.php?rest_route=\/wp\/v2\/pages\/36038"}],"collection":[{"href":"https:\/\/www.riogrande.rs.gov.br\/smed\/index.php?rest_route=\/wp\/v2\/pages"}],"about":[{"href":"https:\/\/www.riogrande.rs.gov.br\/smed\/index.php?rest_route=\/wp\/v2\/types\/page"}],"author":[{"embeddable":true,"href":"https:\/\/www.riogrande.rs.gov.br\/smed\/index.php?rest_route=\/wp\/v2\/users\/7"}],"replies":[{"embeddable":true,"href":"https:\/\/www.riogrande.rs.gov.br\/smed\/index.php?rest_route=%2Fwp%2Fv2%2Fcomments&post=36038"}],"version-history":[{"count":7,"href":"https:\/\/www.riogrande.rs.gov.br\/smed\/index.php?rest_route=\/wp\/v2\/pages\/36038\/revisions"}],"predecessor-version":[{"id":36122,"href":"https:\/\/www.riogrande.rs.gov.br\/smed\/index.php?rest_route=\/wp\/v2\/pages\/36038\/revisions\/36122"}],"up":[{"embeddable":true,"href":"https:\/\/www.riogrande.rs.gov.br\/smed\/index.php?rest_route=\/wp\/v2\/pages\/31208"}],"wp:attachment":[{"href":"https:\/\/www.riogrande.rs.gov.br\/smed\/index.php?rest_route=%2Fwp%2Fv2%2Fmedia&parent=36038"}],"curies":[{"name":"wp","href":"https:\/\/api.w.org\/{rel}","templated":true}]}}