{"id":34162,"date":"2019-06-26T19:46:37","date_gmt":"2019-06-26T22:46:37","guid":{"rendered":"http:\/\/www.riogrande.rs.gov.br\/smed\/?page_id=34162"},"modified":"2019-06-26T20:29:39","modified_gmt":"2019-06-26T23:29:39","slug":"projeto-politico-pedagogico-e-regimento-escolar-das-escolas-da-rede-municipal-de-educacao-de-rio-grande","status":"publish","type":"page","link":"https:\/\/www.riogrande.rs.gov.br\/smed\/?page_id=34162","title":{"rendered":"Projeto Pol\u00edtico Pedag\u00f3gico e Regimento Escolar das Escolas da Rede Municipal de Educa\u00e7\u00e3o de Rio Grande"},"content":{"rendered":"<div id=\"attachment_34164\" style=\"width: 495px\" class=\"wp-caption aligncenter\"><a href=\"http:\/\/www.riogrande.rs.gov.br\/smed\/wp-content\/uploads\/2019\/06\/20190626-ntm-plataforma-image1.jpg\" rel=\"lightbox[34162]\"><img loading=\"lazy\" decoding=\"async\" aria-describedby=\"caption-attachment-34164\" class=\"size-medium wp-image-34164\" src=\"http:\/\/www.riogrande.rs.gov.br\/smed\/wp-content\/uploads\/2019\/06\/20190626-ntm-plataforma-image1-485x364.jpg\" alt=\"\" width=\"485\" height=\"364\" srcset=\"https:\/\/www.riogrande.rs.gov.br\/smed\/wp-content\/uploads\/2019\/06\/20190626-ntm-plataforma-image1-485x364.jpg 485w, https:\/\/www.riogrande.rs.gov.br\/smed\/wp-content\/uploads\/2019\/06\/20190626-ntm-plataforma-image1-768x576.jpg 768w, https:\/\/www.riogrande.rs.gov.br\/smed\/wp-content\/uploads\/2019\/06\/20190626-ntm-plataforma-image1-276x207.jpg 276w, https:\/\/www.riogrande.rs.gov.br\/smed\/wp-content\/uploads\/2019\/06\/20190626-ntm-plataforma-image1.jpg 960w\" sizes=\"(max-width: 485px) 100vw, 485px\" \/><\/a><p id=\"caption-attachment-34164\" class=\"wp-caption-text\">Divulga\u00e7\u00e3o<\/p><\/div>\n<p style=\"text-align: justify;\">Conforme instituem a Resolu\u00e7\u00e3o CNE\/CP n\u00ba 2, de 22 de dezembro de 2017, e a Resolu\u00e7\u00e3o CEEd n\u00ba 345, de 12 de Dezembro de 2018, o ano de 2019 aponta o desafio das Redes implementarem a Base Nacional Comum Curricular (BNCC) em seus curr\u00edculos.<\/p>\n<p style=\"text-align: justify;\">A Rede P\u00fablica Municipal de Educa\u00e7\u00e3o j\u00e1 est\u00e1 imersa no desafio de construir o Referencial Curricular do Territ\u00f3rio de Rio Grande, a\u00e7\u00e3o que j\u00e1 contou com a consulta popular e que vem sendo estudada e dialogada por profissionais da \u00e1rea da Educa\u00e7\u00e3o das Escolas Municipais, Estaduais e Privadas. Concomitante a este processo de reformula\u00e7\u00e3o curricular do territ\u00f3rio, a legisla\u00e7\u00e3o vigente aponta a obrigatoriedade de cada escola revisitar seu Regimento e Projeto Pol\u00edtico Pedag\u00f3gico (PPP), articulando os mesmos \u00e0 BNCC e ao Referencial Curricular Ga\u00facho.<\/p>\n<p style=\"text-align: justify;\">\u00c9 importante salientar que o curr\u00edculo de uma escola vai muito al\u00e9m do que est\u00e1 sendo proposto com a implementa\u00e7\u00e3o da BNCC, pois o \u201c<strong>Curr\u00edculo<\/strong>\u201d n\u00e3o se limita aos conte\u00fados e metodologias, mas compreende toda a din\u00e2mica de funcionamento da escola e as especificidades e cada institui\u00e7\u00e3o de ensino.<\/p>\n<p style=\"text-align: justify;\">Considerando ainda os desafios das Escolas, em esfera Nacional, articularem seus documentos com o cotidiano vivenciado e ainda com a obrigatoriedade proposta nas Diretrizes e Bases da Educa\u00e7\u00e3o, Lei 9394\/96, que \u00e9 envolver a comunidade escolar em seu processo de constru\u00e7\u00e3o\/revisita\u00e7\u00e3o do PPP e do Regimento, a Rede Municipal de Educa\u00e7\u00e3o de Rio Grande lan\u00e7a a Plataforma Digital, uma ferramenta inovadora que auxiliar\u00e1 a gest\u00e3o escolar neste processo de revisita\u00e7\u00e3o de suas documenta\u00e7\u00f5es.<\/p>\n<p style=\"text-align: justify;\">A ferramenta objetiva facilitar a reflex\u00e3o das pr\u00e1ticas de gest\u00e3o democr\u00e1tica e pedag\u00f3gica que ser\u00e3o promovidas nos espa\u00e7os escolares nos pr\u00f3ximos anos. As etapas de preenchimento das documenta\u00e7\u00f5es escolares est\u00e3o articuladas com as discuss\u00f5es do processo formativo proposto pela Secretaria de Munic\u00edpio da Educa\u00e7\u00e3o no ano de 2019: Rela\u00e7\u00e3o Escola e Comunidade, Rela\u00e7\u00e3o Escola e Estudantes, Rela\u00e7\u00e3o Escola e Profissionais da Educa\u00e7\u00e3o e Rela\u00e7\u00e3o Escola e Proposta Pedag\u00f3gica.<\/p>\n<p style=\"text-align: justify;\">Nesta primeira etapa de preenchimento da Plataforma as discuss\u00f5es est\u00e3o articuladas com a Etapa Escola e Comunidade. A etapa estar\u00e1 aberta para o preenchimento dos(as) Gestores(as), Supervisores(as)\/Coordenadores(as) ou Orientadores(as) das escolas at\u00e9 o dia 09 de agosto de 2019.<\/p>\n<p style=\"text-align: justify;\">Em caso de d\u00favidas no que tange ao preenchimento da Plataforma Digital, entrar em contato com a equipe da Assessoria Pedag\u00f3gica, pelo e-mail: <a href=\"mailto:ppp.regimentosmed@gmail.com\" target=\"_blank\" rel=\"noopener noreferrer\"><strong>ppp.regimentosmed@gmail.com<\/strong> <\/a>ou pelo telefone: (53)3233-7292, com as assessoras pedag\u00f3gicas do N\u00facleo de Orienta\u00e7\u00e3o e Supervis\u00e3o da SMEd, Karine Dias Pinto e Tania Tuchtenhagen Clarindo.<\/p>\n<p style=\"text-align: justify;\">Acesse <a href=\"http:\/\/www.riogrande.rs.gov.br\/smed\/?page_id=34166\" target=\"_blank\" rel=\"noopener noreferrer\"><b>aqui <\/b><\/a>para realizar o preenchimento na <a href=\"http:\/\/www.riogrande.rs.gov.br\/smed\/?page_id=34166\" target=\"_blank\" rel=\"noopener noreferrer\"><strong>Plataforma Digital<\/strong><\/a>.<\/p>\n<p style=\"text-align: right;\"><em>SMEd<\/em><br \/>\n<em>Roberton Reis<\/em><\/p>\n","protected":false},"excerpt":{"rendered":"<p>Conforme instituem a Resolu\u00e7\u00e3o CNE\/CP n\u00ba 2, de 22 de dezembro de 2017, e a Resolu\u00e7\u00e3o CEEd n\u00ba 345, de 12 de Dezembro de 2018, o ano de 2019 aponta o desafio das Redes implementarem a Base Nacional Comum Curricular (BNCC) em seus curr\u00edculos. A Rede P\u00fablica Municipal de Educa\u00e7\u00e3o j\u00e1 est\u00e1 imersa no desafio [&hellip;]<\/p>\n","protected":false},"author":7,"featured_media":0,"parent":31208,"menu_order":16,"comment_status":"closed","ping_status":"closed","template":"","meta":{"footnotes":""},"class_list":["post-34162","page","type-page","status-publish","hentry"],"_links":{"self":[{"href":"https:\/\/www.riogrande.rs.gov.br\/smed\/index.php?rest_route=\/wp\/v2\/pages\/34162"}],"collection":[{"href":"https:\/\/www.riogrande.rs.gov.br\/smed\/index.php?rest_route=\/wp\/v2\/pages"}],"about":[{"href":"https:\/\/www.riogrande.rs.gov.br\/smed\/index.php?rest_route=\/wp\/v2\/types\/page"}],"author":[{"embeddable":true,"href":"https:\/\/www.riogrande.rs.gov.br\/smed\/index.php?rest_route=\/wp\/v2\/users\/7"}],"replies":[{"embeddable":true,"href":"https:\/\/www.riogrande.rs.gov.br\/smed\/index.php?rest_route=%2Fwp%2Fv2%2Fcomments&post=34162"}],"version-history":[{"count":4,"href":"https:\/\/www.riogrande.rs.gov.br\/smed\/index.php?rest_route=\/wp\/v2\/pages\/34162\/revisions"}],"predecessor-version":[{"id":34179,"href":"https:\/\/www.riogrande.rs.gov.br\/smed\/index.php?rest_route=\/wp\/v2\/pages\/34162\/revisions\/34179"}],"up":[{"embeddable":true,"href":"https:\/\/www.riogrande.rs.gov.br\/smed\/index.php?rest_route=\/wp\/v2\/pages\/31208"}],"wp:attachment":[{"href":"https:\/\/www.riogrande.rs.gov.br\/smed\/index.php?rest_route=%2Fwp%2Fv2%2Fmedia&parent=34162"}],"curies":[{"name":"wp","href":"https:\/\/api.w.org\/{rel}","templated":true}]}}