{"id":32105,"date":"2019-04-12T17:47:27","date_gmt":"2019-04-12T20:47:27","guid":{"rendered":"http:\/\/www.riogrande.rs.gov.br\/smed\/?page_id=32105"},"modified":"2019-04-12T17:47:48","modified_gmt":"2019-04-12T20:47:48","slug":"32105-2","status":"publish","type":"page","link":"https:\/\/www.riogrande.rs.gov.br\/smed\/?page_id=32105","title":{"rendered":"Reflex\u00f5es sobre a aprendizagem do Campo Conceitual Multiplicativo no Ciclo de Alfabetiza\u00e7\u00e3o"},"content":{"rendered":"<hr \/>\n<p>Publicada 12\/04\/2019<\/p>\n<h2>Curso de Forma\u00e7\u00e3o Continuada \u201cReflex\u00f5es sobre a aprendizagem do Campo Conceitual Multiplicativo no Ciclo de Alfabetiza\u00e7\u00e3o\u201d<\/h2>\n<p style=\"text-align: justify;\">A Universidade Federal de Pelotas (UFPel), atrav\u00e9s do Programa de P\u00f3s-Gradua\u00e7\u00e3o em Ensino de Ci\u00eancias e Matem\u00e1tica &#8211; Mestrado Profissional (PPGECM), promove o Curso de Forma\u00e7\u00e3o Continuada \u201c<b>Reflex\u00f5es sobre a aprendizagem do Campo Conceitual Multiplicativo no Ciclo de Alfabetiza\u00e7\u00e3o<\/b>\u201d com certifica\u00e7\u00e3o de 40 horas, destinado a professores(as) que atuam no Ciclo de Alfabetiza\u00e7\u00e3o.<\/p>\n<p style=\"text-align: justify;\">Ser\u00e3o ofertadas 20 vagas e as inscri\u00e7\u00f5es poder\u00e3o ser realizadas at\u00e9 o dia 26\/04\/2019, atrav\u00e9s de preenchimento da ficha de inscri\u00e7\u00e3o, dispon\u00edvel no site <strong><a href=\"http:\/\/www.riogrande.rs.gov.br\/smed\/\" target=\"_blank\" rel=\"noopener noreferrer\">http:\/\/www.riogrande.rs.gov.br\/smed\/<\/a><\/strong> ou no endere\u00e7o <strong><a href=\"https:\/\/forms.gle\/R3N8SMz5GCo3gLkg6\" target=\"_blank\" rel=\"noopener noreferrer\">https:\/\/forms.gle\/R3N8SMz5GCo3gLkg6<\/a>.<\/strong><\/p>\n<p style=\"text-align: justify;\">O Curso, que ter\u00e1 6 encontros presenciais de 4 horas e atividades a dist\u00e2ncia, far\u00e1 parte de um projeto de pesquisa em desenvolvimento no PPGECM. Maiores informa\u00e7\u00f5es, com Leila Mello, pelo e-mail <a href=\"mailto:profleilamello@gmail.com\" target=\"_blank\" rel=\"noopener noreferrer\"><strong>profleilamello@gmail.com<\/strong><\/a> ou pelo telefone(53) 99965-1303.<\/p>\n<p style=\"text-align: right;\"><em>SMEd<\/em><br \/>\n<em>Roberton Reis<\/em><br \/>\n<em>Com informa\u00e7\u00f5es da UFPel<\/em><\/p>\n","protected":false},"excerpt":{"rendered":"<p>Publicada 12\/04\/2019 Curso de Forma\u00e7\u00e3o Continuada \u201cReflex\u00f5es sobre a aprendizagem do Campo Conceitual Multiplicativo no Ciclo de Alfabetiza\u00e7\u00e3o\u201d A Universidade Federal de Pelotas (UFPel), atrav\u00e9s do Programa de P\u00f3s-Gradua\u00e7\u00e3o em Ensino de Ci\u00eancias e Matem\u00e1tica &#8211; Mestrado Profissional (PPGECM), promove o Curso de Forma\u00e7\u00e3o Continuada \u201cReflex\u00f5es sobre a aprendizagem do Campo Conceitual Multiplicativo no Ciclo [&hellip;]<\/p>\n","protected":false},"author":7,"featured_media":0,"parent":31208,"menu_order":8,"comment_status":"closed","ping_status":"closed","template":"","meta":{"footnotes":""},"class_list":["post-32105","page","type-page","status-publish","hentry"],"_links":{"self":[{"href":"https:\/\/www.riogrande.rs.gov.br\/smed\/index.php?rest_route=\/wp\/v2\/pages\/32105"}],"collection":[{"href":"https:\/\/www.riogrande.rs.gov.br\/smed\/index.php?rest_route=\/wp\/v2\/pages"}],"about":[{"href":"https:\/\/www.riogrande.rs.gov.br\/smed\/index.php?rest_route=\/wp\/v2\/types\/page"}],"author":[{"embeddable":true,"href":"https:\/\/www.riogrande.rs.gov.br\/smed\/index.php?rest_route=\/wp\/v2\/users\/7"}],"replies":[{"embeddable":true,"href":"https:\/\/www.riogrande.rs.gov.br\/smed\/index.php?rest_route=%2Fwp%2Fv2%2Fcomments&post=32105"}],"version-history":[{"count":2,"href":"https:\/\/www.riogrande.rs.gov.br\/smed\/index.php?rest_route=\/wp\/v2\/pages\/32105\/revisions"}],"predecessor-version":[{"id":32107,"href":"https:\/\/www.riogrande.rs.gov.br\/smed\/index.php?rest_route=\/wp\/v2\/pages\/32105\/revisions\/32107"}],"up":[{"embeddable":true,"href":"https:\/\/www.riogrande.rs.gov.br\/smed\/index.php?rest_route=\/wp\/v2\/pages\/31208"}],"wp:attachment":[{"href":"https:\/\/www.riogrande.rs.gov.br\/smed\/index.php?rest_route=%2Fwp%2Fv2%2Fmedia&parent=32105"}],"curies":[{"name":"wp","href":"https:\/\/api.w.org\/{rel}","templated":true}]}}