{"id":32045,"date":"2019-04-12T13:55:47","date_gmt":"2019-04-12T16:55:47","guid":{"rendered":"http:\/\/www.riogrande.rs.gov.br\/smed\/?page_id=32045"},"modified":"2019-05-03T16:46:06","modified_gmt":"2019-05-03T19:46:06","slug":"consulta-popular","status":"publish","type":"page","link":"https:\/\/www.riogrande.rs.gov.br\/smed\/?page_id=32045","title":{"rendered":"Consulta Popular Rio-grandina"},"content":{"rendered":"<p>Publicada 03\/05\/2019<\/p>\n<h2>Consulta Popular Rio-grandina receber\u00e1 contribui\u00e7\u00f5es da Comunidade Escolar at\u00e9 dia 20 de maio<\/h2>\n<div id=\"attachment_32247\" style=\"width: 495px\" class=\"wp-caption aligncenter\"><a href=\"http:\/\/www.riogrande.rs.gov.br\/smed\/wp-content\/uploads\/2019\/04\/20190418-consulta_popular2-imagem1.jpg\" rel=\"lightbox[32045]\"><img loading=\"lazy\" decoding=\"async\" aria-describedby=\"caption-attachment-32247\" class=\"size-medium wp-image-32247\" src=\"http:\/\/www.riogrande.rs.gov.br\/smed\/wp-content\/uploads\/2019\/04\/20190418-consulta_popular2-imagem1-485x485.jpg\" alt=\"\" width=\"485\" height=\"485\" srcset=\"https:\/\/www.riogrande.rs.gov.br\/smed\/wp-content\/uploads\/2019\/04\/20190418-consulta_popular2-imagem1-485x485.jpg 485w, https:\/\/www.riogrande.rs.gov.br\/smed\/wp-content\/uploads\/2019\/04\/20190418-consulta_popular2-imagem1-150x150.jpg 150w, https:\/\/www.riogrande.rs.gov.br\/smed\/wp-content\/uploads\/2019\/04\/20190418-consulta_popular2-imagem1-768x768.jpg 768w, https:\/\/www.riogrande.rs.gov.br\/smed\/wp-content\/uploads\/2019\/04\/20190418-consulta_popular2-imagem1-207x207.jpg 207w, https:\/\/www.riogrande.rs.gov.br\/smed\/wp-content\/uploads\/2019\/04\/20190418-consulta_popular2-imagem1.jpg 800w\" sizes=\"(max-width: 485px) 100vw, 485px\" \/><\/a><p id=\"caption-attachment-32247\" class=\"wp-caption-text\">Divulga\u00e7\u00e3o<\/p><\/div>\n<p style=\"text-align: justify;\">A Secretaria de Munic\u00edpio da Educa\u00e7\u00e3o de Rio Grande (SMEd) informa que foi prorrogado at\u00e9 o dia 20 de maio o per\u00edodo em que estar\u00e1 aberta a Consulta Popular Rio-grandina, que tem por objetivo coletar contribui\u00e7\u00f5es da comunidade escolar da rede municipal, estadual e particular da cidade do Rio Grande (estudantes, professores, pais\/respons\u00e1veis, profissionais da educa\u00e7\u00e3o e comunidade em geral), visando a constru\u00e7\u00e3o do Referencial Curricular Rio-grandino.<\/p>\n<p style=\"text-align: right;\"><em>SMEd<\/em><br \/>\n<em>Roberton Reis<\/em><\/p>\n<hr \/>\n<p>Publicada 15\/04\/2019<\/p>\n<div id=\"attachment_32247\" style=\"width: 495px\" class=\"wp-caption aligncenter\"><a href=\"http:\/\/www.riogrande.rs.gov.br\/smed\/wp-content\/uploads\/2019\/04\/20190418-consulta_popular2-imagem1.jpg\" rel=\"lightbox[32045]\"><img loading=\"lazy\" decoding=\"async\" aria-describedby=\"caption-attachment-32247\" class=\"size-medium wp-image-32247\" src=\"http:\/\/www.riogrande.rs.gov.br\/smed\/wp-content\/uploads\/2019\/04\/20190418-consulta_popular2-imagem1-485x485.jpg\" alt=\"\" width=\"485\" height=\"485\" srcset=\"https:\/\/www.riogrande.rs.gov.br\/smed\/wp-content\/uploads\/2019\/04\/20190418-consulta_popular2-imagem1-485x485.jpg 485w, https:\/\/www.riogrande.rs.gov.br\/smed\/wp-content\/uploads\/2019\/04\/20190418-consulta_popular2-imagem1-150x150.jpg 150w, https:\/\/www.riogrande.rs.gov.br\/smed\/wp-content\/uploads\/2019\/04\/20190418-consulta_popular2-imagem1-768x768.jpg 768w, https:\/\/www.riogrande.rs.gov.br\/smed\/wp-content\/uploads\/2019\/04\/20190418-consulta_popular2-imagem1-207x207.jpg 207w, https:\/\/www.riogrande.rs.gov.br\/smed\/wp-content\/uploads\/2019\/04\/20190418-consulta_popular2-imagem1.jpg 800w\" sizes=\"(max-width: 485px) 100vw, 485px\" \/><\/a><p id=\"caption-attachment-32247\" class=\"wp-caption-text\">Divulga\u00e7\u00e3o<\/p><\/div>\n<p style=\"text-align: justify;\">A Secretaria de Munic\u00edpio da Educa\u00e7\u00e3o de Rio Grande (SMEd) informa que no per\u00edodo de 15 de abril a 05 de maio estar\u00e1 aberta a Consulta Popular Rio-grandina, que tem por objetivo coletar contribui\u00e7\u00f5es da comunidade escolar da rede municipal, estadual e particular da cidade do Rio Grande, visando a constru\u00e7\u00e3o do Referencial Curricular Municipal.<\/p>\n<p style=\"text-align: right;\">SMEd<br \/>\nRoberton Reis<\/p>\n<h1><a href=\"http:\/\/www.riogrande.rs.gov.br\/smed\/?page_id=32087\" target=\"_blank\" rel=\"noopener noreferrer\">Rede Municipal<\/a><\/h1>\n<h1><a href=\"http:\/\/www.riogrande.rs.gov.br\/smed\/?page_id=32087\" target=\"_blank\" rel=\"noopener noreferrer\">Rede Estadual<\/a><\/h1>\n<h1><a href=\"http:\/\/www.riogrande.rs.gov.br\/smed\/?page_id=32087\" target=\"_blank\" rel=\"noopener noreferrer\">Escolas Particulares<\/a><\/h1>\n","protected":false},"excerpt":{"rendered":"<p>Publicada 03\/05\/2019 Consulta Popular Rio-grandina receber\u00e1 contribui\u00e7\u00f5es da Comunidade Escolar at\u00e9 dia 20 de maio A Secretaria de Munic\u00edpio da Educa\u00e7\u00e3o de Rio Grande (SMEd) informa que foi prorrogado at\u00e9 o dia 20 de maio o per\u00edodo em que estar\u00e1 aberta a Consulta Popular Rio-grandina, que tem por objetivo coletar contribui\u00e7\u00f5es da comunidade escolar da [&hellip;]<\/p>\n","protected":false},"author":7,"featured_media":0,"parent":31208,"menu_order":7,"comment_status":"closed","ping_status":"closed","template":"","meta":{"footnotes":""},"class_list":["post-32045","page","type-page","status-publish","hentry"],"_links":{"self":[{"href":"https:\/\/www.riogrande.rs.gov.br\/smed\/index.php?rest_route=\/wp\/v2\/pages\/32045"}],"collection":[{"href":"https:\/\/www.riogrande.rs.gov.br\/smed\/index.php?rest_route=\/wp\/v2\/pages"}],"about":[{"href":"https:\/\/www.riogrande.rs.gov.br\/smed\/index.php?rest_route=\/wp\/v2\/types\/page"}],"author":[{"embeddable":true,"href":"https:\/\/www.riogrande.rs.gov.br\/smed\/index.php?rest_route=\/wp\/v2\/users\/7"}],"replies":[{"embeddable":true,"href":"https:\/\/www.riogrande.rs.gov.br\/smed\/index.php?rest_route=%2Fwp%2Fv2%2Fcomments&post=32045"}],"version-history":[{"count":38,"href":"https:\/\/www.riogrande.rs.gov.br\/smed\/index.php?rest_route=\/wp\/v2\/pages\/32045\/revisions"}],"predecessor-version":[{"id":32615,"href":"https:\/\/www.riogrande.rs.gov.br\/smed\/index.php?rest_route=\/wp\/v2\/pages\/32045\/revisions\/32615"}],"up":[{"embeddable":true,"href":"https:\/\/www.riogrande.rs.gov.br\/smed\/index.php?rest_route=\/wp\/v2\/pages\/31208"}],"wp:attachment":[{"href":"https:\/\/www.riogrande.rs.gov.br\/smed\/index.php?rest_route=%2Fwp%2Fv2%2Fmedia&parent=32045"}],"curies":[{"name":"wp","href":"https:\/\/api.w.org\/{rel}","templated":true}]}}