{"id":30206,"date":"2018-11-27T16:14:52","date_gmt":"2018-11-27T18:14:52","guid":{"rendered":"http:\/\/www.riogrande.rs.gov.br\/smed\/?page_id=30206"},"modified":"2018-11-29T15:03:10","modified_gmt":"2018-11-29T17:03:10","slug":"revista-digital-do-projeto-escritas-pelo-rio-grande-uma-cidade-para-se-amar-cuidar-e-sentir","status":"publish","type":"page","link":"https:\/\/www.riogrande.rs.gov.br\/smed\/?page_id=30206","title":{"rendered":"Revista Digital do Projeto \u201cEscritas pelo Rio Grande: uma cidade para se amar, cuidar e sentir\u201d"},"content":{"rendered":"<p><a href=\"https:\/\/issuu.com\/nucleotecnologiamunicipal\/docs\/volume_1\" target=\"_blank\" rel=\"noopener\"><strong>Volume 1<\/strong><\/a><\/p>\n<p><a href=\"https:\/\/issuu.com\/nucleotecnologiamunicipal\/docs\/volume_2\" target=\"_blank\" rel=\"noopener\"><strong>Volume 2<\/strong><\/a><\/p>\n<p><a href=\"https:\/\/issuu.com\/nucleotecnologiamunicipal\/docs\/volume_3\" target=\"_blank\" rel=\"noopener\"><strong>Volume 3<\/strong><\/a><\/p>\n<p><a href=\"https:\/\/issuu.com\/nucleotecnologiamunicipal\/docs\/volume_4\" target=\"_blank\" rel=\"noopener\"><strong>Volume 4<\/strong><\/a><\/p>\n<hr \/>\n<p>Publicada 29\/11\/2018<\/p>\n<p>&nbsp;<\/p>\n<h2>SMEd lan\u00e7a Revista Digital da 2\u00aa edi\u00e7\u00e3o Projeto \u201cEscritas pelo Rio Grande \u2013 uma cidade para se amar, cuidar e sentir\u201d<\/h2>\n\n\t\t<style type=\"text\/css\">\n\t\t\t#gallery-1 {\n\t\t\t\tmargin: auto;\n\t\t\t}\n\t\t\t#gallery-1 .gallery-item {\n\t\t\t\tfloat: left;\n\t\t\t\tmargin-top: 10px;\n\t\t\t\ttext-align: center;\n\t\t\t\twidth: 33%;\n\t\t\t}\n\t\t\t#gallery-1 img {\n\t\t\t\tborder: 2px solid #cfcfcf;\n\t\t\t}\n\t\t\t#gallery-1 .gallery-caption {\n\t\t\t\tmargin-left: 0;\n\t\t\t}\n\t\t\t\/* see gallery_shortcode() in wp-includes\/media.php *\/\n\t\t<\/style>\n\t\t<div id='gallery-1' class='gallery galleryid-30206 gallery-columns-3 gallery-size-thumbnail'><dl class='gallery-item'>\n\t\t\t<dt class='gallery-icon landscape'>\n\t\t\t\t<a href='https:\/\/www.riogrande.rs.gov.br\/smed\/wp-content\/uploads\/2018\/11\/20181129-ped-escritas-image1.jpg' rel=\"lightbox[30206]\"><img loading=\"lazy\" decoding=\"async\" width=\"150\" height=\"150\" src=\"https:\/\/www.riogrande.rs.gov.br\/smed\/wp-content\/uploads\/2018\/11\/20181129-ped-escritas-image1-150x150.jpg\" class=\"attachment-thumbnail size-thumbnail\" alt=\"\" aria-describedby=\"gallery-1-30266\" \/><\/a>\n\t\t\t<\/dt>\n\t\t\t\t<dd class='wp-caption-text gallery-caption' id='gallery-1-30266'>\n\t\t\t\tCr\u00e9dito: Roberton Reis\n\t\t\t\t<\/dd><\/dl><dl class='gallery-item'>\n\t\t\t<dt class='gallery-icon landscape'>\n\t\t\t\t<a href='https:\/\/www.riogrande.rs.gov.br\/smed\/wp-content\/uploads\/2018\/11\/20181129-ped-escritas-image2.jpg' rel=\"lightbox[30206]\"><img loading=\"lazy\" decoding=\"async\" width=\"150\" height=\"150\" src=\"https:\/\/www.riogrande.rs.gov.br\/smed\/wp-content\/uploads\/2018\/11\/20181129-ped-escritas-image2-150x150.jpg\" class=\"attachment-thumbnail size-thumbnail\" alt=\"\" aria-describedby=\"gallery-1-30267\" \/><\/a>\n\t\t\t<\/dt>\n\t\t\t\t<dd class='wp-caption-text gallery-caption' id='gallery-1-30267'>\n\t\t\t\tCr\u00e9dito: Roberton Reis\n\t\t\t\t<\/dd><\/dl><dl class='gallery-item'>\n\t\t\t<dt class='gallery-icon landscape'>\n\t\t\t\t<a href='https:\/\/www.riogrande.rs.gov.br\/smed\/wp-content\/uploads\/2018\/11\/20181129-ped-escritas-image3.jpg' rel=\"lightbox[30206]\"><img loading=\"lazy\" decoding=\"async\" width=\"150\" height=\"150\" src=\"https:\/\/www.riogrande.rs.gov.br\/smed\/wp-content\/uploads\/2018\/11\/20181129-ped-escritas-image3-150x150.jpg\" class=\"attachment-thumbnail size-thumbnail\" alt=\"\" aria-describedby=\"gallery-1-30268\" \/><\/a>\n\t\t\t<\/dt>\n\t\t\t\t<dd class='wp-caption-text gallery-caption' id='gallery-1-30268'>\n\t\t\t\tCr\u00e9dito: Roberton Reis\n\t\t\t\t<\/dd><\/dl><br style=\"clear: both\" \/><dl class='gallery-item'>\n\t\t\t<dt class='gallery-icon landscape'>\n\t\t\t\t<a href='https:\/\/www.riogrande.rs.gov.br\/smed\/wp-content\/uploads\/2018\/11\/20181129-ped-escritas-image4.jpg' rel=\"lightbox[30206]\"><img loading=\"lazy\" decoding=\"async\" width=\"150\" height=\"150\" src=\"https:\/\/www.riogrande.rs.gov.br\/smed\/wp-content\/uploads\/2018\/11\/20181129-ped-escritas-image4-150x150.jpg\" class=\"attachment-thumbnail size-thumbnail\" alt=\"\" aria-describedby=\"gallery-1-30269\" \/><\/a>\n\t\t\t<\/dt>\n\t\t\t\t<dd class='wp-caption-text gallery-caption' id='gallery-1-30269'>\n\t\t\t\tCr\u00e9dito: Roberton Reis\n\t\t\t\t<\/dd><\/dl><dl class='gallery-item'>\n\t\t\t<dt class='gallery-icon landscape'>\n\t\t\t\t<a href='https:\/\/www.riogrande.rs.gov.br\/smed\/wp-content\/uploads\/2018\/11\/20181129-ped-escritas-image5.jpg' rel=\"lightbox[30206]\"><img loading=\"lazy\" decoding=\"async\" width=\"150\" height=\"150\" src=\"https:\/\/www.riogrande.rs.gov.br\/smed\/wp-content\/uploads\/2018\/11\/20181129-ped-escritas-image5-150x150.jpg\" class=\"attachment-thumbnail size-thumbnail\" alt=\"\" aria-describedby=\"gallery-1-30270\" \/><\/a>\n\t\t\t<\/dt>\n\t\t\t\t<dd class='wp-caption-text gallery-caption' id='gallery-1-30270'>\n\t\t\t\tCr\u00e9dito: Roberton Reis\n\t\t\t\t<\/dd><\/dl><dl class='gallery-item'>\n\t\t\t<dt class='gallery-icon landscape'>\n\t\t\t\t<a href='https:\/\/www.riogrande.rs.gov.br\/smed\/wp-content\/uploads\/2018\/11\/20181129-ped-escritas-image6.jpg' rel=\"lightbox[30206]\"><img loading=\"lazy\" decoding=\"async\" width=\"150\" height=\"150\" src=\"https:\/\/www.riogrande.rs.gov.br\/smed\/wp-content\/uploads\/2018\/11\/20181129-ped-escritas-image6-150x150.jpg\" class=\"attachment-thumbnail size-thumbnail\" alt=\"\" aria-describedby=\"gallery-1-30271\" \/><\/a>\n\t\t\t<\/dt>\n\t\t\t\t<dd class='wp-caption-text gallery-caption' id='gallery-1-30271'>\n\t\t\t\tCr\u00e9dito: Roberton Reis\n\t\t\t\t<\/dd><\/dl><br style=\"clear: both\" \/><dl class='gallery-item'>\n\t\t\t<dt class='gallery-icon landscape'>\n\t\t\t\t<a href='https:\/\/www.riogrande.rs.gov.br\/smed\/wp-content\/uploads\/2018\/11\/20181129-ped-escritas-image7.jpg' rel=\"lightbox[30206]\"><img loading=\"lazy\" decoding=\"async\" width=\"150\" height=\"150\" src=\"https:\/\/www.riogrande.rs.gov.br\/smed\/wp-content\/uploads\/2018\/11\/20181129-ped-escritas-image7-150x150.jpg\" class=\"attachment-thumbnail size-thumbnail\" alt=\"\" aria-describedby=\"gallery-1-30272\" \/><\/a>\n\t\t\t<\/dt>\n\t\t\t\t<dd class='wp-caption-text gallery-caption' id='gallery-1-30272'>\n\t\t\t\tCr\u00e9dito: Roberton Reis\n\t\t\t\t<\/dd><\/dl><dl class='gallery-item'>\n\t\t\t<dt class='gallery-icon landscape'>\n\t\t\t\t<a href='https:\/\/www.riogrande.rs.gov.br\/smed\/wp-content\/uploads\/2018\/11\/20181129-ped-escritas-image8.jpg' rel=\"lightbox[30206]\"><img loading=\"lazy\" decoding=\"async\" width=\"150\" height=\"150\" src=\"https:\/\/www.riogrande.rs.gov.br\/smed\/wp-content\/uploads\/2018\/11\/20181129-ped-escritas-image8-150x150.jpg\" class=\"attachment-thumbnail size-thumbnail\" alt=\"\" aria-describedby=\"gallery-1-30273\" \/><\/a>\n\t\t\t<\/dt>\n\t\t\t\t<dd class='wp-caption-text gallery-caption' id='gallery-1-30273'>\n\t\t\t\tCr\u00e9dito: Roberton Reis\n\t\t\t\t<\/dd><\/dl><dl class='gallery-item'>\n\t\t\t<dt class='gallery-icon landscape'>\n\t\t\t\t<a href='https:\/\/www.riogrande.rs.gov.br\/smed\/wp-content\/uploads\/2018\/11\/20181129-ped-escritas-image9.jpg' rel=\"lightbox[30206]\"><img loading=\"lazy\" decoding=\"async\" width=\"150\" height=\"150\" src=\"https:\/\/www.riogrande.rs.gov.br\/smed\/wp-content\/uploads\/2018\/11\/20181129-ped-escritas-image9-150x150.jpg\" class=\"attachment-thumbnail size-thumbnail\" alt=\"\" aria-describedby=\"gallery-1-30274\" \/><\/a>\n\t\t\t<\/dt>\n\t\t\t\t<dd class='wp-caption-text gallery-caption' id='gallery-1-30274'>\n\t\t\t\tCr\u00e9dito: Roberton Reis\n\t\t\t\t<\/dd><\/dl><br style=\"clear: both\" \/>\n\t\t<\/div>\n\n<p style=\"text-align: justify;\">A Secretaria de Munic\u00edpio da Educa\u00e7\u00e3o de Rio Grande (SMEd), na tarde da \u00faltima ter\u00e7a-feira, dia <b>27 de novembro<\/b>, realizou, no <b>Anfiteatro do IFRS<\/b>, o lan\u00e7amento oficial da 2\u00aa edi\u00e7\u00e3o da <b>Revista Digital<\/b> do Projeto \u201c<b>Escritas pelo Rio Grande \u2013 uma cidade para se amar, cuidar e sentir<\/b>\u201d. A a\u00e7\u00e3o \u00e9 resultado de um trabalho transversal dos N\u00facleos dos Anos Iniciais, dos Anos Finais, da Educa\u00e7\u00e3o Integral, da Educa\u00e7\u00e3o de Jovens e Adultos, de Tecnologia Municipal, de Bibliotecas, de Educa\u00e7\u00e3o Ambiental e Patrimonial da SMEd com as escolas da rede p\u00fablica municipal de ensino.<\/p>\n<p style=\"text-align: justify;\">Em 2018, o Projeto teve como enfoque a viv\u00eancia da mem\u00f3ria local e da geografia dos bairros e suas proximidades, fomentando, nos estudantes, a import\u00e2ncia do cuidar, preservar, sentir e amar o local ao qual pertencem, agu\u00e7ando, assim, sua postura de cidad\u00e3os correspons\u00e1veis e conscientes do cuidado com o ambiente em que est\u00e3o inseridos. A 2\u00aa edi\u00e7\u00e3o do Projeto Escritas pelo Rio Grande contou com a participa\u00e7\u00e3o de 1208 estudantes do Munic\u00edpio, os quais produziram 413 textos. Ao todo, foram realizadas 34 oficinas nas escolas participantes.<\/p>\n<p style=\"text-align: justify;\">A Mesa de Abertura do evento contou com as seguintes presen\u00e7as: secret\u00e1ria de Munic\u00edpio da Educa\u00e7\u00e3o, Vanessa Pintanel; superintendente de Gest\u00e3o Pedag\u00f3gica da SMEd, Felipe Alonso dos Santos; e professora Marilda Ventura, que participou da organiza\u00e7\u00e3o do trabalho.<\/p>\n<p style=\"text-align: justify;\">\u201c<b>\u00c9 um projeto desafiador, que mais uma vez, conseguimos colocar em pr\u00e1tica. Um est\u00edmulo \u00e0 quest\u00e3o do pertencimento, por conta da sua tem\u00e1tica que dialoga com o munic\u00edpio do Rio Grande. Acima de tudo, essa revista \u00e9 uma oportunidade para que possamos dar publicidade aos textos dos nossos alunos e alunas. Trabalhos de muita qualidade, acompanhados pelas nossas professoras e professores, que muitas vezes se perdiam nas gavetas e pastas das nossas escolas<\/b>\u201d, destacou Felipe Alonso.<\/p>\n<p style=\"text-align: justify;\">Marilda Ventura, uma das organizadoras da Revista, reiterou as palavras do superintendente de Gest\u00e3o Pedag\u00f3gica da SMEd, ap\u00f3s destacar os detalhes sobre a confec\u00e7\u00e3o da revista. \u201c<b>Como \u00e9 bom trabalhar com voc\u00eas. Fico feliz com o resultado deste trabalho coletivo. S\u00f3 tenho a agradecer a oportunidade<\/b>\u201d, salientou.<\/p>\n<p style=\"text-align: justify;\">A secret\u00e1ria Vanessa Pintanel tamb\u00e9m ressaltou a import\u00e2ncia do trabalho, ao destacar sua forma\u00e7\u00e3o em L\u00edngua Portuguesa, \u201c<b>O que est\u00e1 escrito, o que est\u00e1 publicado, fica na hist\u00f3ria; est\u00e1 no mundo. Fico imensamente emocionada em ver o crescimento dos nossos alunos e alunas, atrav\u00e9s da escrita<\/b>\u201d.<\/p>\n<p style=\"text-align: justify;\">As escolas da rede p\u00fablica municipal de ensino que participaram da 2\u00aa edi\u00e7\u00e3o do Projeto Escritas pelo Rio Grande foram: EMEF Admar Corr\u00eaa, EMEF Assis Brasil, EMEF Aurora Ferreira Cadaval, EMEF Cidade do Rio Grande, EMEF Clemente Pinto, EMEF Coriolano Ben\u00edcio, EMEF Cora\u00e7\u00e3o de Maria, EMEF Crist\u00f3v\u00e3o Pereira e Abreu, EMEF Prof. Eli\u00e9zer de Carvalho Rios, EMEF Fran\u00e7a Pinto, EMEF Frederico Ernesto Buchholz, EMEF Helena Small, EMEF Jo\u00e3o de Oliveira Martins, EMEF Luiza Tavares Schimidt, EMEF Manoel Martins Mano, EMEF Mar\u00edlia Rodrigues Santos, EMEF Olavo Bilac, EMEF Pedro Carlos Peixoto Primo, EMEJA Paulo Freire, EMEF Porto Seguro, EMEF Ramiz Galv\u00e3o, EMEF Renascer, EMEF Sant\u2019Ana, EMEF Prof.\u00aa Wanda Rocha Martins.<\/p>\n<p style=\"text-align: justify;\">O encerramento do evento contou com a apresenta\u00e7\u00e3o art\u00edstica da estudante <b>Luiza Rodrigues <\/b>e, logo ap\u00f3s, a realiza\u00e7\u00e3o de um Sarau com alunos e alunas participantes do Projeto Escritas pelo Rio Grande. A Revista possui 8 volumes e est\u00e1 dispon\u00edvel, na \u00edntegra, no site da SMEd. Acesse <a href=\"http:\/\/www.riogrande.rs.gov.br\/smed\/?page_id=30206\" target=\"_blank\" rel=\"noopener\"><b>aqui <\/b><\/a>a 2\u00aa edi\u00e7\u00e3o da <b>Revista Digital<\/b> do Projeto \u201c<b>Escritas pelo Rio Grande \u2013 uma cidade para se amar, cuidar e sentir<\/b>\u201d.<\/p>\n<p>&nbsp;<\/p>\n<p style=\"text-align: right;\"><em>SMEd<\/em><br \/>\n<em>Roberton Reis<\/em><\/p>\n","protected":false},"excerpt":{"rendered":"<p>Volume 1 Volume 2 Volume 3 Volume 4 Publicada 29\/11\/2018 &nbsp; SMEd lan\u00e7a Revista Digital da 2\u00aa edi\u00e7\u00e3o Projeto \u201cEscritas pelo Rio Grande \u2013 uma cidade para se amar, cuidar e sentir\u201d A Secretaria de Munic\u00edpio da Educa\u00e7\u00e3o de Rio Grande (SMEd), na tarde da \u00faltima ter\u00e7a-feira, dia 27 de novembro, realizou, no Anfiteatro do [&hellip;]<\/p>\n","protected":false},"author":7,"featured_media":0,"parent":25220,"menu_order":18,"comment_status":"closed","ping_status":"closed","template":"","meta":{"footnotes":""},"class_list":["post-30206","page","type-page","status-publish","hentry"],"_links":{"self":[{"href":"https:\/\/www.riogrande.rs.gov.br\/smed\/index.php?rest_route=\/wp\/v2\/pages\/30206"}],"collection":[{"href":"https:\/\/www.riogrande.rs.gov.br\/smed\/index.php?rest_route=\/wp\/v2\/pages"}],"about":[{"href":"https:\/\/www.riogrande.rs.gov.br\/smed\/index.php?rest_route=\/wp\/v2\/types\/page"}],"author":[{"embeddable":true,"href":"https:\/\/www.riogrande.rs.gov.br\/smed\/index.php?rest_route=\/wp\/v2\/users\/7"}],"replies":[{"embeddable":true,"href":"https:\/\/www.riogrande.rs.gov.br\/smed\/index.php?rest_route=%2Fwp%2Fv2%2Fcomments&post=30206"}],"version-history":[{"count":5,"href":"https:\/\/www.riogrande.rs.gov.br\/smed\/index.php?rest_route=\/wp\/v2\/pages\/30206\/revisions"}],"predecessor-version":[{"id":30276,"href":"https:\/\/www.riogrande.rs.gov.br\/smed\/index.php?rest_route=\/wp\/v2\/pages\/30206\/revisions\/30276"}],"up":[{"embeddable":true,"href":"https:\/\/www.riogrande.rs.gov.br\/smed\/index.php?rest_route=\/wp\/v2\/pages\/25220"}],"wp:attachment":[{"href":"https:\/\/www.riogrande.rs.gov.br\/smed\/index.php?rest_route=%2Fwp%2Fv2%2Fmedia&parent=30206"}],"curies":[{"name":"wp","href":"https:\/\/api.w.org\/{rel}","templated":true}]}}