{"id":28444,"date":"2018-09-13T14:58:24","date_gmt":"2018-09-13T17:58:24","guid":{"rendered":"http:\/\/www.riogrande.rs.gov.br\/smed\/?page_id=28444"},"modified":"2018-10-17T15:17:41","modified_gmt":"2018-10-17T18:17:41","slug":"dia-do-alfabetizador-2018","status":"publish","type":"page","link":"https:\/\/www.riogrande.rs.gov.br\/smed\/?page_id=28444","title":{"rendered":"Viv\u00eancias do Dia do Alfabetizador 2018"},"content":{"rendered":"<hr \/>\n<p>Publicada 17\/10\/2018<\/p>\n<h2>SMEd promoveu evento em homenagem ao \u201cDia do Alfabetizador\u201d<\/h2>\n\n\t\t<style type=\"text\/css\">\n\t\t\t#gallery-1 {\n\t\t\t\tmargin: auto;\n\t\t\t}\n\t\t\t#gallery-1 .gallery-item {\n\t\t\t\tfloat: left;\n\t\t\t\tmargin-top: 10px;\n\t\t\t\ttext-align: center;\n\t\t\t\twidth: 50%;\n\t\t\t}\n\t\t\t#gallery-1 img {\n\t\t\t\tborder: 2px solid #cfcfcf;\n\t\t\t}\n\t\t\t#gallery-1 .gallery-caption {\n\t\t\t\tmargin-left: 0;\n\t\t\t}\n\t\t\t\/* see gallery_shortcode() in wp-includes\/media.php *\/\n\t\t<\/style>\n\t\t<div id='gallery-1' class='gallery galleryid-28444 gallery-columns-2 gallery-size-thumbnail'><dl class='gallery-item'>\n\t\t\t<dt class='gallery-icon landscape'>\n\t\t\t\t<a href='https:\/\/www.riogrande.rs.gov.br\/smed\/wp-content\/uploads\/2018\/10\/20181017-ped-alfabetizador-image5.jpg' rel=\"lightbox[28444]\"><img loading=\"lazy\" decoding=\"async\" width=\"150\" height=\"150\" src=\"https:\/\/www.riogrande.rs.gov.br\/smed\/wp-content\/uploads\/2018\/10\/20181017-ped-alfabetizador-image5-150x150.jpg\" class=\"attachment-thumbnail size-thumbnail\" alt=\"\" aria-describedby=\"gallery-1-29115\" \/><\/a>\n\t\t\t<\/dt>\n\t\t\t\t<dd class='wp-caption-text gallery-caption' id='gallery-1-29115'>\n\t\t\t\tDivulga\u00e7\u00e3o\n\t\t\t\t<\/dd><\/dl><dl class='gallery-item'>\n\t\t\t<dt class='gallery-icon landscape'>\n\t\t\t\t<a href='https:\/\/www.riogrande.rs.gov.br\/smed\/wp-content\/uploads\/2018\/10\/20181017-ped-alfabetizador-image4.jpg' rel=\"lightbox[28444]\"><img loading=\"lazy\" decoding=\"async\" width=\"150\" height=\"150\" src=\"https:\/\/www.riogrande.rs.gov.br\/smed\/wp-content\/uploads\/2018\/10\/20181017-ped-alfabetizador-image4-150x150.jpg\" class=\"attachment-thumbnail size-thumbnail\" alt=\"\" aria-describedby=\"gallery-1-29114\" \/><\/a>\n\t\t\t<\/dt>\n\t\t\t\t<dd class='wp-caption-text gallery-caption' id='gallery-1-29114'>\n\t\t\t\tDivulga\u00e7\u00e3o\n\t\t\t\t<\/dd><\/dl><br style=\"clear: both\" \/><dl class='gallery-item'>\n\t\t\t<dt class='gallery-icon landscape'>\n\t\t\t\t<a href='https:\/\/www.riogrande.rs.gov.br\/smed\/wp-content\/uploads\/2018\/10\/20181017-ped-alfabetizador-image6.jpg' rel=\"lightbox[28444]\"><img loading=\"lazy\" decoding=\"async\" width=\"150\" height=\"150\" src=\"https:\/\/www.riogrande.rs.gov.br\/smed\/wp-content\/uploads\/2018\/10\/20181017-ped-alfabetizador-image6-150x150.jpg\" class=\"attachment-thumbnail size-thumbnail\" alt=\"\" aria-describedby=\"gallery-1-29116\" \/><\/a>\n\t\t\t<\/dt>\n\t\t\t\t<dd class='wp-caption-text gallery-caption' id='gallery-1-29116'>\n\t\t\t\tDivulga\u00e7\u00e3o\n\t\t\t\t<\/dd><\/dl><dl class='gallery-item'>\n\t\t\t<dt class='gallery-icon landscape'>\n\t\t\t\t<a href='https:\/\/www.riogrande.rs.gov.br\/smed\/wp-content\/uploads\/2018\/10\/20181017-ped-alfabetizador-image8.jpg' rel=\"lightbox[28444]\"><img loading=\"lazy\" decoding=\"async\" width=\"150\" height=\"150\" src=\"https:\/\/www.riogrande.rs.gov.br\/smed\/wp-content\/uploads\/2018\/10\/20181017-ped-alfabetizador-image8-150x150.jpg\" class=\"attachment-thumbnail size-thumbnail\" alt=\"\" aria-describedby=\"gallery-1-29118\" \/><\/a>\n\t\t\t<\/dt>\n\t\t\t\t<dd class='wp-caption-text gallery-caption' id='gallery-1-29118'>\n\t\t\t\tDivulga\u00e7\u00e3o\n\t\t\t\t<\/dd><\/dl><br style=\"clear: both\" \/><dl class='gallery-item'>\n\t\t\t<dt class='gallery-icon landscape'>\n\t\t\t\t<a href='https:\/\/www.riogrande.rs.gov.br\/smed\/wp-content\/uploads\/2018\/10\/20181017-ped-alfabetizador-image7.jpg' rel=\"lightbox[28444]\"><img loading=\"lazy\" decoding=\"async\" width=\"150\" height=\"150\" src=\"https:\/\/www.riogrande.rs.gov.br\/smed\/wp-content\/uploads\/2018\/10\/20181017-ped-alfabetizador-image7-150x150.jpg\" class=\"attachment-thumbnail size-thumbnail\" alt=\"\" aria-describedby=\"gallery-1-29117\" \/><\/a>\n\t\t\t<\/dt>\n\t\t\t\t<dd class='wp-caption-text gallery-caption' id='gallery-1-29117'>\n\t\t\t\tDivulga\u00e7\u00e3o\n\t\t\t\t<\/dd><\/dl><dl class='gallery-item'>\n\t\t\t<dt class='gallery-icon landscape'>\n\t\t\t\t<a href='https:\/\/www.riogrande.rs.gov.br\/smed\/wp-content\/uploads\/2018\/10\/20181017-ped-alfabetizador-image1.jpg' rel=\"lightbox[28444]\"><img loading=\"lazy\" decoding=\"async\" width=\"150\" height=\"150\" src=\"https:\/\/www.riogrande.rs.gov.br\/smed\/wp-content\/uploads\/2018\/10\/20181017-ped-alfabetizador-image1-150x150.jpg\" class=\"attachment-thumbnail size-thumbnail\" alt=\"\" aria-describedby=\"gallery-1-29111\" \/><\/a>\n\t\t\t<\/dt>\n\t\t\t\t<dd class='wp-caption-text gallery-caption' id='gallery-1-29111'>\n\t\t\t\tDivulga\u00e7\u00e3o\n\t\t\t\t<\/dd><\/dl><br style=\"clear: both\" \/><dl class='gallery-item'>\n\t\t\t<dt class='gallery-icon landscape'>\n\t\t\t\t<a href='https:\/\/www.riogrande.rs.gov.br\/smed\/wp-content\/uploads\/2018\/10\/20181017-ped-alfabetizador-image2.jpg' rel=\"lightbox[28444]\"><img loading=\"lazy\" decoding=\"async\" width=\"150\" height=\"150\" src=\"https:\/\/www.riogrande.rs.gov.br\/smed\/wp-content\/uploads\/2018\/10\/20181017-ped-alfabetizador-image2-150x150.jpg\" class=\"attachment-thumbnail size-thumbnail\" alt=\"\" aria-describedby=\"gallery-1-29112\" \/><\/a>\n\t\t\t<\/dt>\n\t\t\t\t<dd class='wp-caption-text gallery-caption' id='gallery-1-29112'>\n\t\t\t\tDivulga\u00e7\u00e3o\n\t\t\t\t<\/dd><\/dl><dl class='gallery-item'>\n\t\t\t<dt class='gallery-icon landscape'>\n\t\t\t\t<a href='https:\/\/www.riogrande.rs.gov.br\/smed\/wp-content\/uploads\/2018\/10\/20181017-ped-alfabetizador-image3.jpg' rel=\"lightbox[28444]\"><img loading=\"lazy\" decoding=\"async\" width=\"150\" height=\"150\" src=\"https:\/\/www.riogrande.rs.gov.br\/smed\/wp-content\/uploads\/2018\/10\/20181017-ped-alfabetizador-image3-150x150.jpg\" class=\"attachment-thumbnail size-thumbnail\" alt=\"\" aria-describedby=\"gallery-1-29113\" \/><\/a>\n\t\t\t<\/dt>\n\t\t\t\t<dd class='wp-caption-text gallery-caption' id='gallery-1-29113'>\n\t\t\t\tDivulga\u00e7\u00e3o\n\t\t\t\t<\/dd><\/dl><br style=\"clear: both\" \/>\n\t\t<\/div>\n\n<p style=\"text-align: justify;\">A Secretaria de Munic\u00edpio da Educa\u00e7\u00e3o de Rio Grande (SMEd), atrav\u00e9s do N\u00facleo dos Anos Iniciais, promoveu, no final da tarde do dia 27 de setembro, no Audit\u00f3rio da Escola Municipal de Ensino Fundamental Cipriano Porto Alegre, o evento em homenagem ao \u201cDia do Alfabetizador\u201d.<\/p>\n<p style=\"text-align: justify;\">A atividade contou com muita alegria e descontra\u00e7\u00e3o, acolhendo os(as) Professores(as) Alfabetizadores(as), bem como os(as) Coordenadores(as) Pedag\u00f3gicos(as) e as equipes diretivas das escolas da rede p\u00fablica municipal de ensino. O espa\u00e7o foi utilizado para exaltar o trabalho e o comprometimento destes(as) profissionais da educa\u00e7\u00e3o que, com afetividade, responsabilidade e profissionalismo se dedicam ao processo de alfabetizar letrando os educandos da rede.<\/p>\n<p style=\"text-align: justify;\">Na oportunidade, o superintendente de Gest\u00e3o Pedag\u00f3gica da SMEd, Felipe Alonso dos Santos, e a secret\u00e1ria de Munic\u00edpio da Educa\u00e7\u00e3o, Vanessa Pintanel, puderam registrar sua gratid\u00e3o e reconhecimento a esses(as) profissionais da educa\u00e7\u00e3o. Juntamente com a coordenadora Regional do PNAIC e Coordenadora do N\u00facleo dos Anos Iniciais, Juliane Alves, homenagearam as Formadoras Locais do Pacto Nacional pela Alfabetiza\u00e7\u00e3o na Idade Certa (PNAIC), que, ao longo de quatro meses, desenvolveram as atividades formativas com os(as) alfabetizadores(as) do nosso Munic\u00edpio.<\/p>\n<p style=\"text-align: justify;\">Outro momento significativo, realizado pelo N\u00facleo dos Anos Iniciais, foi o destaque \u00e0 assessora Leyza Duarte, em reconhecimento ao seu trabalho como professora Alfabetizadora de nossa Cidade por mais de trinta anos. Al\u00e9m disso, foi realizada ainda uma homenagem e reconhecimento \u00e0s professoras Mirian Pureza e Andreia Freitas, da EMEF Dolores Garcia, que, com seu bel\u00edssimo e comprometido trabalho na alfabetiza\u00e7\u00e3o, foram selecionadas como Destaque na Etapa Estadual do 11\u00ba Pr\u00eamio Professores do Brasil.<\/p>\n<p style=\"text-align: justify;\">Ap\u00f3s as homenagens, os alfabetizadores(as) foram convidados a participar das viv\u00eancias escolhidas anteriormente, em que puderam experienciar momentos de aprendizagens prazerosas e enriquecedoras, atrav\u00e9s da valoriza\u00e7\u00e3o de diferentes linguagens.<\/p>\n<ul>\n<li style=\"text-align: justify;\"><b>Viv\u00eancia de Dan\u00e7as Circulares<\/b> \u2013 Ministrada por Gisele Rodrigues Machado.<\/li>\n<li style=\"text-align: justify;\"><b>Viv\u00eancia de Conta\u00e7\u00e3o de Hist\u00f3rias<\/b> \u2013 Ministrada por Eduarda Porci\u00fancula.<\/li>\n<li style=\"text-align: justify;\"><b>Viv\u00eancias de Psicoletras: Significando o papel do alfabetizador<\/b> \u2013 Ministrada por Vivian Moraes e Waleska Kaul.<\/li>\n<li style=\"text-align: justify;\"><b>Viv\u00eancia de Artes<\/b> \u2013 Ministrada por Karine Sanchez.<\/li>\n<\/ul>\n<p style=\"text-align: right;\"><em>SMEd<\/em><br \/>\n<em>Roberton Reis<\/em><br \/>\n<em>Com informa\u00e7\u00f5es do N\u00facleo dos Anos Iniciais<\/em><\/p>\n<hr \/>\n<p>Publicada 24\/09\/2018<\/p>\n<h2>SMEd promove evento em homenagem ao \u201cDia do Alfabetizador\u201d nesta quinta-feira, 27<\/h2>\n<p style=\"text-align: justify;\">Na pr\u00f3xima quinta-feira, dia 27 de setembro, \u00e0s 16h, no Audit\u00f3rio da Escola Municipal de Ensino Fundamental Cipriano Porto Alegre, a Secretaria de Munic\u00edpio da Educa\u00e7\u00e3o de Rio Grande (SMEd), atrav\u00e9s do N\u00facleo dos Anos Iniciais, promover\u00e1 um evento em homenagem ao \u201cDia do Alfabetizador\u201d.<\/p>\n<p style=\"text-align: justify;\">Na oportunidade, ser\u00e3o proporcionadas quatro viv\u00eancias formativas. Cada participante dever\u00e1 fazer sua <b>inscri\u00e7\u00e3o<\/b> at\u00e9 a pr\u00f3xima ter\u00e7a-feira, dia <b>25 de setembro<\/b>, atrav\u00e9s do site da SMEd (<a href=\"http:\/\/www.riogrande.rs.gov.br\/smed\" target=\"_blank\" rel=\"noopener\"><b>www.riogrande.rs.gov.br\/smed<\/b><\/a>), indicando o seu interesse em uma das viv\u00eancias que ser\u00e3o ofertadas:<\/p>\n<ul style=\"text-align: justify;\">\n<li><a href=\"https:\/\/docs.google.com\/forms\/d\/1zX5rjGyM_ic9UerzwwbM7oMjdAO-ixpp906TLsi_Rts\/edit?ts=5b982ab9\" target=\"_blank\" rel=\"noopener\"><b>Viv\u00eancia de Dan\u00e7as Circulares<\/b><\/a> \u2013 Ministrada por Gisele Rodrigues Machado.<\/li>\n<li><a href=\"https:\/\/docs.google.com\/forms\/d\/1SHPKWY3CKvuoUN8zpgicn1FezS7hb_9QcHlEN2wEKBo\/edit?ts=5b982a86\" target=\"_blank\" rel=\"noopener\"><b>Viv\u00eancia de Conta\u00e7\u00e3o de Hist\u00f3rias<\/b><\/a> \u2013 Ministrada por Eduarda Porci\u00fancula.<\/li>\n<li><a href=\"https:\/\/docs.google.com\/forms\/d\/16DCQHwEiwk3ho9FNrxqitaeZoVAJH6KgbBhoX6TXPB4\/edit?ts=5b982a48\" target=\"_blank\" rel=\"noopener\"><b>Viv\u00eancias de Psicoletras: Significando o papel do alfabetizador<\/b><\/a>\u2013 Ministrada por Vivian Moraes e Waleska Kaul.<\/li>\n<li><a href=\"https:\/\/docs.google.com\/forms\/d\/1aclxVdg_3pPhjHcqYyIN0KTfwqmWHObh6i07zK0uNDU\/edit?ts=5b982a65\" target=\"_blank\" rel=\"noopener\"><b>Viv\u00eancia de Artes<\/b><\/a> \u2013 Ministrada por Karine Sanchez.<\/li>\n<\/ul>\n<p style=\"text-align: justify;\">\u201c<b>Contamos com a presen\u00e7a dos Professores Alfabetizadores, bem como dos coordenadores Pedag\u00f3gicos e da equipe diretiva das escolas da rede p\u00fablica municipal para prestigiarem seu grupo docente e celebrar este momento comemorativo<\/b>\u201c, destacou o N\u00facleo dos Anos Iniciais.<\/p>\n<p>&nbsp;<\/p>\n<p style=\"text-align: right;\"><em>SMEd<\/em><br \/>\n<em>Roberton Reis<\/em><\/p>\n<hr \/>\n<p>Publicada 21\/09\/2018<\/p>\n<h2>Inscri\u00e7\u00f5es para participar das \u201cViv\u00eancias Formativas\u201d em homenagem ao \u201cDia do Alfabetizador\u201d encerram no dia 25<\/h2>\n<p style=\"text-align: justify;\">A Secretaria de Munic\u00edpio da Educa\u00e7\u00e3o de Rio Grande (SMEd), atrav\u00e9s do N\u00facleo dos Anos Iniciais, promover\u00e1, no dia <b>27 de setembro<\/b>, \u00e0s <b>16h<\/b>, no Audit\u00f3rio da Escola Municipal de Ensino Fundamental <b>Cipriano Porto Alegre<\/b>, um evento em homenagem ao \u201c<b>Dia do Alfabetizador<\/b>\u201d.<\/p>\n<p style=\"text-align: justify;\">\u201c<b>Contamos com a presen\u00e7a dos Professores Alfabetizadores, bem como dos coordenadores Pedag\u00f3gicos e da equipe diretiva das escolas da rede p\u00fablica municipal para prestigiarem seu grupo docente e celebrar este momento comemorativo<\/b>\u201c, destacou o N\u00facleo dos Anos Iniciais.<\/p>\n<p style=\"text-align: justify;\">Na oportunidade, ser\u00e3o proporcionadas quatro viv\u00eancias formativas. Cada participante dever\u00e1 fazer sua <b>inscri\u00e7\u00e3o<\/b> no per\u00edodo de <b>13 a 25 de setembro<\/b>, atrav\u00e9s do site da SMEd (<a href=\"http:\/\/www.riogrande.rs.gov.br\/smed\" target=\"_blank\" rel=\"noopener\"><b>www.riogrande.rs.gov.br\/smed<\/b><\/a>), indicando o seu interesse em uma das viv\u00eancias que ser\u00e3o ofertadas:<\/p>\n<ul>\n<li style=\"list-style-type: none;\">\n<ul>\n<li style=\"text-align: justify;\"><a href=\"https:\/\/docs.google.com\/forms\/d\/1zX5rjGyM_ic9UerzwwbM7oMjdAO-ixpp906TLsi_Rts\/edit?ts=5b982ab9\" target=\"_blank\" rel=\"noopener\"><b>Viv\u00eancia de Dan\u00e7as Circulares<\/b><\/a> \u2013 Ministrada por Gisele Rodrigues Machado.<\/li>\n<li style=\"text-align: justify;\"><a href=\"https:\/\/docs.google.com\/forms\/d\/1SHPKWY3CKvuoUN8zpgicn1FezS7hb_9QcHlEN2wEKBo\/edit?ts=5b982a86\" target=\"_blank\" rel=\"noopener\"><b>Viv\u00eancia de Conta\u00e7\u00e3o de Hist\u00f3rias<\/b><\/a> \u2013 Ministrada por Eduarda Porci\u00fancula.<\/li>\n<li style=\"text-align: justify;\"><a href=\"https:\/\/docs.google.com\/forms\/d\/16DCQHwEiwk3ho9FNrxqitaeZoVAJH6KgbBhoX6TXPB4\/edit?ts=5b982a48\" target=\"_blank\" rel=\"noopener\"><b>Viv\u00eancias de Psicoletras: Significando o papel do alfabetizador<\/b><\/a> \u2013 Ministrada por Vivian Moraes e Waleska Kaul.<\/li>\n<li style=\"text-align: justify;\"><a href=\"https:\/\/docs.google.com\/forms\/d\/1aclxVdg_3pPhjHcqYyIN0KTfwqmWHObh6i07zK0uNDU\/edit?ts=5b982a65\" target=\"_blank\" rel=\"noopener\"><b>Viv\u00eancia de Artes<\/b><\/a> \u2013 Ministrada por Karine Sanchez.<\/li>\n<\/ul>\n<\/li>\n<\/ul>\n<p style=\"text-align: right;\"><em>SMEd<\/em><br \/>\n<em>Roberton Reis<\/em><br \/>\n<em>Com informa\u00e7\u00f5es do N\u00facleo dos Anos Iniciais<\/em><\/p>\n<hr \/>\n<p>Publicada 13\/09\/2018<\/p>\n<h2>SMEd promover\u00e1 evento em homenagem ao \u201cDia do Alfabetizador\u201d no dia 27<\/h2>\n<p style=\"text-align: justify;\">A Secretaria de Munic\u00edpio da Educa\u00e7\u00e3o de Rio Grande (SMEd), atrav\u00e9s do N\u00facleo dos Anos Iniciais, promover\u00e1, no dia <b>27 de setembro<\/b>, \u00e0s <b>16h<\/b>, no Audit\u00f3rio da Escola Municipal de Ensino Fundamental <b>Cipriano Porto Alegre<\/b>, um evento em homenagem ao \u201c<b>Dia do Alfabetizador<\/b>\u201d.<\/p>\n<p style=\"text-align: justify;\">\u201c<b>Contamos com a presen\u00e7a dos Professores Alfabetizadores, bem como dos coordenadores Pedag\u00f3gicos e da equipe diretiva das escolas da rede p\u00fablica municipal para prestigiarem seu grupo docente e celebrar este momento comemorativo<\/b>\u201c, destacou o N\u00facleo dos Anos Iniciais.<\/p>\n<p style=\"text-align: justify;\">Na oportunidade, ser\u00e3o proporcionadas quatro viv\u00eancias formativas. Cada participante dever\u00e1 fazer sua <b>inscri\u00e7\u00e3o<\/b> no per\u00edodo de <b>13 a 25 de setembro<\/b>, atrav\u00e9s do site da SMEd (<a href=\"http:\/\/www.riogrande.rs.gov.br\/smed\" target=\"_blank\" rel=\"noopener\"><strong>www.riogrande.rs.gov.br\/smed<\/strong><\/a>), indicando o seu interesse em uma das viv\u00eancias que ser\u00e3o ofertadas:<\/p>\n<ul>\n<li style=\"text-align: justify;\"><a href=\"https:\/\/docs.google.com\/forms\/d\/1zX5rjGyM_ic9UerzwwbM7oMjdAO-ixpp906TLsi_Rts\/edit?ts=5b982ab9\" target=\"_blank\" rel=\"noopener\"><strong>Viv\u00eancia de Dan\u00e7as Circulares<\/strong><\/a> \u2013 Ministrada por Gisele Rodrigues Machado.<\/li>\n<li style=\"text-align: justify;\"><a href=\"https:\/\/docs.google.com\/forms\/d\/1SHPKWY3CKvuoUN8zpgicn1FezS7hb_9QcHlEN2wEKBo\/edit?ts=5b982a86\" target=\"_blank\" rel=\"noopener\"><strong>Viv\u00eancia de Conta\u00e7\u00e3o de Hist\u00f3rias<\/strong><\/a> \u2013 Ministrada por Eduarda Porci\u00fancula.<\/li>\n<li style=\"text-align: justify;\"><a href=\"https:\/\/docs.google.com\/forms\/d\/16DCQHwEiwk3ho9FNrxqitaeZoVAJH6KgbBhoX6TXPB4\/edit?ts=5b982a48\" target=\"_blank\" rel=\"noopener\"><strong>Viv\u00eancias de Psicoletras: Significando o papel do alfabetizador<\/strong><\/a> \u2013 Ministrada por Vivian Moraes e Waleska Kaul.<\/li>\n<li style=\"text-align: justify;\"><a href=\"https:\/\/docs.google.com\/forms\/d\/1aclxVdg_3pPhjHcqYyIN0KTfwqmWHObh6i07zK0uNDU\/edit?ts=5b982a65\" target=\"_blank\" rel=\"noopener\"><strong>Viv\u00eancia de Artes<\/strong><\/a> \u2013 Ministrada por Karine Sanchez.<\/li>\n<\/ul>\n<p>&nbsp;<\/p>\n<p style=\"text-align: right;\"><em>SMEd<\/em><br \/>\n<em>Roberton Reis<\/em><br \/>\n<em>Com informa\u00e7\u00f5es do N\u00facleo dos Anos Iniciais<\/em><\/p>\n","protected":false},"excerpt":{"rendered":"<p>Publicada 17\/10\/2018 SMEd promoveu evento em homenagem ao \u201cDia do Alfabetizador\u201d A Secretaria de Munic\u00edpio da Educa\u00e7\u00e3o de Rio Grande (SMEd), atrav\u00e9s do N\u00facleo dos Anos Iniciais, promoveu, no final da tarde do dia 27 de setembro, no Audit\u00f3rio da Escola Municipal de Ensino Fundamental Cipriano Porto Alegre, o evento em homenagem ao \u201cDia do [&hellip;]<\/p>\n","protected":false},"author":7,"featured_media":0,"parent":25220,"menu_order":12,"comment_status":"closed","ping_status":"closed","template":"","meta":{"footnotes":""},"class_list":["post-28444","page","type-page","status-publish","hentry"],"_links":{"self":[{"href":"https:\/\/www.riogrande.rs.gov.br\/smed\/index.php?rest_route=\/wp\/v2\/pages\/28444"}],"collection":[{"href":"https:\/\/www.riogrande.rs.gov.br\/smed\/index.php?rest_route=\/wp\/v2\/pages"}],"about":[{"href":"https:\/\/www.riogrande.rs.gov.br\/smed\/index.php?rest_route=\/wp\/v2\/types\/page"}],"author":[{"embeddable":true,"href":"https:\/\/www.riogrande.rs.gov.br\/smed\/index.php?rest_route=\/wp\/v2\/users\/7"}],"replies":[{"embeddable":true,"href":"https:\/\/www.riogrande.rs.gov.br\/smed\/index.php?rest_route=%2Fwp%2Fv2%2Fcomments&post=28444"}],"version-history":[{"count":6,"href":"https:\/\/www.riogrande.rs.gov.br\/smed\/index.php?rest_route=\/wp\/v2\/pages\/28444\/revisions"}],"predecessor-version":[{"id":29129,"href":"https:\/\/www.riogrande.rs.gov.br\/smed\/index.php?rest_route=\/wp\/v2\/pages\/28444\/revisions\/29129"}],"up":[{"embeddable":true,"href":"https:\/\/www.riogrande.rs.gov.br\/smed\/index.php?rest_route=\/wp\/v2\/pages\/25220"}],"wp:attachment":[{"href":"https:\/\/www.riogrande.rs.gov.br\/smed\/index.php?rest_route=%2Fwp%2Fv2%2Fmedia&parent=28444"}],"curies":[{"name":"wp","href":"https:\/\/api.w.org\/{rel}","templated":true}]}}