{"id":13998,"date":"2015-06-21T21:35:56","date_gmt":"2015-06-22T00:35:56","guid":{"rendered":"http:\/\/www.riogrande.rs.gov.br\/smed\/?page_id=13998"},"modified":"2023-05-29T14:34:20","modified_gmt":"2023-05-29T17:34:20","slug":"plano-municipal-de-educacao","status":"publish","type":"page","link":"https:\/\/www.riogrande.rs.gov.br\/smed\/?page_id=13998","title":{"rendered":"Plano Municipal de Educa\u00e7\u00e3o"},"content":{"rendered":"<p><a href=\"http:\/\/www.riogrande.rs.gov.br\/smed\/wp-content\/uploads\/2015\/06\/pme_imagem.jpg\" rel=\"lightbox[13998]\"><img loading=\"lazy\" decoding=\"async\" class=\"aligncenter size-medium wp-image-13999\" src=\"http:\/\/www.riogrande.rs.gov.br\/smed\/wp-content\/uploads\/2015\/06\/pme_imagem-485x304.jpg\" alt=\"\" width=\"485\" height=\"304\" srcset=\"https:\/\/www.riogrande.rs.gov.br\/smed\/wp-content\/uploads\/2015\/06\/pme_imagem.jpg 485w, https:\/\/www.riogrande.rs.gov.br\/smed\/wp-content\/uploads\/2015\/06\/pme_imagem-330x207.jpg 330w\" sizes=\"(max-width: 485px) 100vw, 485px\" \/><\/a><\/p>\n<p>&nbsp;<\/p>\n<p>Atualizado dia 04\/08\/2015<\/p>\n<p>Lei n\u00ba 7.911\/2015. <strong><a href=\"http:\/\/www.riogrande.rs.gov.br\/pagina\/arquivos\/lei\/lei_7.911_-_plano_municipal_de_educacao.pdf\" target=\"_blank\" rel=\"noopener noreferrer\">CLIQUE AQUI.<\/a><\/strong><\/p>\n<p>Plano Municipal de Educa\u00e7\u00e3o, vers\u00e3o final aprovada pela C\u00e2mara de Vereadores, formato DOC.\u00a0<strong><a href=\"http:\/\/www.riogrande.rs.gov.br\/pagina\/arquivos\/lei\/lei_7.911_anexo_-_plano_municipal_de_educacao.doc\" target=\"_blank\" rel=\"noopener noreferrer\">CLIQUE AQUI.<\/a><\/strong><\/p>\n<p>Plano Municipal de Educa\u00e7\u00e3o, vers\u00e3o final aprovada pela C\u00e2mara de Vereadores, formato PDF.\u00a0<strong><a href=\"http:\/\/www.riogrande.rs.gov.br\/smed\/wp-content\/uploads\/2015\/08\/20150808-lei_7.911_anexo_-_plano_municipal_de_educacao.pdf\" target=\"_blank\" rel=\"noopener noreferrer\">CLIQUE AQUI.<\/a><\/strong><\/p>\n<hr align=\"left\" width=\"80%\" \/>\n<p>Abaixo alguns documentos relacionados ao Plano Municipal de Educa\u00e7\u00e3o.<\/p>\n<p>A mensagem enviada \u00e0 C\u00e2mara de Vereadores pelo Executivo Municipal.\u00a0<strong><a href=\"http:\/\/www.riogrande.rs.gov.br\/smed\/wp-content\/uploads\/2015\/06\/20150621-mensagem_449.pdf\" target=\"_blank\" rel=\"noopener noreferrer\">CLIQUE AQUI<\/a><\/strong>.<\/p>\n<p>O projeto de lei.\u00a0<strong><a href=\"http:\/\/www.riogrande.rs.gov.br\/smed\/wp-content\/uploads\/2015\/06\/20150621-pl_039.pdf\" target=\"_blank\" rel=\"noopener noreferrer\">CLIQUE AQUI<\/a><\/strong>.<\/p>\n<p>O Plano Municipal de Educa\u00e7\u00e3o na \u00edntegra (vers\u00e3o anterior).\u00a0<strong><a href=\"http:\/\/www.riogrande.rs.gov.br\/smed\/wp-content\/uploads\/2015\/06\/20150621-pme_atualizado.pdf\" target=\"_blank\" rel=\"noopener noreferrer\">CLIQUE AQUI<\/a><\/strong>.<\/p>\n<p>&nbsp;<\/p>\n","protected":false},"excerpt":{"rendered":"<p>&nbsp; Atualizado dia 04\/08\/2015 Lei n\u00ba 7.911\/2015. CLIQUE AQUI. Plano Municipal de Educa\u00e7\u00e3o, vers\u00e3o final aprovada pela C\u00e2mara de Vereadores, formato DOC.\u00a0CLIQUE AQUI. Plano Municipal de Educa\u00e7\u00e3o, vers\u00e3o final aprovada pela C\u00e2mara de Vereadores, formato PDF.\u00a0CLIQUE AQUI. Abaixo alguns documentos relacionados ao Plano Municipal de Educa\u00e7\u00e3o. A mensagem enviada \u00e0 C\u00e2mara de Vereadores pelo Executivo [&hellip;]<\/p>\n","protected":false},"author":7,"featured_media":0,"parent":40,"menu_order":3,"comment_status":"closed","ping_status":"open","template":"","meta":{"footnotes":""},"class_list":["post-13998","page","type-page","status-publish","hentry"],"_links":{"self":[{"href":"https:\/\/www.riogrande.rs.gov.br\/smed\/index.php?rest_route=\/wp\/v2\/pages\/13998"}],"collection":[{"href":"https:\/\/www.riogrande.rs.gov.br\/smed\/index.php?rest_route=\/wp\/v2\/pages"}],"about":[{"href":"https:\/\/www.riogrande.rs.gov.br\/smed\/index.php?rest_route=\/wp\/v2\/types\/page"}],"author":[{"embeddable":true,"href":"https:\/\/www.riogrande.rs.gov.br\/smed\/index.php?rest_route=\/wp\/v2\/users\/7"}],"replies":[{"embeddable":true,"href":"https:\/\/www.riogrande.rs.gov.br\/smed\/index.php?rest_route=%2Fwp%2Fv2%2Fcomments&post=13998"}],"version-history":[{"count":6,"href":"https:\/\/www.riogrande.rs.gov.br\/smed\/index.php?rest_route=\/wp\/v2\/pages\/13998\/revisions"}],"predecessor-version":[{"id":31207,"href":"https:\/\/www.riogrande.rs.gov.br\/smed\/index.php?rest_route=\/wp\/v2\/pages\/13998\/revisions\/31207"}],"up":[{"embeddable":true,"href":"https:\/\/www.riogrande.rs.gov.br\/smed\/index.php?rest_route=\/wp\/v2\/pages\/40"}],"wp:attachment":[{"href":"https:\/\/www.riogrande.rs.gov.br\/smed\/index.php?rest_route=%2Fwp%2Fv2%2Fmedia&parent=13998"}],"curies":[{"name":"wp","href":"https:\/\/api.w.org\/{rel}","templated":true}]}}