{"id":13363,"date":"2015-05-11T15:27:50","date_gmt":"2015-05-11T18:27:50","guid":{"rendered":"http:\/\/www.riogrande.rs.gov.br\/smed\/?page_id=13363"},"modified":"2023-05-29T14:28:31","modified_gmt":"2023-05-29T17:28:31","slug":"ativididades-2015","status":"publish","type":"page","link":"https:\/\/www.riogrande.rs.gov.br\/smed\/?page_id=13363","title":{"rendered":"Atividades 2015"},"content":{"rendered":"<p>P\u00e1ginas relacionadas \u00e0s atividades de 2015. Nem todas as atividades desenvolvidas tiveram p\u00e1ginas criadas.<\/p>\n<ol>\n<li><a title=\"Link Permanente para EDITAL VALDIR CASTRO \u2013 N\u00ba 01\/2015\" href=\"http:\/\/www.riogrande.rs.gov.br\/smed\/?page_id=12212\" rel=\"bookmark\">EDITAL VALDIR CASTRO \u2013 N\u00ba 01\/2015<\/a><\/li>\n<li><a title=\"Link Permanente para Inscri\u00e7\u00f5es para EBAHL 1\/2015\" href=\"http:\/\/www.riogrande.rs.gov.br\/smed\/?page_id=12378\" rel=\"bookmark\">Inscri\u00e7\u00f5es para EBAHL 1\/2015<\/a><\/li>\n<li><a title=\"Link Permanente para Inscri\u00e7\u00f5es para EBAHL 2\/2015\" href=\"http:\/\/www.riogrande.rs.gov.br\/smed\/?page_id=12713\" rel=\"bookmark\">Inscri\u00e7\u00f5es para EBAHL 2\/2015<\/a><\/li>\n<li><a title=\"Link Permanente para Oficina de Jogos Boole\" href=\"http:\/\/www.riogrande.rs.gov.br\/smed\/?page_id=12474\" rel=\"bookmark\">Oficina de Jogos Boole<\/a><\/li>\n<li><a title=\"Link Permanente para Oficina de Matem\u00e1tica Anos Iniciais e Anos Finais\" href=\"http:\/\/www.riogrande.rs.gov.br\/smed\/?page_id=12519\" rel=\"bookmark\">Oficina de Matem\u00e1tica Anos Iniciais e Anos Finais<\/a><\/li>\n<li><a title=\"Link Permanente para F\u00f3rum 127 anos P\u00f3s-aboli\u00e7\u00e3o\" href=\"http:\/\/www.riogrande.rs.gov.br\/smed\/?page_id=13361\" rel=\"bookmark\">F\u00f3rum 127 anos P\u00f3s-aboli\u00e7\u00e3o<\/a><\/li>\n<li><a title=\"Link Permanente para Oficina de Produ\u00e7\u00e3o Textual\" href=\"http:\/\/www.riogrande.rs.gov.br\/smed\/?page_id=12827\" rel=\"bookmark\">Oficina de Produ\u00e7\u00e3o Textual<\/a><\/li>\n<li><a title=\"Link Permanente para Confer\u00eancia Municipal de Educa\u00e7\u00e3o\" href=\"http:\/\/www.riogrande.rs.gov.br\/smed\/?page_id=12856\" rel=\"bookmark\">Confer\u00eancia Municipal de Educa\u00e7\u00e3o<\/a><\/li>\n<li><a title=\"Link Permanente para Conversas sobre 11\u00aa OBMEP\" href=\"http:\/\/www.riogrande.rs.gov.br\/smed\/?page_id=13325\" rel=\"bookmark\">Conversas sobre 11\u00aa OBMEP<\/a><\/li>\n<li><a title=\"Link Permanente para Oficina de Punhobol\" href=\"http:\/\/www.riogrande.rs.gov.br\/smed\/?page_id=13356\" rel=\"bookmark\">Oficina de Punhobol<\/a><\/li>\n<\/ol>\n","protected":false},"excerpt":{"rendered":"<p>P\u00e1ginas relacionadas \u00e0s atividades de 2015. Nem todas as atividades desenvolvidas tiveram p\u00e1ginas criadas. EDITAL VALDIR CASTRO \u2013 N\u00ba 01\/2015 Inscri\u00e7\u00f5es para EBAHL 1\/2015 Inscri\u00e7\u00f5es para EBAHL 2\/2015 Oficina de Jogos Boole Oficina de Matem\u00e1tica Anos Iniciais e Anos Finais F\u00f3rum 127 anos P\u00f3s-aboli\u00e7\u00e3o Oficina de Produ\u00e7\u00e3o Textual Confer\u00eancia Municipal de Educa\u00e7\u00e3o Conversas sobre 11\u00aa [&hellip;]<\/p>\n","protected":false},"author":7,"featured_media":0,"parent":44453,"menu_order":14,"comment_status":"closed","ping_status":"open","template":"","meta":{"footnotes":""},"class_list":["post-13363","page","type-page","status-publish","hentry"],"_links":{"self":[{"href":"https:\/\/www.riogrande.rs.gov.br\/smed\/index.php?rest_route=\/wp\/v2\/pages\/13363"}],"collection":[{"href":"https:\/\/www.riogrande.rs.gov.br\/smed\/index.php?rest_route=\/wp\/v2\/pages"}],"about":[{"href":"https:\/\/www.riogrande.rs.gov.br\/smed\/index.php?rest_route=\/wp\/v2\/types\/page"}],"author":[{"embeddable":true,"href":"https:\/\/www.riogrande.rs.gov.br\/smed\/index.php?rest_route=\/wp\/v2\/users\/7"}],"replies":[{"embeddable":true,"href":"https:\/\/www.riogrande.rs.gov.br\/smed\/index.php?rest_route=%2Fwp%2Fv2%2Fcomments&post=13363"}],"version-history":[{"count":13,"href":"https:\/\/www.riogrande.rs.gov.br\/smed\/index.php?rest_route=\/wp\/v2\/pages\/13363\/revisions"}],"predecessor-version":[{"id":13377,"href":"https:\/\/www.riogrande.rs.gov.br\/smed\/index.php?rest_route=\/wp\/v2\/pages\/13363\/revisions\/13377"}],"up":[{"embeddable":true,"href":"https:\/\/www.riogrande.rs.gov.br\/smed\/index.php?rest_route=\/wp\/v2\/pages\/44453"}],"wp:attachment":[{"href":"https:\/\/www.riogrande.rs.gov.br\/smed\/index.php?rest_route=%2Fwp%2Fv2%2Fmedia&parent=13363"}],"curies":[{"name":"wp","href":"https:\/\/api.w.org\/{rel}","templated":true}]}}