{"id":12164,"date":"2014-12-22T07:21:00","date_gmt":"2014-12-22T09:21:00","guid":{"rendered":"http:\/\/www.riogrande.rs.gov.br\/smed\/?page_id=12164"},"modified":"2023-05-29T14:29:27","modified_gmt":"2023-05-29T17:29:27","slug":"atividades-2014","status":"publish","type":"page","link":"https:\/\/www.riogrande.rs.gov.br\/smed\/?page_id=12164","title":{"rendered":"Atividades 2014"},"content":{"rendered":"<p>P\u00e1ginas relacionadas \u00e0s atividades de 2014. Nem todas as atividades desenvolvidas tiveram p\u00e1ginas criadas.<\/p>\n<ol>\n<li><strong><a href=\"http:\/\/www.riogrande.rs.gov.br\/smed\/?page_id=10150\" target=\"_blank\" rel=\"noopener noreferrer\">6\u00ba COMED<\/a><\/strong><\/li>\n<li><strong><a title=\"Link Permanente para EDITAL BELAS ARTES \u2013 N\u00ba 01\/2014\" href=\"http:\/\/www.riogrande.rs.gov.br\/smed\/?page_id=11003\" target=\"_blank\" rel=\"bookmark noopener noreferrer\">EDITAL BELAS ARTES \u2013 N\u00ba 01\/2014<\/a><\/strong><\/li>\n<li><strong><a href=\"http:\/\/www.riogrande.rs.gov.br\/smed\/?page_id=11191\" target=\"_blank\" rel=\"noopener noreferrer\">EDITAL BELAS ARTES &#8211; N\u00ba 02\/2014<\/a><\/strong><\/li>\n<li><strong><a href=\"http:\/\/www.riogrande.rs.gov.br\/smed\/?page_id=11404\" target=\"_blank\" rel=\"noopener noreferrer\">MATR\u00cdCULAS 2014<\/a><\/strong><\/li>\n<li><strong><a title=\"Link Permanente para 2\u00ba Semin\u00e1rio Municipal de Diversidade e Inclus\u00e3o\" href=\"http:\/\/www.riogrande.rs.gov.br\/smed\/?page_id=11447\" target=\"_blank\" rel=\"bookmark noopener noreferrer\">2\u00ba Semin\u00e1rio Municipal de Diversidade e Inclus\u00e3o<\/a><\/strong><\/li>\n<li><strong><a title=\"Link Permanente para II Encontro de Educa\u00e7\u00e3o e Tecnologia\" href=\"http:\/\/www.riogrande.rs.gov.br\/smed\/?page_id=11681\" target=\"_blank\" rel=\"bookmark noopener noreferrer\">II Encontro de Educa\u00e7\u00e3o e Tecnologia<\/a><\/strong><\/li>\n<li><strong><a title=\"Link Permanente para Inscri\u00e7\u00f5es para Novembro Negro SMEd\" href=\"http:\/\/www.riogrande.rs.gov.br\/smed\/?page_id=11734\" rel=\"bookmark\">Inscri\u00e7\u00f5es para Novembro Negro SMEd<\/a><\/strong><\/li>\n<\/ol>\n","protected":false},"excerpt":{"rendered":"<p>P\u00e1ginas relacionadas \u00e0s atividades de 2014. Nem todas as atividades desenvolvidas tiveram p\u00e1ginas criadas. 6\u00ba COMED EDITAL BELAS ARTES \u2013 N\u00ba 01\/2014 EDITAL BELAS ARTES &#8211; N\u00ba 02\/2014 MATR\u00cdCULAS 2014 2\u00ba Semin\u00e1rio Municipal de Diversidade e Inclus\u00e3o II Encontro de Educa\u00e7\u00e3o e Tecnologia Inscri\u00e7\u00f5es para Novembro Negro SMEd<\/p>\n","protected":false},"author":7,"featured_media":0,"parent":44453,"menu_order":15,"comment_status":"closed","ping_status":"open","template":"","meta":{"footnotes":""},"class_list":["post-12164","page","type-page","status-publish","hentry"],"_links":{"self":[{"href":"https:\/\/www.riogrande.rs.gov.br\/smed\/index.php?rest_route=\/wp\/v2\/pages\/12164"}],"collection":[{"href":"https:\/\/www.riogrande.rs.gov.br\/smed\/index.php?rest_route=\/wp\/v2\/pages"}],"about":[{"href":"https:\/\/www.riogrande.rs.gov.br\/smed\/index.php?rest_route=\/wp\/v2\/types\/page"}],"author":[{"embeddable":true,"href":"https:\/\/www.riogrande.rs.gov.br\/smed\/index.php?rest_route=\/wp\/v2\/users\/7"}],"replies":[{"embeddable":true,"href":"https:\/\/www.riogrande.rs.gov.br\/smed\/index.php?rest_route=%2Fwp%2Fv2%2Fcomments&post=12164"}],"version-history":[{"count":5,"href":"https:\/\/www.riogrande.rs.gov.br\/smed\/index.php?rest_route=\/wp\/v2\/pages\/12164\/revisions"}],"predecessor-version":[{"id":31799,"href":"https:\/\/www.riogrande.rs.gov.br\/smed\/index.php?rest_route=\/wp\/v2\/pages\/12164\/revisions\/31799"}],"up":[{"embeddable":true,"href":"https:\/\/www.riogrande.rs.gov.br\/smed\/index.php?rest_route=\/wp\/v2\/pages\/44453"}],"wp:attachment":[{"href":"https:\/\/www.riogrande.rs.gov.br\/smed\/index.php?rest_route=%2Fwp%2Fv2%2Fmedia&parent=12164"}],"curies":[{"name":"wp","href":"https:\/\/api.w.org\/{rel}","templated":true}]}}

<p>Páginas relacionadas às atividades de 2014. Nem todas as atividades desenvolvidas tiveram páginas criadas.</p>
<ol>
<li><strong><a href="http://www.riogrande.rs.gov.br/smed/?page_id=10150" target="_blank" rel="noopener noreferrer">6º COMED</a></strong></li>
<li><strong><a title="Link Permanente para EDITAL BELAS ARTES – Nº 01/2014" href="http://www.riogrande.rs.gov.br/smed/?page_id=11003" target="_blank" rel="bookmark noopener noreferrer">EDITAL BELAS ARTES – Nº 01/2014</a></strong></li>
<li><strong><a href="http://www.riogrande.rs.gov.br/smed/?page_id=11191" target="_blank" rel="noopener noreferrer">EDITAL BELAS ARTES &#8211; Nº 02/2014</a></strong></li>
<li><strong><a href="http://www.riogrande.rs.gov.br/smed/?page_id=11404" target="_blank" rel="noopener noreferrer">MATRÍCULAS 2014</a></strong></li>
<li><strong><a title="Link Permanente para 2º Seminário Municipal de Diversidade e Inclusão" href="http://www.riogrande.rs.gov.br/smed/?page_id=11447" target="_blank" rel="bookmark noopener noreferrer">2º Seminário Municipal de Diversidade e Inclusão</a></strong></li>
<li><strong><a title="Link Permanente para II Encontro de Educação e Tecnologia" href="http://www.riogrande.rs.gov.br/smed/?page_id=11681" target="_blank" rel="bookmark noopener noreferrer">II Encontro de Educação e Tecnologia</a></strong></li>
<li><strong><a title="Link Permanente para Inscrições para Novembro Negro SMEd" href="http://www.riogrande.rs.gov.br/smed/?page_id=11734" rel="bookmark">Inscrições para Novembro Negro SMEd</a></strong></li>
</ol>

<p>Páginas relacionadas às atividades de 2014. Nem todas as atividades desenvolvidas tiveram páginas criadas. 6º COMED EDITAL BELAS ARTES – Nº 01/2014 EDITAL BELAS ARTES &#8211; Nº 02/2014 MATRÍCULAS 2014 2º Seminário Municipal de Diversidade e Inclusão II Encontro de Educação e Tecnologia Inscrições para Novembro Negro SMEd</p>
