{"id":11734,"date":"2014-11-05T17:32:14","date_gmt":"2014-11-05T19:32:14","guid":{"rendered":"http:\/\/www.riogrande.rs.gov.br\/smed\/?page_id=11734"},"modified":"2014-12-22T07:22:37","modified_gmt":"2014-12-22T09:22:37","slug":"inscricoes-para-novembro-negro-smed","status":"publish","type":"page","link":"https:\/\/www.riogrande.rs.gov.br\/smed\/?page_id=11734","title":{"rendered":"Inscri\u00e7\u00f5es para Novembro Negro SMEd"},"content":{"rendered":"<p><a href=\"http:\/\/www.riogrande.rs.gov.br\/smed\/wp-content\/uploads\/2014\/11\/20141105-ped-novembro_negro-image01.jpg\" rel=\"lightbox[11734]\"><img loading=\"lazy\" decoding=\"async\" class=\"aligncenter size-medium wp-image-11731\" src=\"http:\/\/www.riogrande.rs.gov.br\/smed\/wp-content\/uploads\/2014\/11\/20141105-ped-novembro_negro-image01-485x343.jpg\" alt=\" \" width=\"485\" height=\"343\" srcset=\"https:\/\/www.riogrande.rs.gov.br\/smed\/wp-content\/uploads\/2014\/11\/20141105-ped-novembro_negro-image01-485x343.jpg 485w, https:\/\/www.riogrande.rs.gov.br\/smed\/wp-content\/uploads\/2014\/11\/20141105-ped-novembro_negro-image01-292x207.jpg 292w, https:\/\/www.riogrande.rs.gov.br\/smed\/wp-content\/uploads\/2014\/11\/20141105-ped-novembro_negro-image01.jpg 800w\" sizes=\"(max-width: 485px) 100vw, 485px\" \/><\/a><\/p>\n<p><a href=\"http:\/\/www.riogrande.rs.gov.br\/smed\/wp-content\/uploads\/2014\/11\/20141105-ped-novembro_negro-image00.jpg\" rel=\"lightbox[11734]\"><img loading=\"lazy\" decoding=\"async\" class=\"aligncenter size-medium wp-image-11730\" src=\"http:\/\/www.riogrande.rs.gov.br\/smed\/wp-content\/uploads\/2014\/11\/20141105-ped-novembro_negro-image00-485x343.jpg\" alt=\" \" width=\"485\" height=\"343\" srcset=\"https:\/\/www.riogrande.rs.gov.br\/smed\/wp-content\/uploads\/2014\/11\/20141105-ped-novembro_negro-image00-485x343.jpg 485w, https:\/\/www.riogrande.rs.gov.br\/smed\/wp-content\/uploads\/2014\/11\/20141105-ped-novembro_negro-image00-292x207.jpg 292w, https:\/\/www.riogrande.rs.gov.br\/smed\/wp-content\/uploads\/2014\/11\/20141105-ped-novembro_negro-image00.jpg 800w\" sizes=\"(max-width: 485px) 100vw, 485px\" \/><\/a><\/p>\n<p style=\"text-align: justify;\">No m\u00eas da Consci\u00eancia Negra, a Prefeitura Municipal do Rio Grande, atrav\u00e9s da Secretaria de Munic\u00edpio da Educa\u00e7\u00e3o (SMEd), promove o &#8220;NOVEMBRO NEGRO 2014: ESCOLA COMVIDA \u00c9 CONSCI\u00caNCIA NEGRA O ANO TODO!&#8221;, oferecendo atividades para atender \u00e0 Lei 10.639\/2003 (Hist\u00f3ria e Cultura Afro no Curr\u00edculo Escolar), al\u00e9m de diversas oficinas pedag\u00f3gicas com tema Afro para a comunidade escolar e para o p\u00fablico em geral.<\/p>\n<p style=\"text-align: center;\">Acesse a <a href=\"http:\/\/www.riogrande.rs.gov.br\/smed\/wp-content\/uploads\/2014\/11\/20141105-folder_nov_negro_2014_parte_de_dentro_final.pdf\" target=\"_blank\"><b>programa\u00e7\u00e3o<\/b><\/a> completa em formato PDF.<\/p>\n<h2 style=\"text-align: center;\">Para realizar a sua inscri\u00e7\u00e3o para as oficinas, clique <a href=\"https:\/\/docs.google.com\/forms\/d\/13bAZX8gf2VAYNsNAd4S_h5rO22RhX4tFWtou9OOBz-I\/viewform?c=0&amp;w=1\" target=\"_blank\">aqui<\/a>.<\/h2>\n<p style=\"text-align: right;\"><em>SMEd<\/em><\/p>\n<p><strong><strong>\u00a0<\/strong><\/strong><\/p>\n","protected":false},"excerpt":{"rendered":"<p>No m\u00eas da Consci\u00eancia Negra, a Prefeitura Municipal do Rio Grande, atrav\u00e9s da Secretaria de Munic\u00edpio da Educa\u00e7\u00e3o (SMEd), promove o &#8220;NOVEMBRO NEGRO 2014: ESCOLA COMVIDA \u00c9 CONSCI\u00caNCIA NEGRA O ANO TODO!&#8221;, oferecendo atividades para atender \u00e0 Lei 10.639\/2003 (Hist\u00f3ria e Cultura Afro no Curr\u00edculo Escolar), al\u00e9m de diversas oficinas pedag\u00f3gicas com tema Afro para [&hellip;]<\/p>\n","protected":false},"author":7,"featured_media":0,"parent":12164,"menu_order":10,"comment_status":"closed","ping_status":"open","template":"","meta":{"footnotes":""},"class_list":["post-11734","page","type-page","status-publish","hentry"],"_links":{"self":[{"href":"https:\/\/www.riogrande.rs.gov.br\/smed\/index.php?rest_route=\/wp\/v2\/pages\/11734"}],"collection":[{"href":"https:\/\/www.riogrande.rs.gov.br\/smed\/index.php?rest_route=\/wp\/v2\/pages"}],"about":[{"href":"https:\/\/www.riogrande.rs.gov.br\/smed\/index.php?rest_route=\/wp\/v2\/types\/page"}],"author":[{"embeddable":true,"href":"https:\/\/www.riogrande.rs.gov.br\/smed\/index.php?rest_route=\/wp\/v2\/users\/7"}],"replies":[{"embeddable":true,"href":"https:\/\/www.riogrande.rs.gov.br\/smed\/index.php?rest_route=%2Fwp%2Fv2%2Fcomments&post=11734"}],"version-history":[{"count":1,"href":"https:\/\/www.riogrande.rs.gov.br\/smed\/index.php?rest_route=\/wp\/v2\/pages\/11734\/revisions"}],"predecessor-version":[{"id":11735,"href":"https:\/\/www.riogrande.rs.gov.br\/smed\/index.php?rest_route=\/wp\/v2\/pages\/11734\/revisions\/11735"}],"up":[{"embeddable":true,"href":"https:\/\/www.riogrande.rs.gov.br\/smed\/index.php?rest_route=\/wp\/v2\/pages\/12164"}],"wp:attachment":[{"href":"https:\/\/www.riogrande.rs.gov.br\/smed\/index.php?rest_route=%2Fwp%2Fv2%2Fmedia&parent=11734"}],"curies":[{"name":"wp","href":"https:\/\/api.w.org\/{rel}","templated":true}]}}

Inscrições para Novembro Negro SMEd

<p><a href="http://www.riogrande.rs.gov.br/smed/wp-content/uploads/2014/11/20141105-ped-novembro_negro-image01.jpg" rel="lightbox[11734]"><img loading="lazy" decoding="async" class="aligncenter size-medium wp-image-11731" src="http://www.riogrande.rs.gov.br/smed/wp-content/uploads/2014/11/20141105-ped-novembro_negro-image01-485x343.jpg" alt=" " width="485" height="343" srcset="https://www.riogrande.rs.gov.br/smed/wp-content/uploads/2014/11/20141105-ped-novembro_negro-image01-485x343.jpg 485w, https://www.riogrande.rs.gov.br/smed/wp-content/uploads/2014/11/20141105-ped-novembro_negro-image01-292x207.jpg 292w, https://www.riogrande.rs.gov.br/smed/wp-content/uploads/2014/11/20141105-ped-novembro_negro-image01.jpg 800w" sizes="(max-width: 485px) 100vw, 485px" /></a></p>
<p><a href="http://www.riogrande.rs.gov.br/smed/wp-content/uploads/2014/11/20141105-ped-novembro_negro-image00.jpg" rel="lightbox[11734]"><img loading="lazy" decoding="async" class="aligncenter size-medium wp-image-11730" src="http://www.riogrande.rs.gov.br/smed/wp-content/uploads/2014/11/20141105-ped-novembro_negro-image00-485x343.jpg" alt=" " width="485" height="343" srcset="https://www.riogrande.rs.gov.br/smed/wp-content/uploads/2014/11/20141105-ped-novembro_negro-image00-485x343.jpg 485w, https://www.riogrande.rs.gov.br/smed/wp-content/uploads/2014/11/20141105-ped-novembro_negro-image00-292x207.jpg 292w, https://www.riogrande.rs.gov.br/smed/wp-content/uploads/2014/11/20141105-ped-novembro_negro-image00.jpg 800w" sizes="(max-width: 485px) 100vw, 485px" /></a></p>
<p style="text-align: justify;">No mês da Consciência Negra, a Prefeitura Municipal do Rio Grande, através da Secretaria de Município da Educação (SMEd), promove o &#8220;NOVEMBRO NEGRO 2014: ESCOLA COMVIDA É CONSCIÊNCIA NEGRA O ANO TODO!&#8221;, oferecendo atividades para atender à Lei 10.639/2003 (História e Cultura Afro no Currículo Escolar), além de diversas oficinas pedagógicas com tema Afro para a comunidade escolar e para o público em geral.</p>
<p style="text-align: center;">Acesse a <a href="http://www.riogrande.rs.gov.br/smed/wp-content/uploads/2014/11/20141105-folder_nov_negro_2014_parte_de_dentro_final.pdf" target="_blank"><b>programação</b></a> completa em formato PDF.</p>
<h2 style="text-align: center;">Para realizar a sua inscrição para as oficinas, clique <a href="https://docs.google.com/forms/d/13bAZX8gf2VAYNsNAd4S_h5rO22RhX4tFWtou9OOBz-I/viewform?c=0&amp;w=1" target="_blank">aqui</a>.</h2>
<p style="text-align: right;"><em>SMEd</em></p>
<p><strong><strong> </strong></strong></p>

<p>No mês da Consciência Negra, a Prefeitura Municipal do Rio Grande, através da Secretaria de Município da Educação (SMEd), promove o &#8220;NOVEMBRO NEGRO 2014: ESCOLA COMVIDA É CONSCIÊNCIA NEGRA O ANO TODO!&#8221;, oferecendo atividades para atender à Lei 10.639/2003 (História e Cultura Afro no Currículo Escolar), além de diversas oficinas pedagógicas com tema Afro para [&hellip;]</p>
