{"id":11404,"date":"2014-10-01T20:29:44","date_gmt":"2014-10-01T23:29:44","guid":{"rendered":"http:\/\/www.riogrande.rs.gov.br\/smed\/?page_id=11404"},"modified":"2014-12-22T07:24:15","modified_gmt":"2014-12-22T09:24:15","slug":"matriculas-2014","status":"publish","type":"page","link":"https:\/\/www.riogrande.rs.gov.br\/smed\/?page_id=11404","title":{"rendered":"Matr\u00edculas 2014"},"content":{"rendered":"<p style=\"text-align: justify;\">A Secretaria de Munic\u00edpio da Educa\u00e7\u00e3o de Rio Grande (SMEd), atrav\u00e9s da Central de Matr\u00edculas, informa que o Per\u00edodo de Matr\u00edculas para as Escolas de Educa\u00e7\u00e3o Infantil e de Ensino Fundamental da rede p\u00fablica municipal de ensino iniciam\u00a0quarta-feira, 1\u00ba de outubro.<\/p>\n<p style=\"text-align: justify;\">Acompanhe o Calend\u00e1rio de Matr\u00edculas abaixo:<\/p>\n<h2 style=\"text-align: justify;\"><strong>Per\u00edodo de Matr\u00edculas para a Educa\u00e7\u00e3o Infantil:<\/strong><\/h2>\n<p><strong>Rematr\u00edcula<\/strong>: de 1\u00ba a 31 de outubro de 2014, nas secretarias das Escolas.<\/p>\n<p><strong>Inscri\u00e7\u00e3o<\/strong>: de 10 a 23 de novembro de 2014, atrav\u00e9s do <em>site<\/em> \u00a0<strong><a href=\"http:\/\/www.riogrande.rs.gov.br\/matriculas\" target=\"_blank\">www.riogrande.rs.gov.br\/matriculas<\/a>.<\/strong><\/p>\n<p><strong>Matr\u00edcula<\/strong>: de 1\u00ba a 05 de dezembro de 2014, nas secretarias das Escolas.<\/p>\n<h2 style=\"text-align: justify;\"><strong>Per\u00edodo de Matr\u00edculas para o Ensino Fundamental:<\/strong><\/h2>\n<p style=\"text-align: left;\"><strong>Rematr\u00edcula<\/strong>: de 1\u00ba a 31 de outubro de 2014, nas secretarias das Escolas.<\/p>\n<p style=\"text-align: left;\"><strong>Inscri\u00e7\u00f5es para o Ingresso para o 1\u00ba ano do Ensino Fundamental<\/strong>: de 13 a 31 de outubro de 2014, atrav\u00e9s do site<a href=\"http:\/\/www.educacao.rs.gov.br\/pse\/html\/matricula.jsp?ACAO=acao5\" target=\"_blank\"><strong> www.educacao.rs.gov.br<\/strong><\/a><\/p>\n<p style=\"text-align: left;\"><strong>Matr\u00edcula do 1\u00ba ano do Ensino Fundamental<\/strong>:<br \/>\nDe 05 a 13 de janeiro de 2015, nas secretarias das Escolas.<\/p>\n<p style=\"text-align: left;\"><strong>Inscri\u00e7\u00f5es para as transfer\u00eancias do 2\u00ba ao 9\u00ba ano do Ensino Fundamental<\/strong>:<br \/>\nDe 05 a 13 de janeiro de 2015, atrav\u00e9s do site: www.educacao.rs.gov.br<\/p>\n<p style=\"text-align: left;\"><strong>Matr\u00edcula para as transfer\u00eancias do 2\u00ba ao 9\u00ba ano do Ensino Fundamental<\/strong>:<\/p>\n<p style=\"text-align: left;\">de 23 a 30 de janeiro de 2015, nas secretarias das Escolas.<\/p>\n<p style=\"text-align: right;\"><em>SMEd<\/em><br \/>\n<em> Central de Matr\u00edculas<\/em><\/p>\n","protected":false},"excerpt":{"rendered":"<p>A Secretaria de Munic\u00edpio da Educa\u00e7\u00e3o de Rio Grande (SMEd), atrav\u00e9s da Central de Matr\u00edculas, informa que o Per\u00edodo de Matr\u00edculas para as Escolas de Educa\u00e7\u00e3o Infantil e de Ensino Fundamental da rede p\u00fablica municipal de ensino iniciam\u00a0quarta-feira, 1\u00ba de outubro. Acompanhe o Calend\u00e1rio de Matr\u00edculas abaixo: Per\u00edodo de Matr\u00edculas para a Educa\u00e7\u00e3o Infantil: Rematr\u00edcula: [&hellip;]<\/p>\n","protected":false},"author":7,"featured_media":0,"parent":12164,"menu_order":7,"comment_status":"closed","ping_status":"open","template":"","meta":{"footnotes":""},"class_list":["post-11404","page","type-page","status-publish","hentry"],"_links":{"self":[{"href":"https:\/\/www.riogrande.rs.gov.br\/smed\/index.php?rest_route=\/wp\/v2\/pages\/11404"}],"collection":[{"href":"https:\/\/www.riogrande.rs.gov.br\/smed\/index.php?rest_route=\/wp\/v2\/pages"}],"about":[{"href":"https:\/\/www.riogrande.rs.gov.br\/smed\/index.php?rest_route=\/wp\/v2\/types\/page"}],"author":[{"embeddable":true,"href":"https:\/\/www.riogrande.rs.gov.br\/smed\/index.php?rest_route=\/wp\/v2\/users\/7"}],"replies":[{"embeddable":true,"href":"https:\/\/www.riogrande.rs.gov.br\/smed\/index.php?rest_route=%2Fwp%2Fv2%2Fcomments&post=11404"}],"version-history":[{"count":12,"href":"https:\/\/www.riogrande.rs.gov.br\/smed\/index.php?rest_route=\/wp\/v2\/pages\/11404\/revisions"}],"predecessor-version":[{"id":11926,"href":"https:\/\/www.riogrande.rs.gov.br\/smed\/index.php?rest_route=\/wp\/v2\/pages\/11404\/revisions\/11926"}],"up":[{"embeddable":true,"href":"https:\/\/www.riogrande.rs.gov.br\/smed\/index.php?rest_route=\/wp\/v2\/pages\/12164"}],"wp:attachment":[{"href":"https:\/\/www.riogrande.rs.gov.br\/smed\/index.php?rest_route=%2Fwp%2Fv2%2Fmedia&parent=11404"}],"curies":[{"name":"wp","href":"https:\/\/api.w.org\/{rel}","templated":true}]}}