{"id":11003,"date":"2014-08-22T13:15:00","date_gmt":"2014-08-22T16:15:00","guid":{"rendered":"http:\/\/www.riogrande.rs.gov.br\/smed\/?page_id=11003"},"modified":"2014-12-22T07:23:31","modified_gmt":"2014-12-22T09:23:31","slug":"inscricoes-para-ebahl","status":"publish","type":"page","link":"https:\/\/www.riogrande.rs.gov.br\/smed\/?page_id=11003","title":{"rendered":"EDITAL BELAS ARTES \u2013 N\u00ba 01\/2014"},"content":{"rendered":"<p class=\"western\" align=\"CENTER\"><span style=\"font-size: medium;\"><b>PREFEITURA MUNICIPAL DO RIO GRANDE<\/b><\/span><\/p>\n<p class=\"western\" align=\"CENTER\"><span style=\"font-size: medium;\"><b>SECRETARIA DE MUNIC\u00cdPIO DA EDUCA\u00c7\u00c3O<\/b><\/span><\/p>\n<p class=\"western\" align=\"CENTER\"><b>EDITAL DE CHAMADA P\u00daBLICA PARA PREENCHIMENTO DE VAGAS NA ESCOLA DE BELAS ARTES HEITOR DE LEMOS \u2013 N\u00ba 01\/2014<\/b><\/p>\n<p style=\"text-align: justify;\" align=\"JUSTIFY\">A Prefeitura Municipal do Rio Grande, atrav\u00e9s da Secretaria de Munic\u00edpio da Educa\u00e7\u00e3o, abre vagas para os interessados em cursar aulas de dan\u00e7a na Escola de Belas Artes Heitor de Lemos nas seguintes modalidades:<\/p>\n<table border=\"1\" width=\"582\" cellspacing=\"0\" cellpadding=\"7\">\n<colgroup>\n<col width=\"11\" \/>\n<col width=\"194\" \/>\n<col width=\"147\" \/>\n<col width=\"172\" \/> <\/colgroup>\n<tbody>\n<tr valign=\"TOP\">\n<td width=\"11\"><\/td>\n<td width=\"194\">\n<p class=\"western\" align=\"CENTER\"><b>Modalidades<\/b><\/p>\n<\/td>\n<td width=\"147\">\n<p class=\"western\" align=\"CENTER\"><b>Idade<\/b><\/p>\n<\/td>\n<td width=\"172\">\n<p class=\"western\" align=\"CENTER\"><b>N\u00famero de vagas<\/b><\/p>\n<\/td>\n<\/tr>\n<tr valign=\"TOP\">\n<td width=\"11\">\n<p class=\"western\"><b>1.<\/b><\/p>\n<\/td>\n<td width=\"194\">\n<p class=\"western\"><b>Baby Class \u2013 Manh\u00e3<\/b><\/p>\n<\/td>\n<td width=\"147\">\n<p class=\"western\">4 e 5 anos<\/p>\n<\/td>\n<td width=\"172\">\n<p class=\"western\">5 vagas<\/p>\n<\/td>\n<\/tr>\n<tr valign=\"TOP\">\n<td width=\"11\">\n<p class=\"western\"><b>2.<\/b><\/p>\n<\/td>\n<td width=\"194\">\n<p class=\"western\"><b>Preparat\u00f3rio Ballet \u2013 Manh\u00e3<\/b><\/p>\n<\/td>\n<td width=\"147\">\n<p class=\"western\">6 a 11 anos<\/p>\n<\/td>\n<td width=\"172\">\n<p class=\"western\">5 vagas<\/p>\n<\/td>\n<\/tr>\n<tr valign=\"TOP\">\n<td width=\"11\">\n<p class=\"western\"><b>3.<\/b><\/p>\n<\/td>\n<td width=\"194\">\n<p class=\"western\"><b>Preparat\u00f3rio Jazz \u2013 Manh\u00e3<\/b><\/p>\n<\/td>\n<td width=\"147\">\n<p class=\"western\">8 a 11 anos<\/p>\n<\/td>\n<td width=\"172\">\n<p class=\"western\">5 vagas<\/p>\n<\/td>\n<\/tr>\n<tr valign=\"TOP\">\n<td width=\"11\">\n<p class=\"western\"><b>4.<\/b><\/p>\n<\/td>\n<td width=\"194\">\n<p class=\"western\"><b>Baby Class \u2013 Tarde<\/b><\/p>\n<\/td>\n<td width=\"147\">\n<p class=\"western\">4 e 5 anos<\/p>\n<\/td>\n<td width=\"172\">\n<p class=\"western\">5 vagas<\/p>\n<\/td>\n<\/tr>\n<tr valign=\"TOP\">\n<td width=\"11\">\n<p class=\"western\"><b>5.<\/b><\/p>\n<\/td>\n<td width=\"194\">\n<p class=\"western\"><b>Preparat\u00f3rio Ballet \u2013 Tarde<\/b><\/p>\n<\/td>\n<td width=\"147\">\n<p class=\"western\">11 anos em diante<\/p>\n<\/td>\n<td width=\"172\">\n<p class=\"western\">5 vagas<\/p>\n<\/td>\n<\/tr>\n<tr valign=\"TOP\">\n<td width=\"11\">\n<p class=\"western\"><b>6.<\/b><\/p>\n<\/td>\n<td width=\"194\">\n<p class=\"western\"><b>Preparat\u00f3rio Jazz \u2013 Tarde<\/b><\/p>\n<\/td>\n<td width=\"147\">\n<p class=\"western\">11 anos em diante<\/p>\n<\/td>\n<td width=\"172\">\n<p class=\"western\">5 vagas<\/p>\n<\/td>\n<\/tr>\n<\/tbody>\n<\/table>\n<ol>\n<li>\n<p style=\"text-align: justify;\" align=\"JUSTIFY\"><strong>Das Inscri\u00e7\u00f5es<\/strong><\/p>\n<\/li>\n<\/ol>\n<p style=\"text-align: justify;\" align=\"JUSTIFY\">Os interessados em concorrer a uma das vagas devem fazer sua inscri\u00e7\u00e3o no site da Secretaria de Munic\u00edpio da Educa\u00e7\u00e3o (<a href=\"http:\/\/www.riogrande.rs.gov.br\/smed\" target=\"_blank\"><strong>www.riogrande.rs.gov.br\/smed<\/strong><\/a>), no per\u00edodo de 27 a 31 de Agosto.<\/p>\n<p style=\"text-align: justify;\" align=\"JUSTIFY\">As inscri\u00e7\u00f5es devem obedecer \u00e0 faixa et\u00e1ria indicada em cada modalidade de dan\u00e7a; a idade ser\u00e1 comprovada no momento do sorteio, mediante apresenta\u00e7\u00e3o da Certid\u00e3o de Nascimento ou Carteira de Identidade. Caso o candidato tenha idade incompat\u00edvel com a indicada no edital, esta inscri\u00e7\u00e3o n\u00e3o ter\u00e1 validade e ser\u00e1 feito imediatamente sorteio de um novo candidato para preenchimento da vaga. Cada pessoa poder\u00e1 se inscrever apenas uma vez, n\u00e3o sendo aceitas duas inscri\u00e7\u00f5es do mesmo candidato.<\/p>\n<ol style=\"text-align: justify;\" start=\"2\">\n<li>\n<p align=\"JUSTIFY\"><strong>Da Sele\u00e7\u00e3o dos Candidatos<\/strong><\/p>\n<\/li>\n<\/ol>\n<p style=\"text-align: justify;\" align=\"JUSTIFY\">No dia 02 de Setembro ser\u00e1 realizado um sorteio p\u00fablico presencial para preenchimento das vagas e, logo em seguida, efetivada a matr\u00edcula dos sorteados. O sorteio ser\u00e1 realizado na Escola de Belas Artes Heitor de Lemos, na Rua Jockey Clube, n\u00ba 194.<\/p>\n<dl>\n<dd>\n<table border=\"1\" width=\"443\" cellspacing=\"0\" cellpadding=\"7\">\n<colgroup>\n<col width=\"11\" \/>\n<col width=\"194\" \/>\n<col width=\"194\" \/> <\/colgroup>\n<tbody>\n<tr valign=\"TOP\">\n<td width=\"11\">\n<p class=\"western\"><b>1.<\/b><\/p>\n<\/td>\n<td width=\"194\">\n<p class=\"western\"><b>Baby Class \u2013 Manh\u00e3<\/b><\/p>\n<\/td>\n<td rowspan=\"2\" width=\"194\">\n<p class=\"western\"><b>Hor\u00e1rio do sorteio: \u00e0s 9h<\/b><\/p>\n<\/td>\n<\/tr>\n<tr valign=\"TOP\">\n<td width=\"11\">\n<p class=\"western\"><b>2.<\/b><\/p>\n<\/td>\n<td width=\"194\">\n<p class=\"western\"><b>Baby Class \u2013 Tarde<\/b><\/p>\n<\/td>\n<\/tr>\n<\/tbody>\n<\/table>\n<\/dd>\n<\/dl>\n<dl>\n<dd>\n<table border=\"1\" width=\"443\" cellspacing=\"0\" cellpadding=\"7\">\n<colgroup>\n<col width=\"11\" \/>\n<col width=\"194\" \/>\n<col width=\"194\" \/> <\/colgroup>\n<tbody>\n<tr valign=\"TOP\">\n<td width=\"11\">\n<p class=\"western\"><b>3.<\/b><\/p>\n<\/td>\n<td width=\"194\">\n<p class=\"western\"><b>Preparat\u00f3rio Ballet \u2013 Manh\u00e3<\/b><\/p>\n<\/td>\n<td rowspan=\"2\" width=\"194\">\n<p class=\"western\"><b>Hor\u00e1rio do sorteio: \u00e0s 14h<\/b><\/p>\n<\/td>\n<\/tr>\n<tr valign=\"TOP\">\n<td width=\"11\">\n<p class=\"western\"><b>4.<\/b><\/p>\n<\/td>\n<td width=\"194\">\n<p class=\"western\"><b>Preparat\u00f3rio Ballet \u2013Tarde<\/b><\/p>\n<\/td>\n<\/tr>\n<\/tbody>\n<\/table>\n<\/dd>\n<\/dl>\n<dl>\n<dd>\n<table border=\"1\" width=\"443\" cellspacing=\"0\" cellpadding=\"7\">\n<colgroup>\n<col width=\"11\" \/>\n<col width=\"194\" \/>\n<col width=\"194\" \/> <\/colgroup>\n<tbody>\n<tr valign=\"TOP\">\n<td width=\"11\">\n<p class=\"western\"><b>5.<\/b><\/p>\n<\/td>\n<td width=\"194\">\n<p class=\"western\"><b>Preparat\u00f3rio Jazz \u2013 Manh\u00e3<\/b><\/p>\n<\/td>\n<td rowspan=\"2\" width=\"194\">\n<p class=\"western\"><b>Hor\u00e1rio do sorteio \u00e0s: 17h<\/b><\/p>\n<\/td>\n<\/tr>\n<tr valign=\"TOP\">\n<td width=\"11\">\n<p class=\"western\"><b>6.<\/b><\/p>\n<\/td>\n<td width=\"194\">\n<p class=\"western\"><b>Preparat\u00f3rio Jazz \u2013Tarde<\/b><\/p>\n<\/td>\n<\/tr>\n<\/tbody>\n<\/table>\n<\/dd>\n<\/dl>\n<p style=\"text-align: justify;\" align=\"JUSTIFY\">A escola estar\u00e1 aberta trinta minutos antes do hor\u00e1rio previsto para o sorteio, que iniciar\u00e1 pontualmente na hora prevista. Caso n\u00e3o esteja presente na hora indicada, o candidato n\u00e3o poder\u00e1 participar do sorteio, pois n\u00e3o ser\u00e1 permitida a entrada do respons\u00e1vel na escola ap\u00f3s o hor\u00e1rio previsto neste edital.<\/p>\n<p style=\"text-align: justify;\" align=\"JUSTIFY\">No momento do sorteio \u00e9 obrigat\u00f3ria a presen\u00e7a do respons\u00e1vel com c\u00f3pia dos seguintes documentos: Certid\u00e3o de Nascimento ou da Carteira de Identidade do estudante e uma foto 3 x 4.<\/p>\n<ol start=\"3\">\n<li>\n<p class=\"western\" align=\"JUSTIFY\"><b>In\u00edcio das aulas e desenvolvimento das atividades <\/b><\/p>\n<\/li>\n<\/ol>\n<p style=\"text-align: justify;\" align=\"JUSTIFY\">As aulas ter\u00e3o in\u00edcio na segunda semana de Setembro e ir\u00e3o acontecer duas vezes na semana. No no ato da matr\u00edcula ser\u00e3o divulgados os dias e hor\u00e1rios.<\/p>\n<p style=\"text-align: justify;\" align=\"JUSTIFY\">\u00c9 de responsabilidade de cada estudante selecionado o deslocamento at\u00e9 a escola.<\/p>\n<p style=\"text-align: justify;\" align=\"JUSTIFY\">Maiores informa\u00e7\u00f5es na Escola de Belas Artes Heitor de Lemos, na Rua Jockey Clube, n\u00ba 194, telefone: (53) 9931-8990 \/ e-mail: <strong><a href=\"mailto:belasartesriogrande@gmail.com\" target=\"_blank\">belasartesriogrande@gmail.com<\/a>.<\/strong><\/p>\n<p class=\"western\" style=\"text-align: center;\" align=\"CENTER\"><strong><i>Juliane de Oliveira Alves<\/i><\/strong><\/p>\n<p class=\"western\" align=\"CENTER\"><i>Superintendente Pedag\u00f3gica da SMEd<\/i><\/p>\n<p class=\"western\" align=\"CENTER\"><strong><i>Beatriz Batezat<\/i><\/strong><\/p>\n<p class=\"western\" align=\"CENTER\"><i>Diretora da Escola de Belas Artes Heitor de Lemos<\/i><\/p>\n<p>&nbsp;<\/p>\n<hr \/>\n<p>&nbsp;<\/p>\n<p class=\"western\" style=\"text-align: center;\" align=\"CENTER\"><strong><a href=\"http:\/\/www.riogrande.rs.gov.br\/smed\/wp-content\/uploads\/2014\/08\/20140826-edital_belas_artes2.pdf\" target=\"_blank\">Vers\u00e3o em PDF\u00a0do Edital.<\/a><\/strong><\/p>\n","protected":false},"excerpt":{"rendered":"<p>PREFEITURA MUNICIPAL DO RIO GRANDE SECRETARIA DE MUNIC\u00cdPIO DA EDUCA\u00c7\u00c3O EDITAL DE CHAMADA P\u00daBLICA PARA PREENCHIMENTO DE VAGAS NA ESCOLA DE BELAS ARTES HEITOR DE LEMOS \u2013 N\u00ba 01\/2014 A Prefeitura Municipal do Rio Grande, atrav\u00e9s da Secretaria de Munic\u00edpio da Educa\u00e7\u00e3o, abre vagas para os interessados em cursar aulas de dan\u00e7a na Escola de [&hellip;]<\/p>\n","protected":false},"author":7,"featured_media":0,"parent":12164,"menu_order":5,"comment_status":"closed","ping_status":"open","template":"","meta":{"footnotes":""},"class_list":["post-11003","page","type-page","status-publish","hentry"],"_links":{"self":[{"href":"https:\/\/www.riogrande.rs.gov.br\/smed\/index.php?rest_route=\/wp\/v2\/pages\/11003"}],"collection":[{"href":"https:\/\/www.riogrande.rs.gov.br\/smed\/index.php?rest_route=\/wp\/v2\/pages"}],"about":[{"href":"https:\/\/www.riogrande.rs.gov.br\/smed\/index.php?rest_route=\/wp\/v2\/types\/page"}],"author":[{"embeddable":true,"href":"https:\/\/www.riogrande.rs.gov.br\/smed\/index.php?rest_route=\/wp\/v2\/users\/7"}],"replies":[{"embeddable":true,"href":"https:\/\/www.riogrande.rs.gov.br\/smed\/index.php?rest_route=%2Fwp%2Fv2%2Fcomments&post=11003"}],"version-history":[{"count":15,"href":"https:\/\/www.riogrande.rs.gov.br\/smed\/index.php?rest_route=\/wp\/v2\/pages\/11003\/revisions"}],"predecessor-version":[{"id":11204,"href":"https:\/\/www.riogrande.rs.gov.br\/smed\/index.php?rest_route=\/wp\/v2\/pages\/11003\/revisions\/11204"}],"up":[{"embeddable":true,"href":"https:\/\/www.riogrande.rs.gov.br\/smed\/index.php?rest_route=\/wp\/v2\/pages\/12164"}],"wp:attachment":[{"href":"https:\/\/www.riogrande.rs.gov.br\/smed\/index.php?rest_route=%2Fwp%2Fv2%2Fmedia&parent=11003"}],"curies":[{"name":"wp","href":"https:\/\/api.w.org\/{rel}","templated":true}]}}