{"id":135974,"date":"2020-04-06T21:00:47","date_gmt":"2020-04-07T00:00:47","guid":{"rendered":"http:\/\/www.riogrande.rs.gov.br\/corona\/?page_id=135974"},"modified":"2021-03-29T23:07:16","modified_gmt":"2021-03-30T02:07:16","slug":"assessoria_empreendedor","status":"publish","type":"page","link":"https:\/\/www.riogrande.rs.gov.br\/corona\/assessoria_empreendedor\/","title":{"rendered":"Assessoria_Empreendedor"},"content":{"rendered":"\t\t<div data-elementor-type=\"wp-page\" data-elementor-id=\"135974\" class=\"elementor elementor-135974\" data-elementor-settings=\"[]\">\n\t\t\t<div class=\"elementor-inner\">\n\t\t\t\t<div class=\"elementor-section-wrap\">\n\t\t\t\t\t\t\t<section class=\"elementor-element elementor-element-063a566 elementor-section-boxed elementor-section-height-default elementor-section-height-default elementor-section elementor-top-section\" data-id=\"063a566\" data-element_type=\"section\">\n\t\t\t\t\t\t<div class=\"elementor-container elementor-column-gap-default\">\n\t\t\t\t<div class=\"elementor-row\">\n\t\t\t\t<div class=\"elementor-element elementor-element-fbf6994 elementor-column elementor-col-100 elementor-top-column\" data-id=\"fbf6994\" data-element_type=\"column\">\n\t\t\t<div class=\"elementor-column-wrap  elementor-element-populated\">\n\t\t\t\t\t<div class=\"elementor-widget-wrap\">\n\t\t\t\t<div class=\"elementor-element elementor-element-a751b1f elementor-widget elementor-widget-heading\" data-id=\"a751b1f\" data-element_type=\"widget\" data-widget_type=\"heading.default\">\n\t\t\t\t<div class=\"elementor-widget-container\">\n\t\t\t<h2 class=\"elementor-heading-title elementor-size-xl\">Assist\u00eancia ao Empreendedor<\/h2>\t\t<\/div>\n\t\t\t\t<\/div>\n\t\t\t\t\t\t<\/div>\n\t\t\t<\/div>\n\t\t<\/div>\n\t\t\t\t\t\t<\/div>\n\t\t\t<\/div>\n\t\t<\/section>\n\t\t\t\t<section class=\"elementor-element elementor-element-bc0c578 elementor-section-boxed elementor-section-height-default elementor-section-height-default elementor-section elementor-top-section\" data-id=\"bc0c578\" data-element_type=\"section\">\n\t\t\t\t\t\t<div class=\"elementor-container elementor-column-gap-default\">\n\t\t\t\t<div class=\"elementor-row\">\n\t\t\t\t<div class=\"elementor-element elementor-element-e189f26 elementor-column elementor-col-100 elementor-top-column\" data-id=\"e189f26\" data-element_type=\"column\">\n\t\t\t<div class=\"elementor-column-wrap  elementor-element-populated\">\n\t\t\t\t\t<div class=\"elementor-widget-wrap\">\n\t\t\t\t<div class=\"elementor-element elementor-element-4f0a219 elementor-widget elementor-widget-text-editor\" data-id=\"4f0a219\" data-element_type=\"widget\" data-widget_type=\"text-editor.default\">\n\t\t\t\t<div class=\"elementor-widget-container\">\n\t\t\t\t\t<div class=\"elementor-text-editor elementor-clearfix\"><h6>Apoio virtual gratuito a empreendedores<\/h6><\/div>\n\t\t\t\t<\/div>\n\t\t\t\t<\/div>\n\t\t\t\t\t\t<\/div>\n\t\t\t<\/div>\n\t\t<\/div>\n\t\t\t\t\t\t<\/div>\n\t\t\t<\/div>\n\t\t<\/section>\n\t\t\t\t<section class=\"elementor-element elementor-element-9b3ff5b elementor-section-boxed elementor-section-height-default elementor-section-height-default elementor-section elementor-top-section\" data-id=\"9b3ff5b\" data-element_type=\"section\">\n\t\t\t\t\t\t<div class=\"elementor-container elementor-column-gap-default\">\n\t\t\t\t<div class=\"elementor-row\">\n\t\t\t\t<div class=\"elementor-element elementor-element-28013bc elementor-column elementor-col-100 elementor-top-column\" data-id=\"28013bc\" data-element_type=\"column\">\n\t\t\t<div class=\"elementor-column-wrap  elementor-element-populated\">\n\t\t\t\t\t<div class=\"elementor-widget-wrap\">\n\t\t\t\t<div class=\"elementor-element elementor-element-c9bf33c elementor-widget elementor-widget-text-editor\" data-id=\"c9bf33c\" data-element_type=\"widget\" data-widget_type=\"text-editor.default\">\n\t\t\t\t<div class=\"elementor-widget-container\">\n\t\t\t\t\t<div class=\"elementor-text-editor elementor-clearfix\"><p><a href=\"#batepapo\">Bate-papo sobre seu neg\u00f3cio<\/a><\/p><\/div>\n\t\t\t\t<\/div>\n\t\t\t\t<\/div>\n\t\t\t\t<div class=\"elementor-element elementor-element-04f5981 elementor-widget elementor-widget-text-editor\" data-id=\"04f5981\" data-element_type=\"widget\" data-widget_type=\"text-editor.default\">\n\t\t\t\t<div class=\"elementor-widget-container\">\n\t\t\t\t\t<div class=\"elementor-text-editor elementor-clearfix\"><p><img loading=\"lazy\" class=\"alignnone wp-image-136063 size-full\" src=\"https:\/\/www.riogrande.rs.gov.br\/corona\/wp-content\/uploads\/2020\/04\/WhatsApp-Image-2020-04-06-at-21.33.03.jpeg\" alt=\"\" width=\"1280\" height=\"708\" srcset=\"https:\/\/www.riogrande.rs.gov.br\/corona\/wp-content\/uploads\/2020\/04\/WhatsApp-Image-2020-04-06-at-21.33.03.jpeg 1280w, https:\/\/www.riogrande.rs.gov.br\/corona\/wp-content\/uploads\/2020\/04\/WhatsApp-Image-2020-04-06-at-21.33.03-300x166.jpeg 300w, https:\/\/www.riogrande.rs.gov.br\/corona\/wp-content\/uploads\/2020\/04\/WhatsApp-Image-2020-04-06-at-21.33.03-1024x566.jpeg 1024w, https:\/\/www.riogrande.rs.gov.br\/corona\/wp-content\/uploads\/2020\/04\/WhatsApp-Image-2020-04-06-at-21.33.03-768x425.jpeg 768w\" sizes=\"(max-width: 1280px) 100vw, 1280px\" \/><\/p><\/div>\n\t\t\t\t<\/div>\n\t\t\t\t<\/div>\n\t\t\t\t\t\t<\/div>\n\t\t\t<\/div>\n\t\t<\/div>\n\t\t\t\t\t\t<\/div>\n\t\t\t<\/div>\n\t\t<\/section>\n\t\t\t\t<section class=\"elementor-element elementor-element-d264256 elementor-section-boxed elementor-section-height-default elementor-section-height-default elementor-section elementor-top-section\" data-id=\"d264256\" data-element_type=\"section\">\n\t\t\t\t\t\t<div class=\"elementor-container elementor-column-gap-default\">\n\t\t\t\t<div class=\"elementor-row\">\n\t\t\t\t<div class=\"elementor-element elementor-element-dffa765 elementor-column elementor-col-100 elementor-top-column\" data-id=\"dffa765\" data-element_type=\"column\">\n\t\t\t<div class=\"elementor-column-wrap  elementor-element-populated\">\n\t\t\t\t\t<div class=\"elementor-widget-wrap\">\n\t\t\t\t<div class=\"elementor-element elementor-element-08c531d elementor-widget elementor-widget-menu-anchor\" data-id=\"08c531d\" data-element_type=\"widget\" data-widget_type=\"menu-anchor.default\">\n\t\t\t\t<div class=\"elementor-widget-container\">\n\t\t\t\t\t<div id=\"batepapo\" class=\"elementor-menu-anchor\"><\/div>\n\t\t\t\t<\/div>\n\t\t\t\t<\/div>\n\t\t\t\t<div class=\"elementor-element elementor-element-de832af elementor-widget elementor-widget-heading\" data-id=\"de832af\" data-element_type=\"widget\" data-widget_type=\"heading.default\">\n\t\t\t\t<div class=\"elementor-widget-container\">\n\t\t\t<h2 class=\"elementor-heading-title elementor-size-default\">Bate-papo sobre seu neg\u00f3cio<\/h2>\t\t<\/div>\n\t\t\t\t<\/div>\n\t\t\t\t\t\t<\/div>\n\t\t\t<\/div>\n\t\t<\/div>\n\t\t\t\t\t\t<\/div>\n\t\t\t<\/div>\n\t\t<\/section>\n\t\t\t\t<section class=\"elementor-element elementor-element-c1af9e2 elementor-section-boxed elementor-section-height-default elementor-section-height-default elementor-section elementor-top-section\" data-id=\"c1af9e2\" data-element_type=\"section\">\n\t\t\t\t\t\t<div class=\"elementor-container elementor-column-gap-default\">\n\t\t\t\t<div class=\"elementor-row\">\n\t\t\t\t<div class=\"elementor-element elementor-element-def2e1c elementor-column elementor-col-100 elementor-top-column\" data-id=\"def2e1c\" data-element_type=\"column\">\n\t\t\t<div class=\"elementor-column-wrap  elementor-element-populated\">\n\t\t\t\t\t<div class=\"elementor-widget-wrap\">\n\t\t\t\t<div class=\"elementor-element elementor-element-49c3cb0 elementor-widget elementor-widget-text-editor\" data-id=\"49c3cb0\" data-element_type=\"widget\" data-widget_type=\"text-editor.default\">\n\t\t\t\t<div class=\"elementor-widget-container\">\n\t\t\t\t\t<div class=\"elementor-text-editor elementor-clearfix\"><h6>Possui<strong> um pequeno neg\u00f3cio ou servi\u00e7o e n\u00e3o sabe como agir nesse momento de crise devido ao Coronav\u00edrus?<\/strong><\/h6><p>Somos uma equipe de <strong>especialistas<\/strong> da <strong>Furg<\/strong> e de diferentes setores <strong>empresariais<\/strong>, e juntos iremos auxiliar pequenos neg\u00f3cios (MEIs, MPEs, trabalhadores aut\u00f4nomos e informais) a superar os desafios do atual cen\u00e1rio.<\/p><p>Para isto, responda ao <a href=\"https:\/\/docs.google.com\/forms\/d\/e\/1FAIpQLSeLVgMnup79gb4OEgUvwmZCEjqVtPOyZReNqTEeAqTLztYr-w\/viewform\" target=\"_blank\" rel=\"noopener\"><strong>Formul\u00e1rio do Empreendedor<\/strong><\/a> para entendermos como auxiliar voc\u00ea atrav\u00e9s de uma <strong>assist\u00eancia virtual totalmente gratuita<\/strong>!\u00a0<\/p><p>O bate-papo ser\u00e1 feito por meio de redes sociais e\/ou videoconfer\u00eancia posteriormente agendadas. Para isto, informe seus dados e receba em breve as informa\u00e7\u00f5es sobre as atividades.<\/p><\/div>\n\t\t\t\t<\/div>\n\t\t\t\t<\/div>\n\t\t\t\t\t\t<\/div>\n\t\t\t<\/div>\n\t\t<\/div>\n\t\t\t\t\t\t<\/div>\n\t\t\t<\/div>\n\t\t<\/section>\n\t\t\t\t<section class=\"elementor-element elementor-element-ff07a07 elementor-section-boxed elementor-section-height-default elementor-section-height-default elementor-section elementor-top-section\" data-id=\"ff07a07\" data-element_type=\"section\">\n\t\t\t\t\t\t<div class=\"elementor-container elementor-column-gap-default\">\n\t\t\t\t<div class=\"elementor-row\">\n\t\t\t\t<div class=\"elementor-element elementor-element-3734549 elementor-column elementor-col-100 elementor-top-column\" data-id=\"3734549\" data-element_type=\"column\">\n\t\t\t<div class=\"elementor-column-wrap  elementor-element-populated\">\n\t\t\t\t\t<div class=\"elementor-widget-wrap\">\n\t\t\t\t\t\t<\/div>\n\t\t\t<\/div>\n\t\t<\/div>\n\t\t\t\t\t\t<\/div>\n\t\t\t<\/div>\n\t\t<\/section>\n\t\t\t\t<section class=\"elementor-element elementor-element-719f8df elementor-section-boxed elementor-section-height-default elementor-section-height-default elementor-section elementor-top-section\" data-id=\"719f8df\" data-element_type=\"section\">\n\t\t\t\t\t\t<div class=\"elementor-container elementor-column-gap-default\">\n\t\t\t\t<div class=\"elementor-row\">\n\t\t\t\t<div class=\"elementor-element elementor-element-7a4836a elementor-column elementor-col-100 elementor-top-column\" data-id=\"7a4836a\" data-element_type=\"column\">\n\t\t\t<div class=\"elementor-column-wrap  elementor-element-populated\">\n\t\t\t\t\t<div class=\"elementor-widget-wrap\">\n\t\t\t\t<div class=\"elementor-element elementor-element-8a1bff6 elementor-button-info elementor-align-center elementor-widget__width-inherit elementor-widget elementor-widget-button\" data-id=\"8a1bff6\" data-element_type=\"widget\" data-widget_type=\"button.default\">\n\t\t\t\t<div class=\"elementor-widget-container\">\n\t\t\t\t\t<div class=\"elementor-button-wrapper\">\n\t\t\t<a href=\"https:\/\/docs.google.com\/forms\/d\/e\/1FAIpQLSeLVgMnup79gb4OEgUvwmZCEjqVtPOyZReNqTEeAqTLztYr-w\/viewform\" target=\"_blank\" class=\"elementor-button-link elementor-button elementor-size-md\" role=\"button\" id=\"FormEmp\">\n\t\t\t\t\t\t<span class=\"elementor-button-content-wrapper\">\n\t\t\t\t\t\t<span class=\"elementor-button-text\">Formul\u00e1rio do Empreendedor<\/span>\n\t\t<\/span>\n\t\t\t\t\t<\/a>\n\t\t<\/div>\n\t\t\t\t<\/div>\n\t\t\t\t<\/div>\n\t\t\t\t\t\t<\/div>\n\t\t\t<\/div>\n\t\t<\/div>\n\t\t\t\t\t\t<\/div>\n\t\t\t<\/div>\n\t\t<\/section>\n\t\t\t\t<section class=\"elementor-element elementor-element-073c994 elementor-section-boxed elementor-section-height-default elementor-section-height-default elementor-section elementor-top-section\" data-id=\"073c994\" data-element_type=\"section\">\n\t\t\t\t\t\t<div class=\"elementor-container elementor-column-gap-default\">\n\t\t\t\t<div class=\"elementor-row\">\n\t\t\t\t<div class=\"elementor-element elementor-element-251358f elementor-column elementor-col-100 elementor-top-column\" data-id=\"251358f\" data-element_type=\"column\">\n\t\t\t<div class=\"elementor-column-wrap  elementor-element-populated\">\n\t\t\t\t\t<div class=\"elementor-widget-wrap\">\n\t\t\t\t<div class=\"elementor-element elementor-element-722fcd9 elementor-align-center elementor-widget elementor-widget-global elementor-global-135220 elementor-widget-button\" data-id=\"722fcd9\" data-element_type=\"widget\" data-widget_type=\"button.default\">\n\t\t\t\t<div class=\"elementor-widget-container\">\n\t\t\t\t\t<div class=\"elementor-button-wrapper\">\n\t\t\t<a href=\"https:\/\/www.riogrande.rs.gov.br\/corona\/\" class=\"elementor-button-link elementor-button elementor-size-xs\" role=\"button\">\n\t\t\t\t\t\t<span class=\"elementor-button-content-wrapper\">\n\t\t\t\t\t\t<span class=\"elementor-button-text\">Retornar para o Portal Coronav\u00edrus<\/span>\n\t\t<\/span>\n\t\t\t\t\t<\/a>\n\t\t<\/div>\n\t\t\t\t<\/div>\n\t\t\t\t<\/div>\n\t\t\t\t\t\t<\/div>\n\t\t\t<\/div>\n\t\t<\/div>\n\t\t\t\t\t\t<\/div>\n\t\t\t<\/div>\n\t\t<\/section>\n\t\t\t\t\t\t<\/div>\n\t\t\t<\/div>\n\t\t<\/div>\n\t\t","protected":false},"excerpt":{"rendered":"<p>Assist\u00eancia ao Empreendedor Apoio virtual gratuito a empreendedores Bate-papo sobre seu neg\u00f3cio Bate-papo sobre seu neg\u00f3cio Possui um pequeno neg\u00f3cio ou servi\u00e7o e n\u00e3o sabe como agir nesse momento de crise devido ao Coronav\u00edrus? Somos uma equipe de especialistas da Furg e de diferentes setores empresariais, e juntos iremos auxiliar pequenos neg\u00f3cios (MEIs, MPEs, trabalhadores [&hellip;]<\/p>\n","protected":false},"author":2,"featured_media":0,"parent":0,"menu_order":0,"comment_status":"closed","ping_status":"closed","template":"","meta":[],"categories":[],"_links":{"self":[{"href":"https:\/\/www.riogrande.rs.gov.br\/corona\/wp-json\/wp\/v2\/pages\/135974"}],"collection":[{"href":"https:\/\/www.riogrande.rs.gov.br\/corona\/wp-json\/wp\/v2\/pages"}],"about":[{"href":"https:\/\/www.riogrande.rs.gov.br\/corona\/wp-json\/wp\/v2\/types\/page"}],"author":[{"embeddable":true,"href":"https:\/\/www.riogrande.rs.gov.br\/corona\/wp-json\/wp\/v2\/users\/2"}],"replies":[{"embeddable":true,"href":"https:\/\/www.riogrande.rs.gov.br\/corona\/wp-json\/wp\/v2\/comments?post=135974"}],"version-history":[{"count":2,"href":"https:\/\/www.riogrande.rs.gov.br\/corona\/wp-json\/wp\/v2\/pages\/135974\/revisions"}],"predecessor-version":[{"id":387961,"href":"https:\/\/www.riogrande.rs.gov.br\/corona\/wp-json\/wp\/v2\/pages\/135974\/revisions\/387961"}],"wp:attachment":[{"href":"https:\/\/www.riogrande.rs.gov.br\/corona\/wp-json\/wp\/v2\/media?parent=135974"}],"wp:term":[{"taxonomy":"category","embeddable":true,"href":"https:\/\/www.riogrande.rs.gov.br\/corona\/wp-json\/wp\/v2\/categories?post=135974"}],"curies":[{"name":"wp","href":"https:\/\/api.w.org\/{rel}","templated":true}]}}